{"id":7786,"date":"2026-07-20T15:36:22","date_gmt":"2026-07-20T18:36:22","guid":{"rendered":"https:\/\/solardorosario.com.br\/galeria\/?post_type=product&#038;p=7786"},"modified":"2026-07-20T15:36:22","modified_gmt":"2026-07-20T18:36:22","slug":"livro-pedro-e-o-mundo-dos-bichos","status":"publish","type":"product","link":"https:\/\/solardorosario.com.br\/galeria\/produto\/livro-pedro-e-o-mundo-dos-bichos\/","title":{"rendered":"Livro - Pedro e o mundo dos bichos"},"content":{"rendered":"<p><strong>T\u00edtulo:<\/strong> Pedro e o mundo dos bichos<\/p>\n<p>&nbsp;<\/p>\n<p>\"Pedro gostava de bichos: dos pequenos, dos grandes, dos que latem, dos que miam, dos que rugen e tamb\u00e9m dos que nadam<\/p>\n<p>Gostar de bichos n\u00e3o \u00e9 coincid\u00eancia.<\/p>\n<p>Quem gosta de bicho, gosta do mundo inteiro.\"<\/p>\n<p>&nbsp;<\/p>\n<p><strong>Regina de Barros Correia Casillo - Diretora fundadora do Solar do Ros\u00e1rio e membro da Academia Parananese de Letras.<\/strong><\/p>\n<p>&nbsp;<\/p>\n<p>Livro acompanha caneca<\/p>\n","protected":false},"excerpt":{"rendered":"<p>T\u00edtulo: Pedro e o mundo dos bichos &nbsp; \"Pedro gostava de bichos: dos pequenos, dos grandes, dos que latem, dos que miam, dos que rugen e tamb\u00e9m dos que nadam Gostar de bichos n\u00e3o \u00e9 coincid\u00eancia. Quem gosta de bicho, gosta do mundo inteiro.\" &nbsp; Regina de Barros Correia Casillo - Diretora fundadora do Solar [&hellip;]<\/p>\n","protected":false},"featured_media":7787,"template":"","meta":[],"product_brand":[],"product_cat":[117],"product_tag":[],"class_list":{"0":"post-7786","1":"product","2":"type-product","3":"status-publish","4":"has-post-thumbnail","6":"product_cat-galeria","7":"pa_tecnica-livros-de-arte-e-artistas","9":"first","10":"instock","11":"shipping-taxable","12":"purchasable","13":"product-type-simple"},"yoast_head":"<!-- This site is optimized with the Yoast SEO plugin v28.3 - https:\/\/yoast.com\/product\/yoast-seo-wordpress\/ -->\n<title>Livro - Pedro e o mundo dos bichos - Solar do Ros\u00e1rio Galeria \\\\\\\\Nova<\/title>\n<meta name=\"robots\" content=\"index, follow, max-snippet:-1, max-image-preview:large, max-video-preview:-1\" \/>\n<link rel=\"canonical\" href=\"https:\/\/solardorosario.com.br\/galeria\/produto\/livro-pedro-e-o-mundo-dos-bichos\/\" \/>\n<meta property=\"og:locale\" content=\"pt_BR\" \/>\n<meta property=\"og:type\" content=\"article\" \/>\n<meta property=\"og:title\" content=\"Livro - Pedro e o mundo dos bichos - Solar do Ros\u00e1rio Galeria \\\\\\\\Nova\" \/>\n<meta property=\"og:description\" content=\"T\u00edtulo: Pedro e o mundo dos bichos &nbsp; &quot;Pedro gostava de bichos: dos pequenos, dos grandes, dos que latem, dos que miam, dos que rugen e tamb\u00e9m dos que nadam Gostar de bichos n\u00e3o \u00e9 coincid\u00eancia. Quem gosta de bicho, gosta do mundo inteiro.&quot; &nbsp; Regina de Barros Correia Casillo - Diretora fundadora do Solar [&hellip;]\" \/>\n<meta property=\"og:url\" content=\"https:\/\/solardorosario.com.br\/galeria\/produto\/livro-pedro-e-o-mundo-dos-bichos\/\" \/>\n<meta property=\"og:site_name\" content=\"Solar do Ros\u00e1rio Galeria \\\\\\\\Nova\" \/>\n<meta property=\"og:image\" content=\"https:\/\/solardorosario.com.br\/galeria\/wp-content\/uploads\/2026\/07\/capa.jpeg\" \/>\n\t<meta property=\"og:image:width\" content=\"467\" \/>\n\t<meta property=\"og:image:height\" content=\"478\" \/>\n\t<meta property=\"og:image:type\" content=\"image\/jpeg\" \/>\n<meta name=\"twitter:card\" content=\"summary_large_image\" \/>\n<meta name=\"twitter:label1\" content=\"Est. tempo de leitura\" \/>\n\t<meta name=\"twitter:data1\" content=\"1 minuto\" \/>\n<script type=\"application\/ld+json\" class=\"yoast-schema-graph\">{\"@context\":\"https:\\\/\\\/schema.org\",\"@graph\":[{\"@type\":\"WebPage\",\"@id\":\"https:\\\/\\\/solardorosario.com.br\\\/galeria\\\/produto\\\/livro-pedro-e-o-mundo-dos-bichos\\\/\",\"url\":\"https:\\\/\\\/solardorosario.com.br\\\/galeria\\\/produto\\\/livro-pedro-e-o-mundo-dos-bichos\\\/\",\"name\":\"Livro - Pedro e o mundo dos bichos - Solar do Ros\u00e1rio Galeria \\\\\\\\\\\\\\\\Nova\",\"isPartOf\":{\"@id\":\"https:\\\/\\\/solardorosario.com.br\\\/galeria\\\/#website\"},\"primaryImageOfPage\":{\"@id\":\"https:\\\/\\\/solardorosario.com.br\\\/galeria\\\/produto\\\/livro-pedro-e-o-mundo-dos-bichos\\\/#primaryimage\"},\"image\":{\"@id\":\"https:\\\/\\\/solardorosario.com.br\\\/galeria\\\/produto\\\/livro-pedro-e-o-mundo-dos-bichos\\\/#primaryimage\"},\"thumbnailUrl\":\"https:\\\/\\\/solardorosario.com.br\\\/galeria\\\/wp-content\\\/uploads\\\/2026\\\/07\\\/capa.jpeg\",\"datePublished\":\"2026-07-20T18:36:22+00:00\",\"breadcrumb\":{\"@id\":\"https:\\\/\\\/solardorosario.com.br\\\/galeria\\\/produto\\\/livro-pedro-e-o-mundo-dos-bichos\\\/#breadcrumb\"},\"inLanguage\":\"pt-BR\",\"potentialAction\":[{\"@type\":\"ReadAction\",\"target\":[\"https:\\\/\\\/solardorosario.com.br\\\/galeria\\\/produto\\\/livro-pedro-e-o-mundo-dos-bichos\\\/\"]}]},{\"@type\":\"ImageObject\",\"inLanguage\":\"pt-BR\",\"@id\":\"https:\\\/\\\/solardorosario.com.br\\\/galeria\\\/produto\\\/livro-pedro-e-o-mundo-dos-bichos\\\/#primaryimage\",\"url\":\"https:\\\/\\\/solardorosario.com.br\\\/galeria\\\/wp-content\\\/uploads\\\/2026\\\/07\\\/capa.jpeg\",\"contentUrl\":\"https:\\\/\\\/solardorosario.com.br\\\/galeria\\\/wp-content\\\/uploads\\\/2026\\\/07\\\/capa.jpeg\",\"width\":467,\"height\":478},{\"@type\":\"BreadcrumbList\",\"@id\":\"https:\\\/\\\/solardorosario.com.br\\\/galeria\\\/produto\\\/livro-pedro-e-o-mundo-dos-bichos\\\/#breadcrumb\",\"itemListElement\":[{\"@type\":\"ListItem\",\"position\":1,\"name\":\"In\u00edcio\",\"item\":\"https:\\\/\\\/solardorosario.com.br\\\/galeria\\\/\"},{\"@type\":\"ListItem\",\"position\":2,\"name\":\"galeria\",\"item\":\"https:\\\/\\\/solardorosario.com.br\\\/galeria\\\/galeria\\\/\"},{\"@type\":\"ListItem\",\"position\":3,\"name\":\"Livro - Pedro e o mundo dos bichos\"}]},{\"@type\":\"WebSite\",\"@id\":\"https:\\\/\\\/solardorosario.com.br\\\/galeria\\\/#website\",\"url\":\"https:\\\/\\\/solardorosario.com.br\\\/galeria\\\/\",\"name\":\"Solar do Ros\u00e1rio Galeria \\\\\\\\\\\\\\\\Nova\",\"description\":\"\",\"potentialAction\":[{\"@type\":\"SearchAction\",\"target\":{\"@type\":\"EntryPoint\",\"urlTemplate\":\"https:\\\/\\\/solardorosario.com.br\\\/galeria\\\/?s={search_term_string}\"},\"query-input\":{\"@type\":\"PropertyValueSpecification\",\"valueRequired\":true,\"valueName\":\"search_term_string\"}}],\"inLanguage\":\"pt-BR\"}]}<\/script>\n<!-- \/ Yoast SEO plugin. -->","yoast_head_json":{"title":"Livro - Pedro e o mundo dos bichos - Solar do Ros\u00e1rio Galeria \\\\\\\\Nova","robots":{"index":"index","follow":"follow","max-snippet":"max-snippet:-1","max-image-preview":"max-image-preview:large","max-video-preview":"max-video-preview:-1"},"canonical":"https:\/\/solardorosario.com.br\/galeria\/produto\/livro-pedro-e-o-mundo-dos-bichos\/","og_locale":"pt_BR","og_type":"article","og_title":"Livro - Pedro e o mundo dos bichos - Solar do Ros\u00e1rio Galeria \\\\\\\\Nova","og_description":"T\u00edtulo: Pedro e o mundo dos bichos &nbsp; \"Pedro gostava de bichos: dos pequenos, dos grandes, dos que latem, dos que miam, dos que rugen e tamb\u00e9m dos que nadam Gostar de bichos n\u00e3o \u00e9 coincid\u00eancia. Quem gosta de bicho, gosta do mundo inteiro.\" &nbsp; Regina de Barros Correia Casillo - Diretora fundadora do Solar [&hellip;]","og_url":"https:\/\/solardorosario.com.br\/galeria\/produto\/livro-pedro-e-o-mundo-dos-bichos\/","og_site_name":"Solar do Ros\u00e1rio Galeria \\\\\\\\Nova","og_image":[{"width":467,"height":478,"url":"https:\/\/solardorosario.com.br\/galeria\/wp-content\/uploads\/2026\/07\/capa.jpeg","type":"image\/jpeg"}],"twitter_card":"summary_large_image","twitter_misc":{"Est. tempo de leitura":"1 minuto"},"schema":{"@context":"https:\/\/schema.org","@graph":[{"@type":"WebPage","@id":"https:\/\/solardorosario.com.br\/galeria\/produto\/livro-pedro-e-o-mundo-dos-bichos\/","url":"https:\/\/solardorosario.com.br\/galeria\/produto\/livro-pedro-e-o-mundo-dos-bichos\/","name":"Livro - Pedro e o mundo dos bichos - Solar do Ros\u00e1rio Galeria \\\\\\\\Nova","isPartOf":{"@id":"https:\/\/solardorosario.com.br\/galeria\/#website"},"primaryImageOfPage":{"@id":"https:\/\/solardorosario.com.br\/galeria\/produto\/livro-pedro-e-o-mundo-dos-bichos\/#primaryimage"},"image":{"@id":"https:\/\/solardorosario.com.br\/galeria\/produto\/livro-pedro-e-o-mundo-dos-bichos\/#primaryimage"},"thumbnailUrl":"https:\/\/solardorosario.com.br\/galeria\/wp-content\/uploads\/2026\/07\/capa.jpeg","datePublished":"2026-07-20T18:36:22+00:00","breadcrumb":{"@id":"https:\/\/solardorosario.com.br\/galeria\/produto\/livro-pedro-e-o-mundo-dos-bichos\/#breadcrumb"},"inLanguage":"pt-BR","potentialAction":[{"@type":"ReadAction","target":["https:\/\/solardorosario.com.br\/galeria\/produto\/livro-pedro-e-o-mundo-dos-bichos\/"]}]},{"@type":"ImageObject","inLanguage":"pt-BR","@id":"https:\/\/solardorosario.com.br\/galeria\/produto\/livro-pedro-e-o-mundo-dos-bichos\/#primaryimage","url":"https:\/\/solardorosario.com.br\/galeria\/wp-content\/uploads\/2026\/07\/capa.jpeg","contentUrl":"https:\/\/solardorosario.com.br\/galeria\/wp-content\/uploads\/2026\/07\/capa.jpeg","width":467,"height":478},{"@type":"BreadcrumbList","@id":"https:\/\/solardorosario.com.br\/galeria\/produto\/livro-pedro-e-o-mundo-dos-bichos\/#breadcrumb","itemListElement":[{"@type":"ListItem","position":1,"name":"In\u00edcio","item":"https:\/\/solardorosario.com.br\/galeria\/"},{"@type":"ListItem","position":2,"name":"galeria","item":"https:\/\/solardorosario.com.br\/galeria\/galeria\/"},{"@type":"ListItem","position":3,"name":"Livro - Pedro e o mundo dos bichos"}]},{"@type":"WebSite","@id":"https:\/\/solardorosario.com.br\/galeria\/#website","url":"https:\/\/solardorosario.com.br\/galeria\/","name":"Solar do Ros\u00e1rio Galeria \\\\\\\\Nova","description":"","potentialAction":[{"@type":"SearchAction","target":{"@type":"EntryPoint","urlTemplate":"https:\/\/solardorosario.com.br\/galeria\/?s={search_term_string}"},"query-input":{"@type":"PropertyValueSpecification","valueRequired":true,"valueName":"search_term_string"}}],"inLanguage":"pt-BR"}]}},"_links":{"self":[{"href":"https:\/\/solardorosario.com.br\/galeria\/wp-json\/wp\/v2\/product\/7786","targetHints":{"allow":["GET"]}}],"collection":[{"href":"https:\/\/solardorosario.com.br\/galeria\/wp-json\/wp\/v2\/product"}],"about":[{"href":"https:\/\/solardorosario.com.br\/galeria\/wp-json\/wp\/v2\/types\/product"}],"wp:featuredmedia":[{"embeddable":true,"href":"https:\/\/solardorosario.com.br\/galeria\/wp-json\/wp\/v2\/media\/7787"}],"wp:attachment":[{"href":"https:\/\/solardorosario.com.br\/galeria\/wp-json\/wp\/v2\/media?parent=7786"}],"wp:term":[{"taxonomy":"product_brand","embeddable":true,"href":"https:\/\/solardorosario.com.br\/galeria\/wp-json\/wp\/v2\/product_brand?post=7786"},{"taxonomy":"product_cat","embeddable":true,"href":"https:\/\/solardorosario.com.br\/galeria\/wp-json\/wp\/v2\/product_cat?post=7786"},{"taxonomy":"product_tag","embeddable":true,"href":"https:\/\/solardorosario.com.br\/galeria\/wp-json\/wp\/v2\/product_tag?post=7786"}],"curies":[{"name":"wp","href":"https:\/\/api.w.org\/{rel}","templated":true}]}}

<p><strong>Título:</strong> Pedro e o mundo dos bichos</p>
<p>&nbsp;</p>
<p>"Pedro gostava de bichos: dos pequenos, dos grandes, dos que latem, dos que miam, dos que rugen e também dos que nadam</p>
<p>Gostar de bichos não é coincidência.</p>
<p>Quem gosta de bicho, gosta do mundo inteiro."</p>
<p>&nbsp;</p>
<p><strong>Regina de Barros Correia Casillo - Diretora fundadora do Solar do Rosário e membro da Academia Parananese de Letras.</strong></p>
<p>&nbsp;</p>
<p>Livro acompanha caneca</p>

<p>Título: Pedro e o mundo dos bichos &nbsp; "Pedro gostava de bichos: dos pequenos, dos grandes, dos que latem, dos que miam, dos que rugen e também dos que nadam Gostar de bichos não é coincidência. Quem gosta de bicho, gosta do mundo inteiro." &nbsp; Regina de Barros Correia Casillo - Diretora fundadora do Solar [&hellip;]</p>

<!-- This site is optimized with the Yoast SEO plugin v28.3 - https://yoast.com/product/yoast-seo-wordpress/ -->
<title>Livro - Pedro e o mundo dos bichos - Solar do Rosário Galeria \\\\Nova</title>
<meta name="robots" content="index, follow, max-snippet:-1, max-image-preview:large, max-video-preview:-1" />
<link rel="canonical" href="https://solardorosario.com.br/galeria/produto/livro-pedro-e-o-mundo-dos-bichos/" />
<meta property="og:locale" content="pt_BR" />
<meta property="og:type" content="article" />
<meta property="og:title" content="Livro - Pedro e o mundo dos bichos - Solar do Rosário Galeria \\\\Nova" />
<meta property="og:description" content="Título: Pedro e o mundo dos bichos &nbsp; &quot;Pedro gostava de bichos: dos pequenos, dos grandes, dos que latem, dos que miam, dos que rugen e também dos que nadam Gostar de bichos não é coincidência. Quem gosta de bicho, gosta do mundo inteiro.&quot; &nbsp; Regina de Barros Correia Casillo - Diretora fundadora do Solar [&hellip;]" />
<meta property="og:url" content="https://solardorosario.com.br/galeria/produto/livro-pedro-e-o-mundo-dos-bichos/" />
<meta property="og:site_name" content="Solar do Rosário Galeria \\\\Nova" />
<meta property="og:image" content="https://solardorosario.com.br/galeria/wp-content/uploads/2026/07/capa.jpeg" />
	<meta property="og:image:width" content="467" />
	<meta property="og:image:height" content="478" />
	<meta property="og:image:type" content="image/jpeg" />
<meta name="twitter:card" content="summary_large_image" />
<meta name="twitter:label1" content="Est. tempo de leitura" />
	<meta name="twitter:data1" content="1 minuto" />
<script type="application/ld+json" class="yoast-schema-graph">{"@context":"https:\/\/schema.org","@graph":[{"@type":"WebPage","@id":"https:\/\/solardorosario.com.br\/galeria\/produto\/livro-pedro-e-o-mundo-dos-bichos\/","url":"https:\/\/solardorosario.com.br\/galeria\/produto\/livro-pedro-e-o-mundo-dos-bichos\/","name":"Livro - Pedro e o mundo dos bichos - Solar do Rosário Galeria \\\\\\\\Nova","isPartOf":{"@id":"https:\/\/solardorosario.com.br\/galeria\/#website"},"primaryImageOfPage":{"@id":"https:\/\/solardorosario.com.br\/galeria\/produto\/livro-pedro-e-o-mundo-dos-bichos\/#primaryimage"},"image":{"@id":"https:\/\/solardorosario.com.br\/galeria\/produto\/livro-pedro-e-o-mundo-dos-bichos\/#primaryimage"},"thumbnailUrl":"https:\/\/solardorosario.com.br\/galeria\/wp-content\/uploads\/2026\/07\/capa.jpeg","datePublished":"2026-07-20T18:36:22+00:00","breadcrumb":{"@id":"https:\/\/solardorosario.com.br\/galeria\/produto\/livro-pedro-e-o-mundo-dos-bichos\/#breadcrumb"},"inLanguage":"pt-BR","potentialAction":[{"@type":"ReadAction","target":["https:\/\/solardorosario.com.br\/galeria\/produto\/livro-pedro-e-o-mundo-dos-bichos\/"]}]},{"@type":"ImageObject","inLanguage":"pt-BR","@id":"https:\/\/solardorosario.com.br\/galeria\/produto\/livro-pedro-e-o-mundo-dos-bichos\/#primaryimage","url":"https:\/\/solardorosario.com.br\/galeria\/wp-content\/uploads\/2026\/07\/capa.jpeg","contentUrl":"https:\/\/solardorosario.com.br\/galeria\/wp-content\/uploads\/2026\/07\/capa.jpeg","width":467,"height":478},{"@type":"BreadcrumbList","@id":"https:\/\/solardorosario.com.br\/galeria\/produto\/livro-pedro-e-o-mundo-dos-bichos\/#breadcrumb","itemListElement":[{"@type":"ListItem","position":1,"name":"Início","item":"https:\/\/solardorosario.com.br\/galeria\/"},{"@type":"ListItem","position":2,"name":"galeria","item":"https:\/\/solardorosario.com.br\/galeria\/galeria\/"},{"@type":"ListItem","position":3,"name":"Livro - Pedro e o mundo dos bichos"}]},{"@type":"WebSite","@id":"https:\/\/solardorosario.com.br\/galeria\/#website","url":"https:\/\/solardorosario.com.br\/galeria\/","name":"Solar do Rosário Galeria \\\\\\\\Nova","description":"","potentialAction":[{"@type":"SearchAction","target":{"@type":"EntryPoint","urlTemplate":"https:\/\/solardorosario.com.br\/galeria\/?s={search_term_string}"},"query-input":{"@type":"PropertyValueSpecification","valueRequired":true,"valueName":"search_term_string"}}],"inLanguage":"pt-BR"}]}</script>
<!-- / Yoast SEO plugin. -->

Livro - Pedro e o mundo dos bichos - Solar do Rosário Galeria \\\\Nova

Título: Pedro e o mundo dos bichos &nbsp; "Pedro gostava de bichos: dos pequenos, dos grandes, dos que latem, dos que miam, dos que rugen e também dos que nadam Gostar de bichos não é coincidência. Quem gosta de bicho, gosta do mundo inteiro." &nbsp; Regina de Barros Correia Casillo - Diretora fundadora do Solar [&hellip;]

Solar do Rosário Galeria \\\\Nova

Início
