{"id":7320,"date":"2026-05-11T16:55:50","date_gmt":"2026-05-11T19:55:50","guid":{"rendered":"https:\/\/solardorosario.com.br\/galeria\/?post_type=product&#038;p=7320"},"modified":"2026-05-11T17:08:43","modified_gmt":"2026-05-11T20:08:43","slug":"azulejo-rogerio-dias-15x15cm-9","status":"publish","type":"product","link":"https:\/\/solardorosario.com.br\/galeria\/produto\/azulejo-rogerio-dias-15x15cm-9\/","title":{"rendered":"Azulejo Rog\u00e9rio Dias 15x15cm (9)"},"content":{"rendered":"<p>Artista: Rog\u00e9rio Dias<\/p>\n<p>Dimens\u00e3o: 15x15cm<\/p>\n<p><strong>Observa\u00e7\u00e3o: azulejo SEM moldura.\u00a0<\/strong><\/p>\n<p>&nbsp;<\/p>\n<p>&nbsp;<\/p>\n<p><em>Impulsionado pela inquieta\u00e7\u00e3o, Rog\u00e9rio Dias constr\u00f3i seus p\u00e1ssaros, solit\u00e1rios ou \u00e0s dezenas, em m\u00f3dulos sequ\u00eancias e os transforma em interlocutores cr\u00edticos da realidade. Passivos ou agressivos, expressos por formas vigorosas e bem definidas ou em r\u00e1pidas pinceladas apenas sugerindo as formas, que ainda assim s\u00e3o reconhec\u00edveis, esses pretendem, mais do que tudo, apreender a realidade.<\/em><br \/>\n<em>\u00c9 sob essa perspectiva que se percebe a busca exemplar da similaridade empreendida pelo artista em sua obra. O que ele procura \u00e9 uma semelhan\u00e7a essencial e n\u00e3o imitativa. E se \u00e9 verdade que cada nova \u00e9poca os artistas buscam diferentes estrat\u00e9gias para avan\u00e7ar at\u00e9 a realidade, ent\u00e3o a similaridade precisa ser sempre reinventada para que se cumpra a fun\u00e7\u00e3o da arte.<\/em><br \/>\n<em>As obras do Rog\u00e9rio Dias, em grandes formatos ou em pequenas e intimistas composi\u00e7\u00f5es, ao mesmo tempo em que encantam tamb\u00e9m intrigam, colocando desta forma \u00e0 disposi\u00e7\u00e3o do observador a possibilidade da experi\u00eancia est\u00e9tica na sua plenitude.<\/em><\/p>\n<p>Noronha, 2000<\/p>\n<p>*Trecho retirado do livro Pintores Contempor\u00e2neos do Paran\u00e1, Vol 1, editado pelo Solar do Ros\u00e1rio em 2000<\/p>\n","protected":false},"excerpt":{"rendered":"<p>Artista: Rog\u00e9rio Dias Dimens\u00e3o: 15x15cm Observa\u00e7\u00e3o: azulejo SEM moldura.\u00a0 &nbsp; &nbsp; Impulsionado pela inquieta\u00e7\u00e3o, Rog\u00e9rio Dias constr\u00f3i seus p\u00e1ssaros, solit\u00e1rios ou \u00e0s dezenas, em m\u00f3dulos sequ\u00eancias e os transforma em interlocutores cr\u00edticos da realidade. Passivos ou agressivos, expressos por formas vigorosas e bem definidas ou em r\u00e1pidas pinceladas apenas sugerindo as formas, que ainda assim [&hellip;]<\/p>\n","protected":false},"featured_media":7321,"template":"","meta":[],"product_brand":[],"product_cat":[117],"product_tag":[],"class_list":{"0":"post-7320","1":"product","2":"type-product","3":"status-publish","4":"has-post-thumbnail","6":"product_cat-galeria","7":"pa_artista-rogerio-dias","8":"pa_estilo-figurativo","9":"pa_tecnica-azulejos-de-arte","11":"first","12":"instock","13":"shipping-taxable","14":"purchasable","15":"product-type-simple"},"yoast_head":"<!-- This site is optimized with the Yoast SEO plugin v27.6 - https:\/\/yoast.com\/product\/yoast-seo-wordpress\/ -->\n<title>Azulejo Rog\u00e9rio Dias 15x15cm (9) - Solar do Ros\u00e1rio Galeria \\\\\\\\Nova<\/title>\n<meta name=\"robots\" content=\"index, follow, max-snippet:-1, max-image-preview:large, max-video-preview:-1\" \/>\n<link rel=\"canonical\" href=\"https:\/\/solardorosario.com.br\/galeria\/produto\/azulejo-rogerio-dias-15x15cm-9\/\" \/>\n<meta property=\"og:locale\" content=\"pt_BR\" \/>\n<meta property=\"og:type\" content=\"article\" \/>\n<meta property=\"og:title\" content=\"Azulejo Rog\u00e9rio Dias 15x15cm (9) - Solar do Ros\u00e1rio Galeria \\\\\\\\Nova\" \/>\n<meta property=\"og:description\" content=\"Artista: Rog\u00e9rio Dias Dimens\u00e3o: 15x15cm Observa\u00e7\u00e3o: azulejo SEM moldura.\u00a0 &nbsp; &nbsp; Impulsionado pela inquieta\u00e7\u00e3o, Rog\u00e9rio Dias constr\u00f3i seus p\u00e1ssaros, solit\u00e1rios ou \u00e0s dezenas, em m\u00f3dulos sequ\u00eancias e os transforma em interlocutores cr\u00edticos da realidade. Passivos ou agressivos, expressos por formas vigorosas e bem definidas ou em r\u00e1pidas pinceladas apenas sugerindo as formas, que ainda assim [&hellip;]\" \/>\n<meta property=\"og:url\" content=\"https:\/\/solardorosario.com.br\/galeria\/produto\/azulejo-rogerio-dias-15x15cm-9\/\" \/>\n<meta property=\"og:site_name\" content=\"Solar do Ros\u00e1rio Galeria \\\\\\\\Nova\" \/>\n<meta property=\"article:modified_time\" content=\"2026-05-11T20:08:43+00:00\" \/>\n<meta property=\"og:image\" content=\"https:\/\/solardorosario.com.br\/galeria\/wp-content\/uploads\/2026\/05\/WhatsApp-Image-2026-05-11-at-15.50.14.jpeg\" \/>\n\t<meta property=\"og:image:width\" content=\"1260\" \/>\n\t<meta property=\"og:image:height\" content=\"1280\" \/>\n\t<meta property=\"og:image:type\" content=\"image\/jpeg\" \/>\n<meta name=\"twitter:card\" content=\"summary_large_image\" \/>\n<meta name=\"twitter:label1\" content=\"Est. tempo de leitura\" \/>\n\t<meta name=\"twitter:data1\" content=\"2 minutos\" \/>\n<script type=\"application\/ld+json\" class=\"yoast-schema-graph\">{\"@context\":\"https:\\\/\\\/schema.org\",\"@graph\":[{\"@type\":\"WebPage\",\"@id\":\"https:\\\/\\\/solardorosario.com.br\\\/galeria\\\/produto\\\/azulejo-rogerio-dias-15x15cm-9\\\/\",\"url\":\"https:\\\/\\\/solardorosario.com.br\\\/galeria\\\/produto\\\/azulejo-rogerio-dias-15x15cm-9\\\/\",\"name\":\"Azulejo Rog\u00e9rio Dias 15x15cm (9) - Solar do Ros\u00e1rio Galeria \\\\\\\\\\\\\\\\Nova\",\"isPartOf\":{\"@id\":\"https:\\\/\\\/solardorosario.com.br\\\/galeria\\\/#website\"},\"primaryImageOfPage\":{\"@id\":\"https:\\\/\\\/solardorosario.com.br\\\/galeria\\\/produto\\\/azulejo-rogerio-dias-15x15cm-9\\\/#primaryimage\"},\"image\":{\"@id\":\"https:\\\/\\\/solardorosario.com.br\\\/galeria\\\/produto\\\/azulejo-rogerio-dias-15x15cm-9\\\/#primaryimage\"},\"thumbnailUrl\":\"https:\\\/\\\/solardorosario.com.br\\\/galeria\\\/wp-content\\\/uploads\\\/2026\\\/05\\\/WhatsApp-Image-2026-05-11-at-15.50.14.jpeg\",\"datePublished\":\"2026-05-11T19:55:50+00:00\",\"dateModified\":\"2026-05-11T20:08:43+00:00\",\"breadcrumb\":{\"@id\":\"https:\\\/\\\/solardorosario.com.br\\\/galeria\\\/produto\\\/azulejo-rogerio-dias-15x15cm-9\\\/#breadcrumb\"},\"inLanguage\":\"pt-BR\",\"potentialAction\":[{\"@type\":\"ReadAction\",\"target\":[\"https:\\\/\\\/solardorosario.com.br\\\/galeria\\\/produto\\\/azulejo-rogerio-dias-15x15cm-9\\\/\"]}]},{\"@type\":\"ImageObject\",\"inLanguage\":\"pt-BR\",\"@id\":\"https:\\\/\\\/solardorosario.com.br\\\/galeria\\\/produto\\\/azulejo-rogerio-dias-15x15cm-9\\\/#primaryimage\",\"url\":\"https:\\\/\\\/solardorosario.com.br\\\/galeria\\\/wp-content\\\/uploads\\\/2026\\\/05\\\/WhatsApp-Image-2026-05-11-at-15.50.14.jpeg\",\"contentUrl\":\"https:\\\/\\\/solardorosario.com.br\\\/galeria\\\/wp-content\\\/uploads\\\/2026\\\/05\\\/WhatsApp-Image-2026-05-11-at-15.50.14.jpeg\",\"width\":1260,\"height\":1280},{\"@type\":\"BreadcrumbList\",\"@id\":\"https:\\\/\\\/solardorosario.com.br\\\/galeria\\\/produto\\\/azulejo-rogerio-dias-15x15cm-9\\\/#breadcrumb\",\"itemListElement\":[{\"@type\":\"ListItem\",\"position\":1,\"name\":\"In\u00edcio\",\"item\":\"https:\\\/\\\/solardorosario.com.br\\\/galeria\\\/\"},{\"@type\":\"ListItem\",\"position\":2,\"name\":\"galeria\",\"item\":\"https:\\\/\\\/solardorosario.com.br\\\/galeria\\\/galeria\\\/\"},{\"@type\":\"ListItem\",\"position\":3,\"name\":\"Azulejo Rog\u00e9rio Dias 15x15cm (9)\"}]},{\"@type\":\"WebSite\",\"@id\":\"https:\\\/\\\/solardorosario.com.br\\\/galeria\\\/#website\",\"url\":\"https:\\\/\\\/solardorosario.com.br\\\/galeria\\\/\",\"name\":\"Solar do Ros\u00e1rio Galeria \\\\\\\\\\\\\\\\Nova\",\"description\":\"\",\"potentialAction\":[{\"@type\":\"SearchAction\",\"target\":{\"@type\":\"EntryPoint\",\"urlTemplate\":\"https:\\\/\\\/solardorosario.com.br\\\/galeria\\\/?s={search_term_string}\"},\"query-input\":{\"@type\":\"PropertyValueSpecification\",\"valueRequired\":true,\"valueName\":\"search_term_string\"}}],\"inLanguage\":\"pt-BR\"}]}<\/script>\n<!-- \/ Yoast SEO plugin. -->","yoast_head_json":{"title":"Azulejo Rog\u00e9rio Dias 15x15cm (9) - Solar do Ros\u00e1rio Galeria \\\\\\\\Nova","robots":{"index":"index","follow":"follow","max-snippet":"max-snippet:-1","max-image-preview":"max-image-preview:large","max-video-preview":"max-video-preview:-1"},"canonical":"https:\/\/solardorosario.com.br\/galeria\/produto\/azulejo-rogerio-dias-15x15cm-9\/","og_locale":"pt_BR","og_type":"article","og_title":"Azulejo Rog\u00e9rio Dias 15x15cm (9) - Solar do Ros\u00e1rio Galeria \\\\\\\\Nova","og_description":"Artista: Rog\u00e9rio Dias Dimens\u00e3o: 15x15cm Observa\u00e7\u00e3o: azulejo SEM moldura.\u00a0 &nbsp; &nbsp; Impulsionado pela inquieta\u00e7\u00e3o, Rog\u00e9rio Dias constr\u00f3i seus p\u00e1ssaros, solit\u00e1rios ou \u00e0s dezenas, em m\u00f3dulos sequ\u00eancias e os transforma em interlocutores cr\u00edticos da realidade. Passivos ou agressivos, expressos por formas vigorosas e bem definidas ou em r\u00e1pidas pinceladas apenas sugerindo as formas, que ainda assim [&hellip;]","og_url":"https:\/\/solardorosario.com.br\/galeria\/produto\/azulejo-rogerio-dias-15x15cm-9\/","og_site_name":"Solar do Ros\u00e1rio Galeria \\\\\\\\Nova","article_modified_time":"2026-05-11T20:08:43+00:00","og_image":[{"width":1260,"height":1280,"url":"https:\/\/solardorosario.com.br\/galeria\/wp-content\/uploads\/2026\/05\/WhatsApp-Image-2026-05-11-at-15.50.14.jpeg","type":"image\/jpeg"}],"twitter_card":"summary_large_image","twitter_misc":{"Est. tempo de leitura":"2 minutos"},"schema":{"@context":"https:\/\/schema.org","@graph":[{"@type":"WebPage","@id":"https:\/\/solardorosario.com.br\/galeria\/produto\/azulejo-rogerio-dias-15x15cm-9\/","url":"https:\/\/solardorosario.com.br\/galeria\/produto\/azulejo-rogerio-dias-15x15cm-9\/","name":"Azulejo Rog\u00e9rio Dias 15x15cm (9) - Solar do Ros\u00e1rio Galeria \\\\\\\\Nova","isPartOf":{"@id":"https:\/\/solardorosario.com.br\/galeria\/#website"},"primaryImageOfPage":{"@id":"https:\/\/solardorosario.com.br\/galeria\/produto\/azulejo-rogerio-dias-15x15cm-9\/#primaryimage"},"image":{"@id":"https:\/\/solardorosario.com.br\/galeria\/produto\/azulejo-rogerio-dias-15x15cm-9\/#primaryimage"},"thumbnailUrl":"https:\/\/solardorosario.com.br\/galeria\/wp-content\/uploads\/2026\/05\/WhatsApp-Image-2026-05-11-at-15.50.14.jpeg","datePublished":"2026-05-11T19:55:50+00:00","dateModified":"2026-05-11T20:08:43+00:00","breadcrumb":{"@id":"https:\/\/solardorosario.com.br\/galeria\/produto\/azulejo-rogerio-dias-15x15cm-9\/#breadcrumb"},"inLanguage":"pt-BR","potentialAction":[{"@type":"ReadAction","target":["https:\/\/solardorosario.com.br\/galeria\/produto\/azulejo-rogerio-dias-15x15cm-9\/"]}]},{"@type":"ImageObject","inLanguage":"pt-BR","@id":"https:\/\/solardorosario.com.br\/galeria\/produto\/azulejo-rogerio-dias-15x15cm-9\/#primaryimage","url":"https:\/\/solardorosario.com.br\/galeria\/wp-content\/uploads\/2026\/05\/WhatsApp-Image-2026-05-11-at-15.50.14.jpeg","contentUrl":"https:\/\/solardorosario.com.br\/galeria\/wp-content\/uploads\/2026\/05\/WhatsApp-Image-2026-05-11-at-15.50.14.jpeg","width":1260,"height":1280},{"@type":"BreadcrumbList","@id":"https:\/\/solardorosario.com.br\/galeria\/produto\/azulejo-rogerio-dias-15x15cm-9\/#breadcrumb","itemListElement":[{"@type":"ListItem","position":1,"name":"In\u00edcio","item":"https:\/\/solardorosario.com.br\/galeria\/"},{"@type":"ListItem","position":2,"name":"galeria","item":"https:\/\/solardorosario.com.br\/galeria\/galeria\/"},{"@type":"ListItem","position":3,"name":"Azulejo Rog\u00e9rio Dias 15x15cm (9)"}]},{"@type":"WebSite","@id":"https:\/\/solardorosario.com.br\/galeria\/#website","url":"https:\/\/solardorosario.com.br\/galeria\/","name":"Solar do Ros\u00e1rio Galeria \\\\\\\\Nova","description":"","potentialAction":[{"@type":"SearchAction","target":{"@type":"EntryPoint","urlTemplate":"https:\/\/solardorosario.com.br\/galeria\/?s={search_term_string}"},"query-input":{"@type":"PropertyValueSpecification","valueRequired":true,"valueName":"search_term_string"}}],"inLanguage":"pt-BR"}]}},"_links":{"self":[{"href":"https:\/\/solardorosario.com.br\/galeria\/wp-json\/wp\/v2\/product\/7320","targetHints":{"allow":["GET"]}}],"collection":[{"href":"https:\/\/solardorosario.com.br\/galeria\/wp-json\/wp\/v2\/product"}],"about":[{"href":"https:\/\/solardorosario.com.br\/galeria\/wp-json\/wp\/v2\/types\/product"}],"wp:featuredmedia":[{"embeddable":true,"href":"https:\/\/solardorosario.com.br\/galeria\/wp-json\/wp\/v2\/media\/7321"}],"wp:attachment":[{"href":"https:\/\/solardorosario.com.br\/galeria\/wp-json\/wp\/v2\/media?parent=7320"}],"wp:term":[{"taxonomy":"product_brand","embeddable":true,"href":"https:\/\/solardorosario.com.br\/galeria\/wp-json\/wp\/v2\/product_brand?post=7320"},{"taxonomy":"product_cat","embeddable":true,"href":"https:\/\/solardorosario.com.br\/galeria\/wp-json\/wp\/v2\/product_cat?post=7320"},{"taxonomy":"product_tag","embeddable":true,"href":"https:\/\/solardorosario.com.br\/galeria\/wp-json\/wp\/v2\/product_tag?post=7320"}],"curies":[{"name":"wp","href":"https:\/\/api.w.org\/{rel}","templated":true}]}}