{"id":7284,"date":"2026-05-07T11:46:13","date_gmt":"2026-05-07T14:46:13","guid":{"rendered":"https:\/\/solardorosario.com.br\/galeria\/?post_type=product&#038;p=7284"},"modified":"2026-05-07T11:46:13","modified_gmt":"2026-05-07T14:46:13","slug":"claudia-lara-nido-9","status":"publish","type":"product","link":"https:\/\/solardorosario.com.br\/galeria\/produto\/claudia-lara-nido-9\/","title":{"rendered":"Cl\u00e1udia Lara - Nido 9"},"content":{"rendered":"<p><strong>Artista:\u00a0<\/strong>Cl\u00e1udia Lara<\/p>\n<p><strong>T\u00edtulo:\u00a0<\/strong>Nido 9<\/p>\n<p><strong>Dimens\u00e3o:\u00a0<\/strong>40x50cm<\/p>\n<p><strong>T\u00e9cnica:\u00a0<\/strong>Acr\u00edlica sobre tecido (sem moldura)<\/p>\n<p><strong>Ano:<\/strong> 2015<\/p>\n<p>&nbsp;<\/p>\n<p>&nbsp;<\/p>\n<p>Claudia Lara \u00e9 artista visual e trabalha com t\u00e9cnicas variadas de pintura, bordado, objetos e instala\u00e7\u00e3o. \u00c9 formada em Educa\u00e7\u00e3o Art\u00edstica pela Faculdade de Artes do Paran\u00e1 (FAP-UNESPAR), em 1984 e em 2006 fez o curso de P\u00f3s-gradua\u00e7\u00e3o em Hist\u00f3ria da Arte Moderna e Contempor\u00e2nea pela Escola de M\u00fasica e Belas Artes do Paran\u00e1 (EMBAP). Desde 1995, participa de exposi\u00e7\u00f5es coletivas, como \"Contextura\" com Silmara K\u00fcster, no SESC da Esquina, em Curitiba, em 1998 atrav\u00e9s da \"Ciranda da Arte\" participa da coletiva \"BRASIL!\", na 360\u00ba Art Gallery e The Conslate General of Brazil, no Canad\u00e1. Em 2002, participou do Sal\u00e3o de Arte de Foz do Igua\u00e7u, e no ano de 2003, participou da \"Mostra de Arte da C\u00e2mara Municipal de Curitiba\", \"Parab\u00e9ns Paran\u00e1 - 150 anos de Emancipa\u00e7\u00e3o\", no Museu Paranaense. Em 2004, participou da \"Mostra de Aquarelas e Gravuras da APAP\", no Solar do Ros\u00e1rio e fez a curadoria de \"Brasil: flora, fauna e seus encantos\" e \"Mostra de Arte Dante Alighieri - Homenagem a Guido Viaro\", ambos em Curitiba. Em 2005, participou de eventos internacionais, como \"Um Puente entre Dos Culturas\", do Ateli\u00ea Edilson Viriato, em Buenos Aires - Argentina e \"Arte do Brasil\", na Casa do Brasil, em Madrid - Espanha. Em 200 6, participou do \"BookArt\", no Solar do Bar\u00e3o, no Museu da Gravura de Curitiba - PR, da Bienal do Rec\u00f4ncavo em S\u00e3o F\u00e9lix - BA, do IX Circuito Internacional de Arte, Colege Arte, Fundacion Premio Conviv\u00eancia - Ciudad Aut\u00f4noma de Ceuta, Espanha. Em 2010, participou da exposi\u00e7\u00e3o \"Vida y Muerte\", no Museo de Arte de Mazatlan - M\u00e9xico, \"Tierra del Sol 2010\", Museu de Arte Contempor\u00e1neo de la Municipalidad del Cusco - P\u00e9ru, \"Para los Ojos\" com Sandra Hiromoto, Dani Henning e Sandra Bonet, na ala Aires de C\u00f3rdoba - Espanha, simult\u00e2nea com o Solar do Ros\u00e1rio em Curitiba, a Galeria Beatriz Telles Ferreira, em Florian\u00f3polis e Esta\u00e7\u00e3o Cabo Branco, em Jo\u00e3o Pessoa. Em 2012, participou da \"Women in Art 2012\" na Ward Nasse Gallery, em Nova York - EUA. Em 2013, participou da coletiva \"Ninhos\", em Curitiba - PR, e em 2014 do 65\u00ba Sal\u00e3o Paranaense, no Museu de Arte Contempor\u00e2nea do Paran\u00e1, com o coletivo Comover. Em 2015, participou da Bienal Internacional de Curitiba e dos Circuitos de Galerias, da Riviso Galeria de Arte. Em 2017, participou da \"Portugal-Brasil, a descoberta cont\u00ednua\" Espa\u00e7o Cultural Porto Cruz - Porto, Portugal, \"Express\u00e3o do Feminino\" no Museu Alfredo Andersen - Curitiba e \"O Solar do Ros\u00e1rio por seus Artistas\", no Memorial de Curitiba. Desde 1996, faz exposi\u00e7\u00f5es individuais no Paran\u00e1 em locais como Espa\u00e7o Cultural Falec, Casa da Cultura de Castro, Secretaria de Cultura do Estado do Paran\u00e1 (SEEC - Curitiba, PR), Galeria Solar do Ros\u00e1rio, Espa\u00e7o Th\u00e1 Cultura e Arte, Museu Guido Viaro etc. J\u00e1 recebeu diversos pr\u00eamios como os Pr\u00eamios-aquisi\u00e7\u00f5es no 2\u00ba Sal\u00e3o de Artes de Tel\u00eamaco Borba e o 2\u00ba Sal\u00e3o de Artes de Uni\u00e3o da Vit\u00f3ria, ambos em 2001, o 1\u00ba lugar do Concurso de Capas do Jornal Manifesto Arte, Escolha do P\u00fablico, em 2004, Pr\u00eamio Comunidade Art\u00edstica, no Sal\u00e3o Graciosa de Artes Pl\u00e1sticas e em 2011, o 1\u00ba lugar na Exposition Biennale d'Art Contemporain Br\u00e9silien Et Latino Am\u00e9ricain - Premiere edition, Espace Beaurepaire - Paris, Fran\u00e7a. Participou de publica\u00e7\u00f5es com cat\u00e1logos como o da 6\u00aa Mostra Jo\u00e3o Turin 2003, \"Arte Tridimensional\", com a coordena\u00e7\u00e3o do Sistema Estadual de Museus, Governo do Paran\u00e1. Em 2012, livro-cat\u00e1logo \"O Percurso do Olhar\" de Regina de Barros Correia Casillo e Fernando Bini, em 2015 participou da pesquisa do livro \"Ida Hannemann de Campos - Entre Pincel e a Pena\", entre outros.<\/p>\n","protected":false},"excerpt":{"rendered":"<p>Artista:\u00a0Cl\u00e1udia Lara T\u00edtulo:\u00a0Nido 9 Dimens\u00e3o:\u00a040x50cm T\u00e9cnica:\u00a0Acr\u00edlica sobre tecido (sem moldura) Ano: 2015 &nbsp; &nbsp; Claudia Lara \u00e9 artista visual e trabalha com t\u00e9cnicas variadas de pintura, bordado, objetos e instala\u00e7\u00e3o. \u00c9 formada em Educa\u00e7\u00e3o Art\u00edstica pela Faculdade de Artes do Paran\u00e1 (FAP-UNESPAR), em 1984 e em 2006 fez o curso de P\u00f3s-gradua\u00e7\u00e3o em Hist\u00f3ria da [&hellip;]<\/p>\n","protected":false},"featured_media":7285,"template":"","meta":[],"product_brand":[],"product_cat":[117],"product_tag":[],"class_list":{"0":"post-7284","1":"product","2":"type-product","3":"status-publish","4":"has-post-thumbnail","6":"product_cat-galeria","7":"pa_artista-claudia-de-lara","8":"pa_estilo-abstrato","9":"pa_tecnica-acrilica-sobre-tela","11":"first","12":"instock","13":"shipping-taxable","14":"product-type-simple"},"yoast_head":"<!-- This site is optimized with the Yoast SEO plugin v27.6 - https:\/\/yoast.com\/product\/yoast-seo-wordpress\/ -->\n<title>Cl\u00e1udia Lara - Nido 9 - Solar do Ros\u00e1rio Galeria \\\\\\\\Nova<\/title>\n<meta name=\"robots\" content=\"index, follow, max-snippet:-1, max-image-preview:large, max-video-preview:-1\" \/>\n<link rel=\"canonical\" href=\"https:\/\/solardorosario.com.br\/galeria\/produto\/claudia-lara-nido-9\/\" \/>\n<meta property=\"og:locale\" content=\"pt_BR\" \/>\n<meta property=\"og:type\" content=\"article\" \/>\n<meta property=\"og:title\" content=\"Cl\u00e1udia Lara - Nido 9 - Solar do Ros\u00e1rio Galeria \\\\\\\\Nova\" \/>\n<meta property=\"og:description\" content=\"Artista:\u00a0Cl\u00e1udia Lara T\u00edtulo:\u00a0Nido 9 Dimens\u00e3o:\u00a040x50cm T\u00e9cnica:\u00a0Acr\u00edlica sobre tecido (sem moldura) Ano: 2015 &nbsp; &nbsp; Claudia Lara \u00e9 artista visual e trabalha com t\u00e9cnicas variadas de pintura, bordado, objetos e instala\u00e7\u00e3o. \u00c9 formada em Educa\u00e7\u00e3o Art\u00edstica pela Faculdade de Artes do Paran\u00e1 (FAP-UNESPAR), em 1984 e em 2006 fez o curso de P\u00f3s-gradua\u00e7\u00e3o em Hist\u00f3ria da [&hellip;]\" \/>\n<meta property=\"og:url\" content=\"https:\/\/solardorosario.com.br\/galeria\/produto\/claudia-lara-nido-9\/\" \/>\n<meta property=\"og:site_name\" content=\"Solar do Ros\u00e1rio Galeria \\\\\\\\Nova\" \/>\n<meta property=\"og:image\" content=\"https:\/\/solardorosario.com.br\/galeria\/wp-content\/uploads\/2026\/05\/Nido-9-Acrilica-sobre-linho-40x50cm.jpeg\" \/>\n\t<meta property=\"og:image:width\" content=\"1037\" \/>\n\t<meta property=\"og:image:height\" content=\"1280\" \/>\n\t<meta property=\"og:image:type\" content=\"image\/jpeg\" \/>\n<meta name=\"twitter:card\" content=\"summary_large_image\" \/>\n<meta name=\"twitter:label1\" content=\"Est. tempo de leitura\" \/>\n\t<meta name=\"twitter:data1\" content=\"4 minutos\" \/>\n<script type=\"application\/ld+json\" class=\"yoast-schema-graph\">{\"@context\":\"https:\\\/\\\/schema.org\",\"@graph\":[{\"@type\":\"WebPage\",\"@id\":\"https:\\\/\\\/solardorosario.com.br\\\/galeria\\\/produto\\\/claudia-lara-nido-9\\\/\",\"url\":\"https:\\\/\\\/solardorosario.com.br\\\/galeria\\\/produto\\\/claudia-lara-nido-9\\\/\",\"name\":\"Cl\u00e1udia Lara - Nido 9 - Solar do Ros\u00e1rio Galeria \\\\\\\\\\\\\\\\Nova\",\"isPartOf\":{\"@id\":\"https:\\\/\\\/solardorosario.com.br\\\/galeria\\\/#website\"},\"primaryImageOfPage\":{\"@id\":\"https:\\\/\\\/solardorosario.com.br\\\/galeria\\\/produto\\\/claudia-lara-nido-9\\\/#primaryimage\"},\"image\":{\"@id\":\"https:\\\/\\\/solardorosario.com.br\\\/galeria\\\/produto\\\/claudia-lara-nido-9\\\/#primaryimage\"},\"thumbnailUrl\":\"https:\\\/\\\/solardorosario.com.br\\\/galeria\\\/wp-content\\\/uploads\\\/2026\\\/05\\\/Nido-9-Acrilica-sobre-linho-40x50cm.jpeg\",\"datePublished\":\"2026-05-07T14:46:13+00:00\",\"breadcrumb\":{\"@id\":\"https:\\\/\\\/solardorosario.com.br\\\/galeria\\\/produto\\\/claudia-lara-nido-9\\\/#breadcrumb\"},\"inLanguage\":\"pt-BR\",\"potentialAction\":[{\"@type\":\"ReadAction\",\"target\":[\"https:\\\/\\\/solardorosario.com.br\\\/galeria\\\/produto\\\/claudia-lara-nido-9\\\/\"]}]},{\"@type\":\"ImageObject\",\"inLanguage\":\"pt-BR\",\"@id\":\"https:\\\/\\\/solardorosario.com.br\\\/galeria\\\/produto\\\/claudia-lara-nido-9\\\/#primaryimage\",\"url\":\"https:\\\/\\\/solardorosario.com.br\\\/galeria\\\/wp-content\\\/uploads\\\/2026\\\/05\\\/Nido-9-Acrilica-sobre-linho-40x50cm.jpeg\",\"contentUrl\":\"https:\\\/\\\/solardorosario.com.br\\\/galeria\\\/wp-content\\\/uploads\\\/2026\\\/05\\\/Nido-9-Acrilica-sobre-linho-40x50cm.jpeg\",\"width\":1037,\"height\":1280},{\"@type\":\"BreadcrumbList\",\"@id\":\"https:\\\/\\\/solardorosario.com.br\\\/galeria\\\/produto\\\/claudia-lara-nido-9\\\/#breadcrumb\",\"itemListElement\":[{\"@type\":\"ListItem\",\"position\":1,\"name\":\"In\u00edcio\",\"item\":\"https:\\\/\\\/solardorosario.com.br\\\/galeria\\\/\"},{\"@type\":\"ListItem\",\"position\":2,\"name\":\"galeria\",\"item\":\"https:\\\/\\\/solardorosario.com.br\\\/galeria\\\/galeria\\\/\"},{\"@type\":\"ListItem\",\"position\":3,\"name\":\"Cl\u00e1udia Lara - Nido 9\"}]},{\"@type\":\"WebSite\",\"@id\":\"https:\\\/\\\/solardorosario.com.br\\\/galeria\\\/#website\",\"url\":\"https:\\\/\\\/solardorosario.com.br\\\/galeria\\\/\",\"name\":\"Solar do Ros\u00e1rio Galeria \\\\\\\\\\\\\\\\Nova\",\"description\":\"\",\"potentialAction\":[{\"@type\":\"SearchAction\",\"target\":{\"@type\":\"EntryPoint\",\"urlTemplate\":\"https:\\\/\\\/solardorosario.com.br\\\/galeria\\\/?s={search_term_string}\"},\"query-input\":{\"@type\":\"PropertyValueSpecification\",\"valueRequired\":true,\"valueName\":\"search_term_string\"}}],\"inLanguage\":\"pt-BR\"}]}<\/script>\n<!-- \/ Yoast SEO plugin. -->","yoast_head_json":{"title":"Cl\u00e1udia Lara - Nido 9 - Solar do Ros\u00e1rio Galeria \\\\\\\\Nova","robots":{"index":"index","follow":"follow","max-snippet":"max-snippet:-1","max-image-preview":"max-image-preview:large","max-video-preview":"max-video-preview:-1"},"canonical":"https:\/\/solardorosario.com.br\/galeria\/produto\/claudia-lara-nido-9\/","og_locale":"pt_BR","og_type":"article","og_title":"Cl\u00e1udia Lara - Nido 9 - Solar do Ros\u00e1rio Galeria \\\\\\\\Nova","og_description":"Artista:\u00a0Cl\u00e1udia Lara T\u00edtulo:\u00a0Nido 9 Dimens\u00e3o:\u00a040x50cm T\u00e9cnica:\u00a0Acr\u00edlica sobre tecido (sem moldura) Ano: 2015 &nbsp; &nbsp; Claudia Lara \u00e9 artista visual e trabalha com t\u00e9cnicas variadas de pintura, bordado, objetos e instala\u00e7\u00e3o. \u00c9 formada em Educa\u00e7\u00e3o Art\u00edstica pela Faculdade de Artes do Paran\u00e1 (FAP-UNESPAR), em 1984 e em 2006 fez o curso de P\u00f3s-gradua\u00e7\u00e3o em Hist\u00f3ria da [&hellip;]","og_url":"https:\/\/solardorosario.com.br\/galeria\/produto\/claudia-lara-nido-9\/","og_site_name":"Solar do Ros\u00e1rio Galeria \\\\\\\\Nova","og_image":[{"width":1037,"height":1280,"url":"https:\/\/solardorosario.com.br\/galeria\/wp-content\/uploads\/2026\/05\/Nido-9-Acrilica-sobre-linho-40x50cm.jpeg","type":"image\/jpeg"}],"twitter_card":"summary_large_image","twitter_misc":{"Est. tempo de leitura":"4 minutos"},"schema":{"@context":"https:\/\/schema.org","@graph":[{"@type":"WebPage","@id":"https:\/\/solardorosario.com.br\/galeria\/produto\/claudia-lara-nido-9\/","url":"https:\/\/solardorosario.com.br\/galeria\/produto\/claudia-lara-nido-9\/","name":"Cl\u00e1udia Lara - Nido 9 - Solar do Ros\u00e1rio Galeria \\\\\\\\Nova","isPartOf":{"@id":"https:\/\/solardorosario.com.br\/galeria\/#website"},"primaryImageOfPage":{"@id":"https:\/\/solardorosario.com.br\/galeria\/produto\/claudia-lara-nido-9\/#primaryimage"},"image":{"@id":"https:\/\/solardorosario.com.br\/galeria\/produto\/claudia-lara-nido-9\/#primaryimage"},"thumbnailUrl":"https:\/\/solardorosario.com.br\/galeria\/wp-content\/uploads\/2026\/05\/Nido-9-Acrilica-sobre-linho-40x50cm.jpeg","datePublished":"2026-05-07T14:46:13+00:00","breadcrumb":{"@id":"https:\/\/solardorosario.com.br\/galeria\/produto\/claudia-lara-nido-9\/#breadcrumb"},"inLanguage":"pt-BR","potentialAction":[{"@type":"ReadAction","target":["https:\/\/solardorosario.com.br\/galeria\/produto\/claudia-lara-nido-9\/"]}]},{"@type":"ImageObject","inLanguage":"pt-BR","@id":"https:\/\/solardorosario.com.br\/galeria\/produto\/claudia-lara-nido-9\/#primaryimage","url":"https:\/\/solardorosario.com.br\/galeria\/wp-content\/uploads\/2026\/05\/Nido-9-Acrilica-sobre-linho-40x50cm.jpeg","contentUrl":"https:\/\/solardorosario.com.br\/galeria\/wp-content\/uploads\/2026\/05\/Nido-9-Acrilica-sobre-linho-40x50cm.jpeg","width":1037,"height":1280},{"@type":"BreadcrumbList","@id":"https:\/\/solardorosario.com.br\/galeria\/produto\/claudia-lara-nido-9\/#breadcrumb","itemListElement":[{"@type":"ListItem","position":1,"name":"In\u00edcio","item":"https:\/\/solardorosario.com.br\/galeria\/"},{"@type":"ListItem","position":2,"name":"galeria","item":"https:\/\/solardorosario.com.br\/galeria\/galeria\/"},{"@type":"ListItem","position":3,"name":"Cl\u00e1udia Lara - Nido 9"}]},{"@type":"WebSite","@id":"https:\/\/solardorosario.com.br\/galeria\/#website","url":"https:\/\/solardorosario.com.br\/galeria\/","name":"Solar do Ros\u00e1rio Galeria \\\\\\\\Nova","description":"","potentialAction":[{"@type":"SearchAction","target":{"@type":"EntryPoint","urlTemplate":"https:\/\/solardorosario.com.br\/galeria\/?s={search_term_string}"},"query-input":{"@type":"PropertyValueSpecification","valueRequired":true,"valueName":"search_term_string"}}],"inLanguage":"pt-BR"}]}},"_links":{"self":[{"href":"https:\/\/solardorosario.com.br\/galeria\/wp-json\/wp\/v2\/product\/7284","targetHints":{"allow":["GET"]}}],"collection":[{"href":"https:\/\/solardorosario.com.br\/galeria\/wp-json\/wp\/v2\/product"}],"about":[{"href":"https:\/\/solardorosario.com.br\/galeria\/wp-json\/wp\/v2\/types\/product"}],"wp:featuredmedia":[{"embeddable":true,"href":"https:\/\/solardorosario.com.br\/galeria\/wp-json\/wp\/v2\/media\/7285"}],"wp:attachment":[{"href":"https:\/\/solardorosario.com.br\/galeria\/wp-json\/wp\/v2\/media?parent=7284"}],"wp:term":[{"taxonomy":"product_brand","embeddable":true,"href":"https:\/\/solardorosario.com.br\/galeria\/wp-json\/wp\/v2\/product_brand?post=7284"},{"taxonomy":"product_cat","embeddable":true,"href":"https:\/\/solardorosario.com.br\/galeria\/wp-json\/wp\/v2\/product_cat?post=7284"},{"taxonomy":"product_tag","embeddable":true,"href":"https:\/\/solardorosario.com.br\/galeria\/wp-json\/wp\/v2\/product_tag?post=7284"}],"curies":[{"name":"wp","href":"https:\/\/api.w.org\/{rel}","templated":true}]}}