{"id":6908,"date":"2026-03-09T11:00:41","date_gmt":"2026-03-09T14:00:41","guid":{"rendered":"https:\/\/solardorosario.com.br\/galeria\/?post_type=product&#038;p=6908"},"modified":"2026-03-09T11:00:41","modified_gmt":"2026-03-09T14:00:41","slug":"oxana-narozniak-nu-1","status":"publish","type":"product","link":"https:\/\/solardorosario.com.br\/galeria\/produto\/oxana-narozniak-nu-1\/","title":{"rendered":"Oxana Narozniak - Nu (1)"},"content":{"rendered":"<p><strong>Artista: <\/strong>Oxana Narozniak<\/p>\n<p><strong>T\u00edtulo:\u00a0<\/strong>Nu (1)<\/p>\n<p><strong>Dimens\u00e3o:\u00a0<\/strong>43x30cm<\/p>\n<p><strong>T\u00e9cnica: <\/strong>Desenho\u00a0(sem moldura)<\/p>\n<p>&nbsp;<\/p>\n<p>&nbsp;<\/p>\n<p>Oxana Narozniak nasceu em Memmingen, na regi\u00e3o da Bav\u00e1ria, na Alemanha. Em 1966, estudou na Wayne State University, em Detroit - Michigan e no ano seguinte estou Arts &amp; Crafts, no mesmo local. Em 1968, estudou na Art Student League, em Nova York, na Hunter College. Em 1970, estudou na University of Hawaii. Sua primeira exposi\u00e7\u00e3o coletiva foi na Petite Gallery, em Michigan, em 1972. Exp\u00f4s no Brasil em 1975, na exposi\u00e7\u00e3o \"Arte Er\u00f3tica\", na Galeria Arte Aplicada em S\u00e3o Paulo. Nos anos seguintes exp\u00f4s coletivamente em v\u00e1rios locais como galerias em Nova York, em S\u00e3o Paulo, na Galeria Solar do Ros\u00e1rio, em 1996, no Rio de Janeiro. Sua primeira exposi\u00e7\u00e3o individual foi na Galeria Irlandini, no Rio de Janeiro, em 1976. Depois dessa, vieram outras individuais tamb\u00e9m no Rio de Janeiro, em Curitiba, S\u00e3o Paulo, em Washigton e em Nova York, ambos nos Estados Unidos. Em 2002, participou de exposi\u00e7\u00f5es como \"Survivors - Hofstra Museum\" em Hempstead - NY, e na Galerie Rive Gauche, em Miami - FL.<\/p>\n","protected":false},"excerpt":{"rendered":"<p>Artista: Oxana Narozniak T\u00edtulo:\u00a0Nu (1) Dimens\u00e3o:\u00a043x30cm T\u00e9cnica: Desenho\u00a0(sem moldura) &nbsp; &nbsp; Oxana Narozniak nasceu em Memmingen, na regi\u00e3o da Bav\u00e1ria, na Alemanha. Em 1966, estudou na Wayne State University, em Detroit - Michigan e no ano seguinte estou Arts &amp; Crafts, no mesmo local. Em 1968, estudou na Art Student League, em Nova York, na [&hellip;]<\/p>\n","protected":false},"featured_media":6909,"template":"","meta":[],"product_brand":[],"product_cat":[117],"product_tag":[],"class_list":{"0":"post-6908","1":"product","2":"type-product","3":"status-publish","4":"has-post-thumbnail","6":"product_cat-galeria","7":"pa_artista-oxana-narozniak","8":"pa_estilo-figura-humana","9":"pa_estilo-figurativo","10":"pa_tecnica-desenho","12":"first","13":"instock","14":"shipping-taxable","15":"product-type-simple"},"yoast_head":"<!-- This site is optimized with the Yoast SEO plugin v27.3 - https:\/\/yoast.com\/product\/yoast-seo-wordpress\/ -->\n<title>Oxana Narozniak - Nu (1) - Solar do Ros\u00e1rio Galeria \\\\\\\\Nova<\/title>\n<meta name=\"robots\" content=\"index, follow, max-snippet:-1, max-image-preview:large, max-video-preview:-1\" \/>\n<link rel=\"canonical\" href=\"https:\/\/solardorosario.com.br\/galeria\/produto\/oxana-narozniak-nu-1\/\" \/>\n<meta property=\"og:locale\" content=\"pt_BR\" \/>\n<meta property=\"og:type\" content=\"article\" \/>\n<meta property=\"og:title\" content=\"Oxana Narozniak - Nu (1) - Solar do Ros\u00e1rio Galeria \\\\\\\\Nova\" \/>\n<meta property=\"og:description\" content=\"Artista: Oxana Narozniak T\u00edtulo:\u00a0Nu (1) Dimens\u00e3o:\u00a043x30cm T\u00e9cnica: Desenho\u00a0(sem moldura) &nbsp; &nbsp; Oxana Narozniak nasceu em Memmingen, na regi\u00e3o da Bav\u00e1ria, na Alemanha. Em 1966, estudou na Wayne State University, em Detroit - Michigan e no ano seguinte estou Arts &amp; Crafts, no mesmo local. Em 1968, estudou na Art Student League, em Nova York, na [&hellip;]\" \/>\n<meta property=\"og:url\" content=\"https:\/\/solardorosario.com.br\/galeria\/produto\/oxana-narozniak-nu-1\/\" \/>\n<meta property=\"og:site_name\" content=\"Solar do Ros\u00e1rio Galeria \\\\\\\\Nova\" \/>\n<meta property=\"og:image\" content=\"https:\/\/solardorosario.com.br\/galeria\/wp-content\/uploads\/2026\/03\/1-Nu-43x30cm-Desenho.jpeg\" \/>\n\t<meta property=\"og:image:width\" content=\"1280\" \/>\n\t<meta property=\"og:image:height\" content=\"988\" \/>\n\t<meta property=\"og:image:type\" content=\"image\/jpeg\" \/>\n<meta name=\"twitter:card\" content=\"summary_large_image\" \/>\n<meta name=\"twitter:label1\" content=\"Est. tempo de leitura\" \/>\n\t<meta name=\"twitter:data1\" content=\"2 minutos\" \/>\n<script type=\"application\/ld+json\" class=\"yoast-schema-graph\">{\"@context\":\"https:\\\/\\\/schema.org\",\"@graph\":[{\"@type\":\"WebPage\",\"@id\":\"https:\\\/\\\/solardorosario.com.br\\\/galeria\\\/produto\\\/oxana-narozniak-nu-1\\\/\",\"url\":\"https:\\\/\\\/solardorosario.com.br\\\/galeria\\\/produto\\\/oxana-narozniak-nu-1\\\/\",\"name\":\"Oxana Narozniak - Nu (1) - Solar do Ros\u00e1rio Galeria \\\\\\\\\\\\\\\\Nova\",\"isPartOf\":{\"@id\":\"https:\\\/\\\/solardorosario.com.br\\\/galeria\\\/#website\"},\"primaryImageOfPage\":{\"@id\":\"https:\\\/\\\/solardorosario.com.br\\\/galeria\\\/produto\\\/oxana-narozniak-nu-1\\\/#primaryimage\"},\"image\":{\"@id\":\"https:\\\/\\\/solardorosario.com.br\\\/galeria\\\/produto\\\/oxana-narozniak-nu-1\\\/#primaryimage\"},\"thumbnailUrl\":\"https:\\\/\\\/solardorosario.com.br\\\/galeria\\\/wp-content\\\/uploads\\\/2026\\\/03\\\/1-Nu-43x30cm-Desenho.jpeg\",\"datePublished\":\"2026-03-09T14:00:41+00:00\",\"breadcrumb\":{\"@id\":\"https:\\\/\\\/solardorosario.com.br\\\/galeria\\\/produto\\\/oxana-narozniak-nu-1\\\/#breadcrumb\"},\"inLanguage\":\"pt-BR\",\"potentialAction\":[{\"@type\":\"ReadAction\",\"target\":[\"https:\\\/\\\/solardorosario.com.br\\\/galeria\\\/produto\\\/oxana-narozniak-nu-1\\\/\"]}]},{\"@type\":\"ImageObject\",\"inLanguage\":\"pt-BR\",\"@id\":\"https:\\\/\\\/solardorosario.com.br\\\/galeria\\\/produto\\\/oxana-narozniak-nu-1\\\/#primaryimage\",\"url\":\"https:\\\/\\\/solardorosario.com.br\\\/galeria\\\/wp-content\\\/uploads\\\/2026\\\/03\\\/1-Nu-43x30cm-Desenho.jpeg\",\"contentUrl\":\"https:\\\/\\\/solardorosario.com.br\\\/galeria\\\/wp-content\\\/uploads\\\/2026\\\/03\\\/1-Nu-43x30cm-Desenho.jpeg\",\"width\":1280,\"height\":988},{\"@type\":\"BreadcrumbList\",\"@id\":\"https:\\\/\\\/solardorosario.com.br\\\/galeria\\\/produto\\\/oxana-narozniak-nu-1\\\/#breadcrumb\",\"itemListElement\":[{\"@type\":\"ListItem\",\"position\":1,\"name\":\"In\u00edcio\",\"item\":\"https:\\\/\\\/solardorosario.com.br\\\/galeria\\\/\"},{\"@type\":\"ListItem\",\"position\":2,\"name\":\"galeria\",\"item\":\"https:\\\/\\\/solardorosario.com.br\\\/galeria\\\/galeria\\\/\"},{\"@type\":\"ListItem\",\"position\":3,\"name\":\"Oxana Narozniak - Nu (1)\"}]},{\"@type\":\"WebSite\",\"@id\":\"https:\\\/\\\/solardorosario.com.br\\\/galeria\\\/#website\",\"url\":\"https:\\\/\\\/solardorosario.com.br\\\/galeria\\\/\",\"name\":\"Solar do Ros\u00e1rio Galeria \\\\\\\\\\\\\\\\Nova\",\"description\":\"\",\"potentialAction\":[{\"@type\":\"SearchAction\",\"target\":{\"@type\":\"EntryPoint\",\"urlTemplate\":\"https:\\\/\\\/solardorosario.com.br\\\/galeria\\\/?s={search_term_string}\"},\"query-input\":{\"@type\":\"PropertyValueSpecification\",\"valueRequired\":true,\"valueName\":\"search_term_string\"}}],\"inLanguage\":\"pt-BR\"}]}<\/script>\n<!-- \/ Yoast SEO plugin. -->","yoast_head_json":{"title":"Oxana Narozniak - Nu (1) - Solar do Ros\u00e1rio Galeria \\\\\\\\Nova","robots":{"index":"index","follow":"follow","max-snippet":"max-snippet:-1","max-image-preview":"max-image-preview:large","max-video-preview":"max-video-preview:-1"},"canonical":"https:\/\/solardorosario.com.br\/galeria\/produto\/oxana-narozniak-nu-1\/","og_locale":"pt_BR","og_type":"article","og_title":"Oxana Narozniak - Nu (1) - Solar do Ros\u00e1rio Galeria \\\\\\\\Nova","og_description":"Artista: Oxana Narozniak T\u00edtulo:\u00a0Nu (1) Dimens\u00e3o:\u00a043x30cm T\u00e9cnica: Desenho\u00a0(sem moldura) &nbsp; &nbsp; Oxana Narozniak nasceu em Memmingen, na regi\u00e3o da Bav\u00e1ria, na Alemanha. Em 1966, estudou na Wayne State University, em Detroit - Michigan e no ano seguinte estou Arts &amp; Crafts, no mesmo local. Em 1968, estudou na Art Student League, em Nova York, na [&hellip;]","og_url":"https:\/\/solardorosario.com.br\/galeria\/produto\/oxana-narozniak-nu-1\/","og_site_name":"Solar do Ros\u00e1rio Galeria \\\\\\\\Nova","og_image":[{"width":1280,"height":988,"url":"https:\/\/solardorosario.com.br\/galeria\/wp-content\/uploads\/2026\/03\/1-Nu-43x30cm-Desenho.jpeg","type":"image\/jpeg"}],"twitter_card":"summary_large_image","twitter_misc":{"Est. tempo de leitura":"2 minutos"},"schema":{"@context":"https:\/\/schema.org","@graph":[{"@type":"WebPage","@id":"https:\/\/solardorosario.com.br\/galeria\/produto\/oxana-narozniak-nu-1\/","url":"https:\/\/solardorosario.com.br\/galeria\/produto\/oxana-narozniak-nu-1\/","name":"Oxana Narozniak - Nu (1) - Solar do Ros\u00e1rio Galeria \\\\\\\\Nova","isPartOf":{"@id":"https:\/\/solardorosario.com.br\/galeria\/#website"},"primaryImageOfPage":{"@id":"https:\/\/solardorosario.com.br\/galeria\/produto\/oxana-narozniak-nu-1\/#primaryimage"},"image":{"@id":"https:\/\/solardorosario.com.br\/galeria\/produto\/oxana-narozniak-nu-1\/#primaryimage"},"thumbnailUrl":"https:\/\/solardorosario.com.br\/galeria\/wp-content\/uploads\/2026\/03\/1-Nu-43x30cm-Desenho.jpeg","datePublished":"2026-03-09T14:00:41+00:00","breadcrumb":{"@id":"https:\/\/solardorosario.com.br\/galeria\/produto\/oxana-narozniak-nu-1\/#breadcrumb"},"inLanguage":"pt-BR","potentialAction":[{"@type":"ReadAction","target":["https:\/\/solardorosario.com.br\/galeria\/produto\/oxana-narozniak-nu-1\/"]}]},{"@type":"ImageObject","inLanguage":"pt-BR","@id":"https:\/\/solardorosario.com.br\/galeria\/produto\/oxana-narozniak-nu-1\/#primaryimage","url":"https:\/\/solardorosario.com.br\/galeria\/wp-content\/uploads\/2026\/03\/1-Nu-43x30cm-Desenho.jpeg","contentUrl":"https:\/\/solardorosario.com.br\/galeria\/wp-content\/uploads\/2026\/03\/1-Nu-43x30cm-Desenho.jpeg","width":1280,"height":988},{"@type":"BreadcrumbList","@id":"https:\/\/solardorosario.com.br\/galeria\/produto\/oxana-narozniak-nu-1\/#breadcrumb","itemListElement":[{"@type":"ListItem","position":1,"name":"In\u00edcio","item":"https:\/\/solardorosario.com.br\/galeria\/"},{"@type":"ListItem","position":2,"name":"galeria","item":"https:\/\/solardorosario.com.br\/galeria\/galeria\/"},{"@type":"ListItem","position":3,"name":"Oxana Narozniak - Nu (1)"}]},{"@type":"WebSite","@id":"https:\/\/solardorosario.com.br\/galeria\/#website","url":"https:\/\/solardorosario.com.br\/galeria\/","name":"Solar do Ros\u00e1rio Galeria \\\\\\\\Nova","description":"","potentialAction":[{"@type":"SearchAction","target":{"@type":"EntryPoint","urlTemplate":"https:\/\/solardorosario.com.br\/galeria\/?s={search_term_string}"},"query-input":{"@type":"PropertyValueSpecification","valueRequired":true,"valueName":"search_term_string"}}],"inLanguage":"pt-BR"}]}},"_links":{"self":[{"href":"https:\/\/solardorosario.com.br\/galeria\/wp-json\/wp\/v2\/product\/6908","targetHints":{"allow":["GET"]}}],"collection":[{"href":"https:\/\/solardorosario.com.br\/galeria\/wp-json\/wp\/v2\/product"}],"about":[{"href":"https:\/\/solardorosario.com.br\/galeria\/wp-json\/wp\/v2\/types\/product"}],"wp:featuredmedia":[{"embeddable":true,"href":"https:\/\/solardorosario.com.br\/galeria\/wp-json\/wp\/v2\/media\/6909"}],"wp:attachment":[{"href":"https:\/\/solardorosario.com.br\/galeria\/wp-json\/wp\/v2\/media?parent=6908"}],"wp:term":[{"taxonomy":"product_brand","embeddable":true,"href":"https:\/\/solardorosario.com.br\/galeria\/wp-json\/wp\/v2\/product_brand?post=6908"},{"taxonomy":"product_cat","embeddable":true,"href":"https:\/\/solardorosario.com.br\/galeria\/wp-json\/wp\/v2\/product_cat?post=6908"},{"taxonomy":"product_tag","embeddable":true,"href":"https:\/\/solardorosario.com.br\/galeria\/wp-json\/wp\/v2\/product_tag?post=6908"}],"curies":[{"name":"wp","href":"https:\/\/api.w.org\/{rel}","templated":true}]}}