{"id":6896,"date":"2026-03-06T14:20:07","date_gmt":"2026-03-06T17:20:07","guid":{"rendered":"https:\/\/solardorosario.com.br\/galeria\/?post_type=product&#038;p=6896"},"modified":"2026-03-06T14:20:07","modified_gmt":"2026-03-06T17:20:07","slug":"denise-roman-passaros-observando-uma-corrida-desabelada-2","status":"publish","type":"product","link":"https:\/\/solardorosario.com.br\/galeria\/produto\/denise-roman-passaros-observando-uma-corrida-desabelada-2\/","title":{"rendered":"Denise Roman - P\u00e1ssaros observando uma corrida desabelada (2)"},"content":{"rendered":"<p><strong>Artista:\u00a0<\/strong>Denise Roman<\/p>\n<p><strong>T\u00edtulo:\u00a0<\/strong>P\u00e1ssaros observando uma corrida desabalada (2)<\/p>\n<p><strong>Dimens\u00e3o:\u00a0<\/strong>32x66cm<\/p>\n<p><strong>T\u00e9cnica:\u00a0<\/strong>Serigrafia\u00a0 (sem moldura)<\/p>\n<p><strong>Ano:\u00a0<\/strong>2016<\/p>\n<p>&nbsp;<\/p>\n<p>Denise Roman \u00e9 artista visual, gravadora, nascida em Curitiba - PR, em 1957. \u00c9 formada pela Escola de M\u00fasica e Belas Artes do Paran\u00e1 (EMBAP), e realizou cursos de especializa\u00e7\u00e3o em t\u00e9cnicas de gravuras com v\u00e1rios artistas entre 1979 e 1997. Foi orientadora da oficina de litografia do Museu da Gravura de Curitiba, no Liceu de Artes e Of\u00edcios entre 1987 a 1995, e atualmente continua trabalhando na Funda\u00e7\u00e3o Cultural de Curitiba, com litografia e gravura em metal.<br \/>\nExp\u00f4s individualmente na sede da FCC, em 1992, no Museu da Gravura de Curitiba, na XII Mostra da Gravura de Curitiba, na Sala de Exposi\u00e7\u00f5es Leonor Botteri e no Centro Cultura Solar do Bar\u00e3o, al\u00e9m da I Mostra Internacional de Miniprint, em Vit\u00f3ria- ES, 2000.<br \/>\nNas exposi\u00e7\u00f5es coletivas, participou da exposi\u00e7\u00e3o Coletiva de Artistas Paranaenses na Su\u00ed\u00e7a, em 1983, em 1997 na Collin Country Community College, University of Texas (Irwing) e na University of Texas of the Permian Basin, nos Estados Unidos na coletiva itinerante de gravuras contempor\u00e2neas brasileiras. Em 1998, exp\u00f4s na Lousiana State University e na Abilene State University. Participou do 44\u00ba e depois do 45\u00ba Sal\u00f5es Paranaenses, em 1988 e 1989, respectivamente. Participou de diversas mostras em Curitiba e fora do Brasil, como na 15\u00aa Exibi\u00e7\u00e3o Independente de prints em Kanagawa, Jap\u00e3o.<\/p>\n","protected":false},"excerpt":{"rendered":"<p>Artista:\u00a0Denise Roman T\u00edtulo:\u00a0P\u00e1ssaros observando uma corrida desabalada (2) Dimens\u00e3o:\u00a032x66cm T\u00e9cnica:\u00a0Serigrafia\u00a0 (sem moldura) Ano:\u00a02016 &nbsp; Denise Roman \u00e9 artista visual, gravadora, nascida em Curitiba - PR, em 1957. \u00c9 formada pela Escola de M\u00fasica e Belas Artes do Paran\u00e1 (EMBAP), e realizou cursos de especializa\u00e7\u00e3o em t\u00e9cnicas de gravuras com v\u00e1rios artistas entre 1979 e 1997. [&hellip;]<\/p>\n","protected":false},"featured_media":6897,"template":"","meta":[],"product_brand":[],"product_cat":[117],"product_tag":[],"class_list":{"0":"post-6896","1":"product","2":"type-product","3":"status-publish","4":"has-post-thumbnail","6":"product_cat-galeria","7":"pa_artista-denise-roman","8":"pa_estilo-figurativo","9":"pa_tecnica-serigrafia","11":"first","12":"instock","13":"shipping-taxable","14":"product-type-simple"},"yoast_head":"<!-- This site is optimized with the Yoast SEO plugin v27.4 - https:\/\/yoast.com\/product\/yoast-seo-wordpress\/ -->\n<title>Denise Roman - P\u00e1ssaros observando uma corrida desabelada (2) - Solar do Ros\u00e1rio Galeria \\\\\\\\Nova<\/title>\n<meta name=\"robots\" content=\"index, follow, max-snippet:-1, max-image-preview:large, max-video-preview:-1\" \/>\n<link rel=\"canonical\" href=\"https:\/\/solardorosario.com.br\/galeria\/produto\/denise-roman-passaros-observando-uma-corrida-desabelada-2\/\" \/>\n<meta property=\"og:locale\" content=\"pt_BR\" \/>\n<meta property=\"og:type\" content=\"article\" \/>\n<meta property=\"og:title\" content=\"Denise Roman - P\u00e1ssaros observando uma corrida desabelada (2) - Solar do Ros\u00e1rio Galeria \\\\\\\\Nova\" \/>\n<meta property=\"og:description\" content=\"Artista:\u00a0Denise Roman T\u00edtulo:\u00a0P\u00e1ssaros observando uma corrida desabalada (2) Dimens\u00e3o:\u00a032x66cm T\u00e9cnica:\u00a0Serigrafia\u00a0 (sem moldura) Ano:\u00a02016 &nbsp; Denise Roman \u00e9 artista visual, gravadora, nascida em Curitiba - PR, em 1957. \u00c9 formada pela Escola de M\u00fasica e Belas Artes do Paran\u00e1 (EMBAP), e realizou cursos de especializa\u00e7\u00e3o em t\u00e9cnicas de gravuras com v\u00e1rios artistas entre 1979 e 1997. [&hellip;]\" \/>\n<meta property=\"og:url\" content=\"https:\/\/solardorosario.com.br\/galeria\/produto\/denise-roman-passaros-observando-uma-corrida-desabelada-2\/\" \/>\n<meta property=\"og:site_name\" content=\"Solar do Ros\u00e1rio Galeria \\\\\\\\Nova\" \/>\n<meta property=\"og:image\" content=\"https:\/\/solardorosario.com.br\/galeria\/wp-content\/uploads\/2026\/03\/6-Passaros-observando-uma-corrida-desabaladas-2.jpeg\" \/>\n\t<meta property=\"og:image:width\" content=\"1280\" \/>\n\t<meta property=\"og:image:height\" content=\"612\" \/>\n\t<meta property=\"og:image:type\" content=\"image\/jpeg\" \/>\n<meta name=\"twitter:card\" content=\"summary_large_image\" \/>\n<meta name=\"twitter:label1\" content=\"Est. tempo de leitura\" \/>\n\t<meta name=\"twitter:data1\" content=\"2 minutos\" \/>\n<script type=\"application\/ld+json\" class=\"yoast-schema-graph\">{\"@context\":\"https:\\\/\\\/schema.org\",\"@graph\":[{\"@type\":\"WebPage\",\"@id\":\"https:\\\/\\\/solardorosario.com.br\\\/galeria\\\/produto\\\/denise-roman-passaros-observando-uma-corrida-desabelada-2\\\/\",\"url\":\"https:\\\/\\\/solardorosario.com.br\\\/galeria\\\/produto\\\/denise-roman-passaros-observando-uma-corrida-desabelada-2\\\/\",\"name\":\"Denise Roman - P\u00e1ssaros observando uma corrida desabelada (2) - Solar do Ros\u00e1rio Galeria \\\\\\\\\\\\\\\\Nova\",\"isPartOf\":{\"@id\":\"https:\\\/\\\/solardorosario.com.br\\\/galeria\\\/#website\"},\"primaryImageOfPage\":{\"@id\":\"https:\\\/\\\/solardorosario.com.br\\\/galeria\\\/produto\\\/denise-roman-passaros-observando-uma-corrida-desabelada-2\\\/#primaryimage\"},\"image\":{\"@id\":\"https:\\\/\\\/solardorosario.com.br\\\/galeria\\\/produto\\\/denise-roman-passaros-observando-uma-corrida-desabelada-2\\\/#primaryimage\"},\"thumbnailUrl\":\"https:\\\/\\\/solardorosario.com.br\\\/galeria\\\/wp-content\\\/uploads\\\/2026\\\/03\\\/6-Passaros-observando-uma-corrida-desabaladas-2.jpeg\",\"datePublished\":\"2026-03-06T17:20:07+00:00\",\"breadcrumb\":{\"@id\":\"https:\\\/\\\/solardorosario.com.br\\\/galeria\\\/produto\\\/denise-roman-passaros-observando-uma-corrida-desabelada-2\\\/#breadcrumb\"},\"inLanguage\":\"pt-BR\",\"potentialAction\":[{\"@type\":\"ReadAction\",\"target\":[\"https:\\\/\\\/solardorosario.com.br\\\/galeria\\\/produto\\\/denise-roman-passaros-observando-uma-corrida-desabelada-2\\\/\"]}]},{\"@type\":\"ImageObject\",\"inLanguage\":\"pt-BR\",\"@id\":\"https:\\\/\\\/solardorosario.com.br\\\/galeria\\\/produto\\\/denise-roman-passaros-observando-uma-corrida-desabelada-2\\\/#primaryimage\",\"url\":\"https:\\\/\\\/solardorosario.com.br\\\/galeria\\\/wp-content\\\/uploads\\\/2026\\\/03\\\/6-Passaros-observando-uma-corrida-desabaladas-2.jpeg\",\"contentUrl\":\"https:\\\/\\\/solardorosario.com.br\\\/galeria\\\/wp-content\\\/uploads\\\/2026\\\/03\\\/6-Passaros-observando-uma-corrida-desabaladas-2.jpeg\",\"width\":1280,\"height\":612},{\"@type\":\"BreadcrumbList\",\"@id\":\"https:\\\/\\\/solardorosario.com.br\\\/galeria\\\/produto\\\/denise-roman-passaros-observando-uma-corrida-desabelada-2\\\/#breadcrumb\",\"itemListElement\":[{\"@type\":\"ListItem\",\"position\":1,\"name\":\"In\u00edcio\",\"item\":\"https:\\\/\\\/solardorosario.com.br\\\/galeria\\\/\"},{\"@type\":\"ListItem\",\"position\":2,\"name\":\"galeria\",\"item\":\"https:\\\/\\\/solardorosario.com.br\\\/galeria\\\/galeria\\\/\"},{\"@type\":\"ListItem\",\"position\":3,\"name\":\"Denise Roman - P\u00e1ssaros observando uma corrida desabelada (2)\"}]},{\"@type\":\"WebSite\",\"@id\":\"https:\\\/\\\/solardorosario.com.br\\\/galeria\\\/#website\",\"url\":\"https:\\\/\\\/solardorosario.com.br\\\/galeria\\\/\",\"name\":\"Solar do Ros\u00e1rio Galeria \\\\\\\\\\\\\\\\Nova\",\"description\":\"\",\"potentialAction\":[{\"@type\":\"SearchAction\",\"target\":{\"@type\":\"EntryPoint\",\"urlTemplate\":\"https:\\\/\\\/solardorosario.com.br\\\/galeria\\\/?s={search_term_string}\"},\"query-input\":{\"@type\":\"PropertyValueSpecification\",\"valueRequired\":true,\"valueName\":\"search_term_string\"}}],\"inLanguage\":\"pt-BR\"}]}<\/script>\n<!-- \/ Yoast SEO plugin. -->","yoast_head_json":{"title":"Denise Roman - P\u00e1ssaros observando uma corrida desabelada (2) - Solar do Ros\u00e1rio Galeria \\\\\\\\Nova","robots":{"index":"index","follow":"follow","max-snippet":"max-snippet:-1","max-image-preview":"max-image-preview:large","max-video-preview":"max-video-preview:-1"},"canonical":"https:\/\/solardorosario.com.br\/galeria\/produto\/denise-roman-passaros-observando-uma-corrida-desabelada-2\/","og_locale":"pt_BR","og_type":"article","og_title":"Denise Roman - P\u00e1ssaros observando uma corrida desabelada (2) - Solar do Ros\u00e1rio Galeria \\\\\\\\Nova","og_description":"Artista:\u00a0Denise Roman T\u00edtulo:\u00a0P\u00e1ssaros observando uma corrida desabalada (2) Dimens\u00e3o:\u00a032x66cm T\u00e9cnica:\u00a0Serigrafia\u00a0 (sem moldura) Ano:\u00a02016 &nbsp; Denise Roman \u00e9 artista visual, gravadora, nascida em Curitiba - PR, em 1957. \u00c9 formada pela Escola de M\u00fasica e Belas Artes do Paran\u00e1 (EMBAP), e realizou cursos de especializa\u00e7\u00e3o em t\u00e9cnicas de gravuras com v\u00e1rios artistas entre 1979 e 1997. [&hellip;]","og_url":"https:\/\/solardorosario.com.br\/galeria\/produto\/denise-roman-passaros-observando-uma-corrida-desabelada-2\/","og_site_name":"Solar do Ros\u00e1rio Galeria \\\\\\\\Nova","og_image":[{"width":1280,"height":612,"url":"https:\/\/solardorosario.com.br\/galeria\/wp-content\/uploads\/2026\/03\/6-Passaros-observando-uma-corrida-desabaladas-2.jpeg","type":"image\/jpeg"}],"twitter_card":"summary_large_image","twitter_misc":{"Est. tempo de leitura":"2 minutos"},"schema":{"@context":"https:\/\/schema.org","@graph":[{"@type":"WebPage","@id":"https:\/\/solardorosario.com.br\/galeria\/produto\/denise-roman-passaros-observando-uma-corrida-desabelada-2\/","url":"https:\/\/solardorosario.com.br\/galeria\/produto\/denise-roman-passaros-observando-uma-corrida-desabelada-2\/","name":"Denise Roman - P\u00e1ssaros observando uma corrida desabelada (2) - Solar do Ros\u00e1rio Galeria \\\\\\\\Nova","isPartOf":{"@id":"https:\/\/solardorosario.com.br\/galeria\/#website"},"primaryImageOfPage":{"@id":"https:\/\/solardorosario.com.br\/galeria\/produto\/denise-roman-passaros-observando-uma-corrida-desabelada-2\/#primaryimage"},"image":{"@id":"https:\/\/solardorosario.com.br\/galeria\/produto\/denise-roman-passaros-observando-uma-corrida-desabelada-2\/#primaryimage"},"thumbnailUrl":"https:\/\/solardorosario.com.br\/galeria\/wp-content\/uploads\/2026\/03\/6-Passaros-observando-uma-corrida-desabaladas-2.jpeg","datePublished":"2026-03-06T17:20:07+00:00","breadcrumb":{"@id":"https:\/\/solardorosario.com.br\/galeria\/produto\/denise-roman-passaros-observando-uma-corrida-desabelada-2\/#breadcrumb"},"inLanguage":"pt-BR","potentialAction":[{"@type":"ReadAction","target":["https:\/\/solardorosario.com.br\/galeria\/produto\/denise-roman-passaros-observando-uma-corrida-desabelada-2\/"]}]},{"@type":"ImageObject","inLanguage":"pt-BR","@id":"https:\/\/solardorosario.com.br\/galeria\/produto\/denise-roman-passaros-observando-uma-corrida-desabelada-2\/#primaryimage","url":"https:\/\/solardorosario.com.br\/galeria\/wp-content\/uploads\/2026\/03\/6-Passaros-observando-uma-corrida-desabaladas-2.jpeg","contentUrl":"https:\/\/solardorosario.com.br\/galeria\/wp-content\/uploads\/2026\/03\/6-Passaros-observando-uma-corrida-desabaladas-2.jpeg","width":1280,"height":612},{"@type":"BreadcrumbList","@id":"https:\/\/solardorosario.com.br\/galeria\/produto\/denise-roman-passaros-observando-uma-corrida-desabelada-2\/#breadcrumb","itemListElement":[{"@type":"ListItem","position":1,"name":"In\u00edcio","item":"https:\/\/solardorosario.com.br\/galeria\/"},{"@type":"ListItem","position":2,"name":"galeria","item":"https:\/\/solardorosario.com.br\/galeria\/galeria\/"},{"@type":"ListItem","position":3,"name":"Denise Roman - P\u00e1ssaros observando uma corrida desabelada (2)"}]},{"@type":"WebSite","@id":"https:\/\/solardorosario.com.br\/galeria\/#website","url":"https:\/\/solardorosario.com.br\/galeria\/","name":"Solar do Ros\u00e1rio Galeria \\\\\\\\Nova","description":"","potentialAction":[{"@type":"SearchAction","target":{"@type":"EntryPoint","urlTemplate":"https:\/\/solardorosario.com.br\/galeria\/?s={search_term_string}"},"query-input":{"@type":"PropertyValueSpecification","valueRequired":true,"valueName":"search_term_string"}}],"inLanguage":"pt-BR"}]}},"_links":{"self":[{"href":"https:\/\/solardorosario.com.br\/galeria\/wp-json\/wp\/v2\/product\/6896","targetHints":{"allow":["GET"]}}],"collection":[{"href":"https:\/\/solardorosario.com.br\/galeria\/wp-json\/wp\/v2\/product"}],"about":[{"href":"https:\/\/solardorosario.com.br\/galeria\/wp-json\/wp\/v2\/types\/product"}],"wp:featuredmedia":[{"embeddable":true,"href":"https:\/\/solardorosario.com.br\/galeria\/wp-json\/wp\/v2\/media\/6897"}],"wp:attachment":[{"href":"https:\/\/solardorosario.com.br\/galeria\/wp-json\/wp\/v2\/media?parent=6896"}],"wp:term":[{"taxonomy":"product_brand","embeddable":true,"href":"https:\/\/solardorosario.com.br\/galeria\/wp-json\/wp\/v2\/product_brand?post=6896"},{"taxonomy":"product_cat","embeddable":true,"href":"https:\/\/solardorosario.com.br\/galeria\/wp-json\/wp\/v2\/product_cat?post=6896"},{"taxonomy":"product_tag","embeddable":true,"href":"https:\/\/solardorosario.com.br\/galeria\/wp-json\/wp\/v2\/product_tag?post=6896"}],"curies":[{"name":"wp","href":"https:\/\/api.w.org\/{rel}","templated":true}]}}