{"id":6868,"date":"2026-02-25T16:11:02","date_gmt":"2026-02-25T19:11:02","guid":{"rendered":"https:\/\/solardorosario.com.br\/galeria\/?post_type=product&#038;p=6868"},"modified":"2026-02-25T16:11:02","modified_gmt":"2026-02-25T19:11:02","slug":"lahir-ramos-tulipas-vermelhas","status":"publish","type":"product","link":"https:\/\/solardorosario.com.br\/galeria\/produto\/lahir-ramos-tulipas-vermelhas\/","title":{"rendered":"Lahir Ramos - Tulipas (vermelhas)"},"content":{"rendered":"<p><strong>Artista:<\/strong> Lahir Ramos<\/p>\n<p><strong>T\u00edtulo:<\/strong> Tulipas<\/p>\n<p><strong>Dimens\u00e3o:<\/strong> 42x4170cm<\/p>\n<p><strong>T\u00e9cnica:<\/strong> Gravura em metal<\/p>\n<p>&nbsp;<\/p>\n<p>&nbsp;<\/p>\n<p>Lahir Pereira Ramos \u00e9 nascida em 02 de fevereiro de 1961, em Curitiba - Paran\u00e1. \u00c9 artista visual, fot\u00f3grafa e curadora. Se graduou em Educa\u00e7\u00e3o Art\u00edstica, com habilita\u00e7\u00e3o em Desenho, pela Universidade Federal do Paran\u00e1 (UFPR) em 1986. Participou de exposi\u00e7\u00f5es individuais, coletivas e sal\u00f5es de arte desde 1992 no Brasil, na Fran\u00e7a, nos Estados Unidos e no Jap\u00e3o. Em 2007, foi contemplada pelo edital da Bolsa Produ\u00e7\u00e3o para Artes Visuais da Funda\u00e7\u00e3o Cultural de Curitiba (FCC), e realizou o projeto \"Imagem Constru\u00edda\". Em 2010, fez a exposi\u00e7\u00e3o individual \"Lavar a Alma de Ely Felber\", na Galeria SESC - Curitiba. Em 2011 participou da exposi\u00e7\u00e3o coletiva Fio Condutor, na Galeria Municipal de Arte Victor Kursancew, em Joinville. Em 2022, fez a curadoria da exposi\u00e7\u00e3o \"Bichos Vizinhos\"\", no Museu da Gravura, no Solar do Bar\u00e3o.<\/p>\n","protected":false},"excerpt":{"rendered":"<p>Artista: Lahir Ramos T\u00edtulo: Tulipas Dimens\u00e3o: 42x4170cm T\u00e9cnica: Gravura em metal &nbsp; &nbsp; Lahir Pereira Ramos \u00e9 nascida em 02 de fevereiro de 1961, em Curitiba - Paran\u00e1. \u00c9 artista visual, fot\u00f3grafa e curadora. Se graduou em Educa\u00e7\u00e3o Art\u00edstica, com habilita\u00e7\u00e3o em Desenho, pela Universidade Federal do Paran\u00e1 (UFPR) em 1986. Participou de exposi\u00e7\u00f5es individuais, [&hellip;]<\/p>\n","protected":false},"featured_media":6869,"template":"","meta":[],"product_brand":[],"product_cat":[117],"product_tag":[],"class_list":{"0":"post-6868","1":"product","2":"type-product","3":"status-publish","4":"has-post-thumbnail","6":"product_cat-galeria","7":"pa_artista-lahir-ramos","8":"pa_estilo-figurativo","9":"pa_tecnica-gravura-em-metal","11":"first","12":"instock","13":"shipping-taxable","14":"product-type-simple"},"yoast_head":"<!-- This site is optimized with the Yoast SEO plugin v27.4 - https:\/\/yoast.com\/product\/yoast-seo-wordpress\/ -->\n<title>Lahir Ramos - Tulipas (vermelhas) - Solar do Ros\u00e1rio Galeria \\\\\\\\Nova<\/title>\n<meta name=\"robots\" content=\"index, follow, max-snippet:-1, max-image-preview:large, max-video-preview:-1\" \/>\n<link rel=\"canonical\" href=\"https:\/\/solardorosario.com.br\/galeria\/produto\/lahir-ramos-tulipas-vermelhas\/\" \/>\n<meta property=\"og:locale\" content=\"pt_BR\" \/>\n<meta property=\"og:type\" content=\"article\" \/>\n<meta property=\"og:title\" content=\"Lahir Ramos - Tulipas (vermelhas) - Solar do Ros\u00e1rio Galeria \\\\\\\\Nova\" \/>\n<meta property=\"og:description\" content=\"Artista: Lahir Ramos T\u00edtulo: Tulipas Dimens\u00e3o: 42x4170cm T\u00e9cnica: Gravura em metal &nbsp; &nbsp; Lahir Pereira Ramos \u00e9 nascida em 02 de fevereiro de 1961, em Curitiba - Paran\u00e1. \u00c9 artista visual, fot\u00f3grafa e curadora. Se graduou em Educa\u00e7\u00e3o Art\u00edstica, com habilita\u00e7\u00e3o em Desenho, pela Universidade Federal do Paran\u00e1 (UFPR) em 1986. Participou de exposi\u00e7\u00f5es individuais, [&hellip;]\" \/>\n<meta property=\"og:url\" content=\"https:\/\/solardorosario.com.br\/galeria\/produto\/lahir-ramos-tulipas-vermelhas\/\" \/>\n<meta property=\"og:site_name\" content=\"Solar do Ros\u00e1rio Galeria \\\\\\\\Nova\" \/>\n<meta property=\"og:image\" content=\"https:\/\/solardorosario.com.br\/galeria\/wp-content\/uploads\/2026\/02\/2-Tulipas-vermelhas-42x70cm-gravura-em-metal.jpeg\" \/>\n\t<meta property=\"og:image:width\" content=\"1280\" \/>\n\t<meta property=\"og:image:height\" content=\"733\" \/>\n\t<meta property=\"og:image:type\" content=\"image\/jpeg\" \/>\n<meta name=\"twitter:card\" content=\"summary_large_image\" \/>\n<meta name=\"twitter:label1\" content=\"Est. tempo de leitura\" \/>\n\t<meta name=\"twitter:data1\" content=\"1 minuto\" \/>\n<script type=\"application\/ld+json\" class=\"yoast-schema-graph\">{\"@context\":\"https:\\\/\\\/schema.org\",\"@graph\":[{\"@type\":\"WebPage\",\"@id\":\"https:\\\/\\\/solardorosario.com.br\\\/galeria\\\/produto\\\/lahir-ramos-tulipas-vermelhas\\\/\",\"url\":\"https:\\\/\\\/solardorosario.com.br\\\/galeria\\\/produto\\\/lahir-ramos-tulipas-vermelhas\\\/\",\"name\":\"Lahir Ramos - Tulipas (vermelhas) - Solar do Ros\u00e1rio Galeria \\\\\\\\\\\\\\\\Nova\",\"isPartOf\":{\"@id\":\"https:\\\/\\\/solardorosario.com.br\\\/galeria\\\/#website\"},\"primaryImageOfPage\":{\"@id\":\"https:\\\/\\\/solardorosario.com.br\\\/galeria\\\/produto\\\/lahir-ramos-tulipas-vermelhas\\\/#primaryimage\"},\"image\":{\"@id\":\"https:\\\/\\\/solardorosario.com.br\\\/galeria\\\/produto\\\/lahir-ramos-tulipas-vermelhas\\\/#primaryimage\"},\"thumbnailUrl\":\"https:\\\/\\\/solardorosario.com.br\\\/galeria\\\/wp-content\\\/uploads\\\/2026\\\/02\\\/2-Tulipas-vermelhas-42x70cm-gravura-em-metal.jpeg\",\"datePublished\":\"2026-02-25T19:11:02+00:00\",\"breadcrumb\":{\"@id\":\"https:\\\/\\\/solardorosario.com.br\\\/galeria\\\/produto\\\/lahir-ramos-tulipas-vermelhas\\\/#breadcrumb\"},\"inLanguage\":\"pt-BR\",\"potentialAction\":[{\"@type\":\"ReadAction\",\"target\":[\"https:\\\/\\\/solardorosario.com.br\\\/galeria\\\/produto\\\/lahir-ramos-tulipas-vermelhas\\\/\"]}]},{\"@type\":\"ImageObject\",\"inLanguage\":\"pt-BR\",\"@id\":\"https:\\\/\\\/solardorosario.com.br\\\/galeria\\\/produto\\\/lahir-ramos-tulipas-vermelhas\\\/#primaryimage\",\"url\":\"https:\\\/\\\/solardorosario.com.br\\\/galeria\\\/wp-content\\\/uploads\\\/2026\\\/02\\\/2-Tulipas-vermelhas-42x70cm-gravura-em-metal.jpeg\",\"contentUrl\":\"https:\\\/\\\/solardorosario.com.br\\\/galeria\\\/wp-content\\\/uploads\\\/2026\\\/02\\\/2-Tulipas-vermelhas-42x70cm-gravura-em-metal.jpeg\",\"width\":1280,\"height\":733},{\"@type\":\"BreadcrumbList\",\"@id\":\"https:\\\/\\\/solardorosario.com.br\\\/galeria\\\/produto\\\/lahir-ramos-tulipas-vermelhas\\\/#breadcrumb\",\"itemListElement\":[{\"@type\":\"ListItem\",\"position\":1,\"name\":\"In\u00edcio\",\"item\":\"https:\\\/\\\/solardorosario.com.br\\\/galeria\\\/\"},{\"@type\":\"ListItem\",\"position\":2,\"name\":\"galeria\",\"item\":\"https:\\\/\\\/solardorosario.com.br\\\/galeria\\\/galeria\\\/\"},{\"@type\":\"ListItem\",\"position\":3,\"name\":\"Lahir Ramos - Tulipas (vermelhas)\"}]},{\"@type\":\"WebSite\",\"@id\":\"https:\\\/\\\/solardorosario.com.br\\\/galeria\\\/#website\",\"url\":\"https:\\\/\\\/solardorosario.com.br\\\/galeria\\\/\",\"name\":\"Solar do Ros\u00e1rio Galeria \\\\\\\\\\\\\\\\Nova\",\"description\":\"\",\"potentialAction\":[{\"@type\":\"SearchAction\",\"target\":{\"@type\":\"EntryPoint\",\"urlTemplate\":\"https:\\\/\\\/solardorosario.com.br\\\/galeria\\\/?s={search_term_string}\"},\"query-input\":{\"@type\":\"PropertyValueSpecification\",\"valueRequired\":true,\"valueName\":\"search_term_string\"}}],\"inLanguage\":\"pt-BR\"}]}<\/script>\n<!-- \/ Yoast SEO plugin. -->","yoast_head_json":{"title":"Lahir Ramos - Tulipas (vermelhas) - Solar do Ros\u00e1rio Galeria \\\\\\\\Nova","robots":{"index":"index","follow":"follow","max-snippet":"max-snippet:-1","max-image-preview":"max-image-preview:large","max-video-preview":"max-video-preview:-1"},"canonical":"https:\/\/solardorosario.com.br\/galeria\/produto\/lahir-ramos-tulipas-vermelhas\/","og_locale":"pt_BR","og_type":"article","og_title":"Lahir Ramos - Tulipas (vermelhas) - Solar do Ros\u00e1rio Galeria \\\\\\\\Nova","og_description":"Artista: Lahir Ramos T\u00edtulo: Tulipas Dimens\u00e3o: 42x4170cm T\u00e9cnica: Gravura em metal &nbsp; &nbsp; Lahir Pereira Ramos \u00e9 nascida em 02 de fevereiro de 1961, em Curitiba - Paran\u00e1. \u00c9 artista visual, fot\u00f3grafa e curadora. Se graduou em Educa\u00e7\u00e3o Art\u00edstica, com habilita\u00e7\u00e3o em Desenho, pela Universidade Federal do Paran\u00e1 (UFPR) em 1986. Participou de exposi\u00e7\u00f5es individuais, [&hellip;]","og_url":"https:\/\/solardorosario.com.br\/galeria\/produto\/lahir-ramos-tulipas-vermelhas\/","og_site_name":"Solar do Ros\u00e1rio Galeria \\\\\\\\Nova","og_image":[{"width":1280,"height":733,"url":"https:\/\/solardorosario.com.br\/galeria\/wp-content\/uploads\/2026\/02\/2-Tulipas-vermelhas-42x70cm-gravura-em-metal.jpeg","type":"image\/jpeg"}],"twitter_card":"summary_large_image","twitter_misc":{"Est. tempo de leitura":"1 minuto"},"schema":{"@context":"https:\/\/schema.org","@graph":[{"@type":"WebPage","@id":"https:\/\/solardorosario.com.br\/galeria\/produto\/lahir-ramos-tulipas-vermelhas\/","url":"https:\/\/solardorosario.com.br\/galeria\/produto\/lahir-ramos-tulipas-vermelhas\/","name":"Lahir Ramos - Tulipas (vermelhas) - Solar do Ros\u00e1rio Galeria \\\\\\\\Nova","isPartOf":{"@id":"https:\/\/solardorosario.com.br\/galeria\/#website"},"primaryImageOfPage":{"@id":"https:\/\/solardorosario.com.br\/galeria\/produto\/lahir-ramos-tulipas-vermelhas\/#primaryimage"},"image":{"@id":"https:\/\/solardorosario.com.br\/galeria\/produto\/lahir-ramos-tulipas-vermelhas\/#primaryimage"},"thumbnailUrl":"https:\/\/solardorosario.com.br\/galeria\/wp-content\/uploads\/2026\/02\/2-Tulipas-vermelhas-42x70cm-gravura-em-metal.jpeg","datePublished":"2026-02-25T19:11:02+00:00","breadcrumb":{"@id":"https:\/\/solardorosario.com.br\/galeria\/produto\/lahir-ramos-tulipas-vermelhas\/#breadcrumb"},"inLanguage":"pt-BR","potentialAction":[{"@type":"ReadAction","target":["https:\/\/solardorosario.com.br\/galeria\/produto\/lahir-ramos-tulipas-vermelhas\/"]}]},{"@type":"ImageObject","inLanguage":"pt-BR","@id":"https:\/\/solardorosario.com.br\/galeria\/produto\/lahir-ramos-tulipas-vermelhas\/#primaryimage","url":"https:\/\/solardorosario.com.br\/galeria\/wp-content\/uploads\/2026\/02\/2-Tulipas-vermelhas-42x70cm-gravura-em-metal.jpeg","contentUrl":"https:\/\/solardorosario.com.br\/galeria\/wp-content\/uploads\/2026\/02\/2-Tulipas-vermelhas-42x70cm-gravura-em-metal.jpeg","width":1280,"height":733},{"@type":"BreadcrumbList","@id":"https:\/\/solardorosario.com.br\/galeria\/produto\/lahir-ramos-tulipas-vermelhas\/#breadcrumb","itemListElement":[{"@type":"ListItem","position":1,"name":"In\u00edcio","item":"https:\/\/solardorosario.com.br\/galeria\/"},{"@type":"ListItem","position":2,"name":"galeria","item":"https:\/\/solardorosario.com.br\/galeria\/galeria\/"},{"@type":"ListItem","position":3,"name":"Lahir Ramos - Tulipas (vermelhas)"}]},{"@type":"WebSite","@id":"https:\/\/solardorosario.com.br\/galeria\/#website","url":"https:\/\/solardorosario.com.br\/galeria\/","name":"Solar do Ros\u00e1rio Galeria \\\\\\\\Nova","description":"","potentialAction":[{"@type":"SearchAction","target":{"@type":"EntryPoint","urlTemplate":"https:\/\/solardorosario.com.br\/galeria\/?s={search_term_string}"},"query-input":{"@type":"PropertyValueSpecification","valueRequired":true,"valueName":"search_term_string"}}],"inLanguage":"pt-BR"}]}},"_links":{"self":[{"href":"https:\/\/solardorosario.com.br\/galeria\/wp-json\/wp\/v2\/product\/6868","targetHints":{"allow":["GET"]}}],"collection":[{"href":"https:\/\/solardorosario.com.br\/galeria\/wp-json\/wp\/v2\/product"}],"about":[{"href":"https:\/\/solardorosario.com.br\/galeria\/wp-json\/wp\/v2\/types\/product"}],"wp:featuredmedia":[{"embeddable":true,"href":"https:\/\/solardorosario.com.br\/galeria\/wp-json\/wp\/v2\/media\/6869"}],"wp:attachment":[{"href":"https:\/\/solardorosario.com.br\/galeria\/wp-json\/wp\/v2\/media?parent=6868"}],"wp:term":[{"taxonomy":"product_brand","embeddable":true,"href":"https:\/\/solardorosario.com.br\/galeria\/wp-json\/wp\/v2\/product_brand?post=6868"},{"taxonomy":"product_cat","embeddable":true,"href":"https:\/\/solardorosario.com.br\/galeria\/wp-json\/wp\/v2\/product_cat?post=6868"},{"taxonomy":"product_tag","embeddable":true,"href":"https:\/\/solardorosario.com.br\/galeria\/wp-json\/wp\/v2\/product_tag?post=6868"}],"curies":[{"name":"wp","href":"https:\/\/api.w.org\/{rel}","templated":true}]}}