{"id":6689,"date":"2026-01-26T18:13:22","date_gmt":"2026-01-26T21:13:22","guid":{"rendered":"https:\/\/solardorosario.com.br\/galeria\/?post_type=product&#038;p=6689"},"modified":"2026-01-27T15:44:44","modified_gmt":"2026-01-27T18:44:44","slug":"marcelo-donatz-preto-e-branco-1","status":"publish","type":"product","link":"https:\/\/solardorosario.com.br\/galeria\/produto\/marcelo-donatz-preto-e-branco-1\/","title":{"rendered":"Marcelo Donatz -  Preto e Branco (1)"},"content":{"rendered":"<p><strong>Artista:<\/strong> Marcelo Donatz<\/p>\n<p><strong>T\u00edtulo:<\/strong> Preto e Branco (1)<\/p>\n<p><strong>Dimens\u00e3o:<\/strong> 48x66cm<\/p>\n<p><strong>T\u00e9cnica:<\/strong> Desenho (sem moldura)<\/p>\n<p>&nbsp;<\/p>\n<p>&nbsp;<\/p>\n<p>Marcelo Donatz \u00e9 formado pela Faculdade de Artes do Paran\u00e1 (FAP - UNESPAR - Campus II) em Educa\u00e7\u00e3o Art\u00edstica, com habilita\u00e7\u00e3o em artes pl\u00e1sticas. Foi premiado no 5\u00ba ano, na categoria desenho. Fez especializa\u00e7\u00e3o em Hist\u00f3rias em quadrinhos e Imprensa Alternativa (como fanzines). Participou da oficina de gravura no Solar do Bar\u00e3o, da Funda\u00e7\u00e3o Cultural de Curitiba (FCC). Por um ano, frequentou a oficina de escultura do professor Elvo Benito Damo, no Centro de Criatividade de Curitiba, atual Memorial Paranista, no Parque S\u00e3o Louren\u00e7o. Participou de diversos cursos e oficinas na Gibiteca Municipal de Curitiba e chegou a publicar uma de suas hist\u00f3rias \"As Aventuras dos Trapalh\u00f5es\", num gibi e tamb\u00e9m fez exposi\u00e7\u00f5es com suas hist\u00f3rias em quadrinho na institui\u00e7\u00e3o. Al\u00e9m disso, tamb\u00e9m trabalhou com ilustra\u00e7\u00e3o pedag\u00f3gica com a Editora Barddal, o centro pedag\u00f3gico Positivo e Col\u00e9gio OPET. Participou dos 3 Festivais Internacionais de Fanzine de Curitiba, e editou o Broncassauro, fazine de Hist\u00f3ria em Quadrinho centrado em dinossauros, e deu uma oficina de como editorar um fanzine.<\/p>\n","protected":false},"excerpt":{"rendered":"<p>Artista: Marcelo Donatz T\u00edtulo: Preto e Branco (1) Dimens\u00e3o: 48x66cm T\u00e9cnica: Desenho (sem moldura) &nbsp; &nbsp; Marcelo Donatz \u00e9 formado pela Faculdade de Artes do Paran\u00e1 (FAP - UNESPAR - Campus II) em Educa\u00e7\u00e3o Art\u00edstica, com habilita\u00e7\u00e3o em artes pl\u00e1sticas. Foi premiado no 5\u00ba ano, na categoria desenho. Fez especializa\u00e7\u00e3o em Hist\u00f3rias em quadrinhos e [&hellip;]<\/p>\n","protected":false},"featured_media":6690,"template":"","meta":[],"product_brand":[],"product_cat":[117],"product_tag":[],"class_list":{"0":"post-6689","1":"product","2":"type-product","3":"status-publish","4":"has-post-thumbnail","6":"product_cat-galeria","7":"pa_artista-marcelo-donatz","8":"pa_estilo-figurativo","9":"pa_tecnica-desenho","11":"first","12":"instock","13":"shipping-taxable","14":"purchasable","15":"product-type-simple"},"yoast_head":"<!-- This site is optimized with the Yoast SEO plugin v27.4 - https:\/\/yoast.com\/product\/yoast-seo-wordpress\/ -->\n<title>Marcelo Donatz - Preto e Branco (1) - Solar do Ros\u00e1rio Galeria \\\\\\\\Nova<\/title>\n<meta name=\"robots\" content=\"index, follow, max-snippet:-1, max-image-preview:large, max-video-preview:-1\" \/>\n<link rel=\"canonical\" href=\"https:\/\/solardorosario.com.br\/galeria\/produto\/marcelo-donatz-preto-e-branco-1\/\" \/>\n<meta property=\"og:locale\" content=\"pt_BR\" \/>\n<meta property=\"og:type\" content=\"article\" \/>\n<meta property=\"og:title\" content=\"Marcelo Donatz - Preto e Branco (1) - Solar do Ros\u00e1rio Galeria \\\\\\\\Nova\" \/>\n<meta property=\"og:description\" content=\"Artista: Marcelo Donatz T\u00edtulo: Preto e Branco (1) Dimens\u00e3o: 48x66cm T\u00e9cnica: Desenho (sem moldura) &nbsp; &nbsp; Marcelo Donatz \u00e9 formado pela Faculdade de Artes do Paran\u00e1 (FAP - UNESPAR - Campus II) em Educa\u00e7\u00e3o Art\u00edstica, com habilita\u00e7\u00e3o em artes pl\u00e1sticas. Foi premiado no 5\u00ba ano, na categoria desenho. Fez especializa\u00e7\u00e3o em Hist\u00f3rias em quadrinhos e [&hellip;]\" \/>\n<meta property=\"og:url\" content=\"https:\/\/solardorosario.com.br\/galeria\/produto\/marcelo-donatz-preto-e-branco-1\/\" \/>\n<meta property=\"og:site_name\" content=\"Solar do Ros\u00e1rio Galeria \\\\\\\\Nova\" \/>\n<meta property=\"article:modified_time\" content=\"2026-01-27T18:44:44+00:00\" \/>\n<meta property=\"og:image\" content=\"https:\/\/solardorosario.com.br\/galeria\/wp-content\/uploads\/2026\/01\/1-Preto-e-Branco-1-48x66cm-desenho.jpeg\" \/>\n\t<meta property=\"og:image:width\" content=\"1280\" \/>\n\t<meta property=\"og:image:height\" content=\"1027\" \/>\n\t<meta property=\"og:image:type\" content=\"image\/jpeg\" \/>\n<meta name=\"twitter:card\" content=\"summary_large_image\" \/>\n<meta name=\"twitter:label1\" content=\"Est. tempo de leitura\" \/>\n\t<meta name=\"twitter:data1\" content=\"2 minutos\" \/>\n<script type=\"application\/ld+json\" class=\"yoast-schema-graph\">{\"@context\":\"https:\\\/\\\/schema.org\",\"@graph\":[{\"@type\":\"WebPage\",\"@id\":\"https:\\\/\\\/solardorosario.com.br\\\/galeria\\\/produto\\\/marcelo-donatz-preto-e-branco-1\\\/\",\"url\":\"https:\\\/\\\/solardorosario.com.br\\\/galeria\\\/produto\\\/marcelo-donatz-preto-e-branco-1\\\/\",\"name\":\"Marcelo Donatz - Preto e Branco (1) - Solar do Ros\u00e1rio Galeria \\\\\\\\\\\\\\\\Nova\",\"isPartOf\":{\"@id\":\"https:\\\/\\\/solardorosario.com.br\\\/galeria\\\/#website\"},\"primaryImageOfPage\":{\"@id\":\"https:\\\/\\\/solardorosario.com.br\\\/galeria\\\/produto\\\/marcelo-donatz-preto-e-branco-1\\\/#primaryimage\"},\"image\":{\"@id\":\"https:\\\/\\\/solardorosario.com.br\\\/galeria\\\/produto\\\/marcelo-donatz-preto-e-branco-1\\\/#primaryimage\"},\"thumbnailUrl\":\"https:\\\/\\\/solardorosario.com.br\\\/galeria\\\/wp-content\\\/uploads\\\/2026\\\/01\\\/1-Preto-e-Branco-1-48x66cm-desenho.jpeg\",\"datePublished\":\"2026-01-26T21:13:22+00:00\",\"dateModified\":\"2026-01-27T18:44:44+00:00\",\"breadcrumb\":{\"@id\":\"https:\\\/\\\/solardorosario.com.br\\\/galeria\\\/produto\\\/marcelo-donatz-preto-e-branco-1\\\/#breadcrumb\"},\"inLanguage\":\"pt-BR\",\"potentialAction\":[{\"@type\":\"ReadAction\",\"target\":[\"https:\\\/\\\/solardorosario.com.br\\\/galeria\\\/produto\\\/marcelo-donatz-preto-e-branco-1\\\/\"]}]},{\"@type\":\"ImageObject\",\"inLanguage\":\"pt-BR\",\"@id\":\"https:\\\/\\\/solardorosario.com.br\\\/galeria\\\/produto\\\/marcelo-donatz-preto-e-branco-1\\\/#primaryimage\",\"url\":\"https:\\\/\\\/solardorosario.com.br\\\/galeria\\\/wp-content\\\/uploads\\\/2026\\\/01\\\/1-Preto-e-Branco-1-48x66cm-desenho.jpeg\",\"contentUrl\":\"https:\\\/\\\/solardorosario.com.br\\\/galeria\\\/wp-content\\\/uploads\\\/2026\\\/01\\\/1-Preto-e-Branco-1-48x66cm-desenho.jpeg\",\"width\":1280,\"height\":1027},{\"@type\":\"BreadcrumbList\",\"@id\":\"https:\\\/\\\/solardorosario.com.br\\\/galeria\\\/produto\\\/marcelo-donatz-preto-e-branco-1\\\/#breadcrumb\",\"itemListElement\":[{\"@type\":\"ListItem\",\"position\":1,\"name\":\"In\u00edcio\",\"item\":\"https:\\\/\\\/solardorosario.com.br\\\/galeria\\\/\"},{\"@type\":\"ListItem\",\"position\":2,\"name\":\"galeria\",\"item\":\"https:\\\/\\\/solardorosario.com.br\\\/galeria\\\/galeria\\\/\"},{\"@type\":\"ListItem\",\"position\":3,\"name\":\"Marcelo Donatz - Preto e Branco (1)\"}]},{\"@type\":\"WebSite\",\"@id\":\"https:\\\/\\\/solardorosario.com.br\\\/galeria\\\/#website\",\"url\":\"https:\\\/\\\/solardorosario.com.br\\\/galeria\\\/\",\"name\":\"Solar do Ros\u00e1rio Galeria \\\\\\\\\\\\\\\\Nova\",\"description\":\"\",\"potentialAction\":[{\"@type\":\"SearchAction\",\"target\":{\"@type\":\"EntryPoint\",\"urlTemplate\":\"https:\\\/\\\/solardorosario.com.br\\\/galeria\\\/?s={search_term_string}\"},\"query-input\":{\"@type\":\"PropertyValueSpecification\",\"valueRequired\":true,\"valueName\":\"search_term_string\"}}],\"inLanguage\":\"pt-BR\"}]}<\/script>\n<!-- \/ Yoast SEO plugin. -->","yoast_head_json":{"title":"Marcelo Donatz - Preto e Branco (1) - Solar do Ros\u00e1rio Galeria \\\\\\\\Nova","robots":{"index":"index","follow":"follow","max-snippet":"max-snippet:-1","max-image-preview":"max-image-preview:large","max-video-preview":"max-video-preview:-1"},"canonical":"https:\/\/solardorosario.com.br\/galeria\/produto\/marcelo-donatz-preto-e-branco-1\/","og_locale":"pt_BR","og_type":"article","og_title":"Marcelo Donatz - Preto e Branco (1) - Solar do Ros\u00e1rio Galeria \\\\\\\\Nova","og_description":"Artista: Marcelo Donatz T\u00edtulo: Preto e Branco (1) Dimens\u00e3o: 48x66cm T\u00e9cnica: Desenho (sem moldura) &nbsp; &nbsp; Marcelo Donatz \u00e9 formado pela Faculdade de Artes do Paran\u00e1 (FAP - UNESPAR - Campus II) em Educa\u00e7\u00e3o Art\u00edstica, com habilita\u00e7\u00e3o em artes pl\u00e1sticas. Foi premiado no 5\u00ba ano, na categoria desenho. Fez especializa\u00e7\u00e3o em Hist\u00f3rias em quadrinhos e [&hellip;]","og_url":"https:\/\/solardorosario.com.br\/galeria\/produto\/marcelo-donatz-preto-e-branco-1\/","og_site_name":"Solar do Ros\u00e1rio Galeria \\\\\\\\Nova","article_modified_time":"2026-01-27T18:44:44+00:00","og_image":[{"width":1280,"height":1027,"url":"https:\/\/solardorosario.com.br\/galeria\/wp-content\/uploads\/2026\/01\/1-Preto-e-Branco-1-48x66cm-desenho.jpeg","type":"image\/jpeg"}],"twitter_card":"summary_large_image","twitter_misc":{"Est. tempo de leitura":"2 minutos"},"schema":{"@context":"https:\/\/schema.org","@graph":[{"@type":"WebPage","@id":"https:\/\/solardorosario.com.br\/galeria\/produto\/marcelo-donatz-preto-e-branco-1\/","url":"https:\/\/solardorosario.com.br\/galeria\/produto\/marcelo-donatz-preto-e-branco-1\/","name":"Marcelo Donatz - Preto e Branco (1) - Solar do Ros\u00e1rio Galeria \\\\\\\\Nova","isPartOf":{"@id":"https:\/\/solardorosario.com.br\/galeria\/#website"},"primaryImageOfPage":{"@id":"https:\/\/solardorosario.com.br\/galeria\/produto\/marcelo-donatz-preto-e-branco-1\/#primaryimage"},"image":{"@id":"https:\/\/solardorosario.com.br\/galeria\/produto\/marcelo-donatz-preto-e-branco-1\/#primaryimage"},"thumbnailUrl":"https:\/\/solardorosario.com.br\/galeria\/wp-content\/uploads\/2026\/01\/1-Preto-e-Branco-1-48x66cm-desenho.jpeg","datePublished":"2026-01-26T21:13:22+00:00","dateModified":"2026-01-27T18:44:44+00:00","breadcrumb":{"@id":"https:\/\/solardorosario.com.br\/galeria\/produto\/marcelo-donatz-preto-e-branco-1\/#breadcrumb"},"inLanguage":"pt-BR","potentialAction":[{"@type":"ReadAction","target":["https:\/\/solardorosario.com.br\/galeria\/produto\/marcelo-donatz-preto-e-branco-1\/"]}]},{"@type":"ImageObject","inLanguage":"pt-BR","@id":"https:\/\/solardorosario.com.br\/galeria\/produto\/marcelo-donatz-preto-e-branco-1\/#primaryimage","url":"https:\/\/solardorosario.com.br\/galeria\/wp-content\/uploads\/2026\/01\/1-Preto-e-Branco-1-48x66cm-desenho.jpeg","contentUrl":"https:\/\/solardorosario.com.br\/galeria\/wp-content\/uploads\/2026\/01\/1-Preto-e-Branco-1-48x66cm-desenho.jpeg","width":1280,"height":1027},{"@type":"BreadcrumbList","@id":"https:\/\/solardorosario.com.br\/galeria\/produto\/marcelo-donatz-preto-e-branco-1\/#breadcrumb","itemListElement":[{"@type":"ListItem","position":1,"name":"In\u00edcio","item":"https:\/\/solardorosario.com.br\/galeria\/"},{"@type":"ListItem","position":2,"name":"galeria","item":"https:\/\/solardorosario.com.br\/galeria\/galeria\/"},{"@type":"ListItem","position":3,"name":"Marcelo Donatz - Preto e Branco (1)"}]},{"@type":"WebSite","@id":"https:\/\/solardorosario.com.br\/galeria\/#website","url":"https:\/\/solardorosario.com.br\/galeria\/","name":"Solar do Ros\u00e1rio Galeria \\\\\\\\Nova","description":"","potentialAction":[{"@type":"SearchAction","target":{"@type":"EntryPoint","urlTemplate":"https:\/\/solardorosario.com.br\/galeria\/?s={search_term_string}"},"query-input":{"@type":"PropertyValueSpecification","valueRequired":true,"valueName":"search_term_string"}}],"inLanguage":"pt-BR"}]}},"_links":{"self":[{"href":"https:\/\/solardorosario.com.br\/galeria\/wp-json\/wp\/v2\/product\/6689","targetHints":{"allow":["GET"]}}],"collection":[{"href":"https:\/\/solardorosario.com.br\/galeria\/wp-json\/wp\/v2\/product"}],"about":[{"href":"https:\/\/solardorosario.com.br\/galeria\/wp-json\/wp\/v2\/types\/product"}],"wp:featuredmedia":[{"embeddable":true,"href":"https:\/\/solardorosario.com.br\/galeria\/wp-json\/wp\/v2\/media\/6690"}],"wp:attachment":[{"href":"https:\/\/solardorosario.com.br\/galeria\/wp-json\/wp\/v2\/media?parent=6689"}],"wp:term":[{"taxonomy":"product_brand","embeddable":true,"href":"https:\/\/solardorosario.com.br\/galeria\/wp-json\/wp\/v2\/product_brand?post=6689"},{"taxonomy":"product_cat","embeddable":true,"href":"https:\/\/solardorosario.com.br\/galeria\/wp-json\/wp\/v2\/product_cat?post=6689"},{"taxonomy":"product_tag","embeddable":true,"href":"https:\/\/solardorosario.com.br\/galeria\/wp-json\/wp\/v2\/product_tag?post=6689"}],"curies":[{"name":"wp","href":"https:\/\/api.w.org\/{rel}","templated":true}]}}