{"id":6344,"date":"2025-12-04T16:26:32","date_gmt":"2025-12-04T19:26:32","guid":{"rendered":"https:\/\/solardorosario.com.br\/galeria\/?post_type=product&#038;p=6344"},"modified":"2026-03-25T15:31:14","modified_gmt":"2026-03-25T18:31:14","slug":"ida-hannemann-de-campos-lavadeira","status":"publish","type":"product","link":"https:\/\/solardorosario.com.br\/galeria\/produto\/ida-hannemann-de-campos-lavadeira\/","title":{"rendered":"Ida Hannemann de Campos - Lavadeira"},"content":{"rendered":"<p><strong>Artista:<\/strong> Ida Hannemann de Campos<\/p>\n<p><strong>T\u00edtulo:<\/strong> Lavadeira<\/p>\n<p><strong>Dimens\u00e3o:<\/strong> 30x42cm<\/p>\n<p><strong>T\u00e9cnica:<\/strong> Desenho misto sobre papel (sem moldura)<\/p>\n<p>&nbsp;<\/p>\n<p>&nbsp;<\/p>\n<p>Ida Hannemann de Campos (Curitiba - PR 1922 - 2013). Era artista visual, pintora, desenhista, ceramista, muralista, poeta, gravadora e tapeceira. Autodidata, teve aulas de pintura com Guido Viaro de 1941 a 1943, em seu ateli\u00ea livre. Al\u00e9m disso, tinha aulas de gravura com Fernando Calderari e de escultura com Francisco Stockhinger. Frequentava a Sociedade Dante Alighieri, onde era um ponto de encontro com intelectuais, artistas e pessoas relacionadas a cultura em Curitiba. L\u00e1, a artista teve contato e amizades com Miguel Bakun, Dalton Trevisan, Sofia Dyminski, entre outros. Com incentivo de Viaro, come\u00e7a a participar de sal\u00f5es de arte. Realizou 14 exposi\u00e7\u00f5es individuais, participou de mostras e exposi\u00e7\u00f5es coletivas 48 vezes, no Brasil e no exterior, al\u00e9m de 32 sal\u00f5es oficiais. Recebeu v\u00e1rios pr\u00eamios, como a medalha de bronze na 1\u00aa edi\u00e7\u00e3o do Sal\u00e3o Paranaense, em 1944 com a tela \"B\u00eabado\", o Diploma de Honra em Exposi\u00e7\u00e3o Feminina no Rio de Janeiro, em 1948, al\u00e9m do pr\u00eamio Pontif\u00edcia Universidade Cat\u00f3lica do Paran\u00e1 (PUC-PR) com a obra \"S\u00e3o Francisco\", em 1974. As exposi\u00e7\u00f5es foram realizadas em Curitiba, Londrina, Rio de Janeiro, Porto Alegre, Ponta Grossa, S\u00e3o Paulo, Doutor Camargo, Paranagu\u00e1, Praia de Leste, Uni\u00e3o da Vit\u00f3ria. Participou de duas exposi\u00e7\u00f5es internacionais, em 1983 na exposi\u00e7\u00e3o PARANAENSER KUENSTLER STELLEN IN DER SCHWEIZ AUS, pela escola Su\u00ed\u00e7a de Curitiba, no museu Kunstmuseum Aarau, na Su\u00ed\u00e7a e na Argentina, na Mostra de Artistas Brasileiros\/Grupo dos Onze, na Argentina. Realizou 2 pain\u00e9is de azulejos, em 1994 o da Biblioteca da PUC-PR, e em 1996 revitalizou o painel da Pra\u00e7a do Asilo S\u00e3o Vicente de Paula, ambos em Curitiba.<\/p>\n","protected":false},"excerpt":{"rendered":"<p>Artista: Ida Hannemann de Campos T\u00edtulo: Lavadeira Dimens\u00e3o: 30x42cm T\u00e9cnica: Desenho misto sobre papel (sem moldura) &nbsp; &nbsp; Ida Hannemann de Campos (Curitiba - PR 1922 - 2013). Era artista visual, pintora, desenhista, ceramista, muralista, poeta, gravadora e tapeceira. Autodidata, teve aulas de pintura com Guido Viaro de 1941 a 1943, em seu ateli\u00ea livre. [&hellip;]<\/p>\n","protected":false},"featured_media":6345,"template":"","meta":[],"product_brand":[],"product_cat":[117],"product_tag":[],"class_list":{"0":"post-6344","1":"product","2":"type-product","3":"status-publish","4":"has-post-thumbnail","6":"product_cat-galeria","7":"pa_artista-ida-hannemann-campos","8":"pa_estilo-figura-humana","9":"pa_estilo-figurativo","10":"pa_tecnica-desenho","12":"first","13":"instock","14":"shipping-taxable","15":"product-type-simple"},"yoast_head":"<!-- This site is optimized with the Yoast SEO plugin v27.4 - https:\/\/yoast.com\/product\/yoast-seo-wordpress\/ -->\n<title>Ida Hannemann de Campos - Lavadeira - Solar do Ros\u00e1rio Galeria \\\\\\\\Nova<\/title>\n<meta name=\"robots\" content=\"index, follow, max-snippet:-1, max-image-preview:large, max-video-preview:-1\" \/>\n<link rel=\"canonical\" href=\"https:\/\/solardorosario.com.br\/galeria\/produto\/ida-hannemann-de-campos-lavadeira\/\" \/>\n<meta property=\"og:locale\" content=\"pt_BR\" \/>\n<meta property=\"og:type\" content=\"article\" \/>\n<meta property=\"og:title\" content=\"Ida Hannemann de Campos - Lavadeira - Solar do Ros\u00e1rio Galeria \\\\\\\\Nova\" \/>\n<meta property=\"og:description\" content=\"Artista: Ida Hannemann de Campos T\u00edtulo: Lavadeira Dimens\u00e3o: 30x42cm T\u00e9cnica: Desenho misto sobre papel (sem moldura) &nbsp; &nbsp; Ida Hannemann de Campos (Curitiba - PR 1922 - 2013). Era artista visual, pintora, desenhista, ceramista, muralista, poeta, gravadora e tapeceira. Autodidata, teve aulas de pintura com Guido Viaro de 1941 a 1943, em seu ateli\u00ea livre. [&hellip;]\" \/>\n<meta property=\"og:url\" content=\"https:\/\/solardorosario.com.br\/galeria\/produto\/ida-hannemann-de-campos-lavadeira\/\" \/>\n<meta property=\"og:site_name\" content=\"Solar do Ros\u00e1rio Galeria \\\\\\\\Nova\" \/>\n<meta property=\"article:modified_time\" content=\"2026-03-25T18:31:14+00:00\" \/>\n<meta property=\"og:image\" content=\"https:\/\/solardorosario.com.br\/galeria\/wp-content\/uploads\/2025\/12\/1-Sem-titulo-desenho-30x42cm.jpeg\" \/>\n\t<meta property=\"og:image:width\" content=\"856\" \/>\n\t<meta property=\"og:image:height\" content=\"1280\" \/>\n\t<meta property=\"og:image:type\" content=\"image\/jpeg\" \/>\n<meta name=\"twitter:card\" content=\"summary_large_image\" \/>\n<meta name=\"twitter:label1\" content=\"Est. tempo de leitura\" \/>\n\t<meta name=\"twitter:data1\" content=\"2 minutos\" \/>\n<script type=\"application\/ld+json\" class=\"yoast-schema-graph\">{\"@context\":\"https:\\\/\\\/schema.org\",\"@graph\":[{\"@type\":\"WebPage\",\"@id\":\"https:\\\/\\\/solardorosario.com.br\\\/galeria\\\/produto\\\/ida-hannemann-de-campos-lavadeira\\\/\",\"url\":\"https:\\\/\\\/solardorosario.com.br\\\/galeria\\\/produto\\\/ida-hannemann-de-campos-lavadeira\\\/\",\"name\":\"Ida Hannemann de Campos - Lavadeira - Solar do Ros\u00e1rio Galeria \\\\\\\\\\\\\\\\Nova\",\"isPartOf\":{\"@id\":\"https:\\\/\\\/solardorosario.com.br\\\/galeria\\\/#website\"},\"primaryImageOfPage\":{\"@id\":\"https:\\\/\\\/solardorosario.com.br\\\/galeria\\\/produto\\\/ida-hannemann-de-campos-lavadeira\\\/#primaryimage\"},\"image\":{\"@id\":\"https:\\\/\\\/solardorosario.com.br\\\/galeria\\\/produto\\\/ida-hannemann-de-campos-lavadeira\\\/#primaryimage\"},\"thumbnailUrl\":\"https:\\\/\\\/solardorosario.com.br\\\/galeria\\\/wp-content\\\/uploads\\\/2025\\\/12\\\/1-Sem-titulo-desenho-30x42cm.jpeg\",\"datePublished\":\"2025-12-04T19:26:32+00:00\",\"dateModified\":\"2026-03-25T18:31:14+00:00\",\"breadcrumb\":{\"@id\":\"https:\\\/\\\/solardorosario.com.br\\\/galeria\\\/produto\\\/ida-hannemann-de-campos-lavadeira\\\/#breadcrumb\"},\"inLanguage\":\"pt-BR\",\"potentialAction\":[{\"@type\":\"ReadAction\",\"target\":[\"https:\\\/\\\/solardorosario.com.br\\\/galeria\\\/produto\\\/ida-hannemann-de-campos-lavadeira\\\/\"]}]},{\"@type\":\"ImageObject\",\"inLanguage\":\"pt-BR\",\"@id\":\"https:\\\/\\\/solardorosario.com.br\\\/galeria\\\/produto\\\/ida-hannemann-de-campos-lavadeira\\\/#primaryimage\",\"url\":\"https:\\\/\\\/solardorosario.com.br\\\/galeria\\\/wp-content\\\/uploads\\\/2025\\\/12\\\/1-Sem-titulo-desenho-30x42cm.jpeg\",\"contentUrl\":\"https:\\\/\\\/solardorosario.com.br\\\/galeria\\\/wp-content\\\/uploads\\\/2025\\\/12\\\/1-Sem-titulo-desenho-30x42cm.jpeg\",\"width\":856,\"height\":1280},{\"@type\":\"BreadcrumbList\",\"@id\":\"https:\\\/\\\/solardorosario.com.br\\\/galeria\\\/produto\\\/ida-hannemann-de-campos-lavadeira\\\/#breadcrumb\",\"itemListElement\":[{\"@type\":\"ListItem\",\"position\":1,\"name\":\"In\u00edcio\",\"item\":\"https:\\\/\\\/solardorosario.com.br\\\/galeria\\\/\"},{\"@type\":\"ListItem\",\"position\":2,\"name\":\"galeria\",\"item\":\"https:\\\/\\\/solardorosario.com.br\\\/galeria\\\/galeria\\\/\"},{\"@type\":\"ListItem\",\"position\":3,\"name\":\"Ida Hannemann de Campos - Lavadeira\"}]},{\"@type\":\"WebSite\",\"@id\":\"https:\\\/\\\/solardorosario.com.br\\\/galeria\\\/#website\",\"url\":\"https:\\\/\\\/solardorosario.com.br\\\/galeria\\\/\",\"name\":\"Solar do Ros\u00e1rio Galeria \\\\\\\\\\\\\\\\Nova\",\"description\":\"\",\"potentialAction\":[{\"@type\":\"SearchAction\",\"target\":{\"@type\":\"EntryPoint\",\"urlTemplate\":\"https:\\\/\\\/solardorosario.com.br\\\/galeria\\\/?s={search_term_string}\"},\"query-input\":{\"@type\":\"PropertyValueSpecification\",\"valueRequired\":true,\"valueName\":\"search_term_string\"}}],\"inLanguage\":\"pt-BR\"}]}<\/script>\n<!-- \/ Yoast SEO plugin. -->","yoast_head_json":{"title":"Ida Hannemann de Campos - Lavadeira - Solar do Ros\u00e1rio Galeria \\\\\\\\Nova","robots":{"index":"index","follow":"follow","max-snippet":"max-snippet:-1","max-image-preview":"max-image-preview:large","max-video-preview":"max-video-preview:-1"},"canonical":"https:\/\/solardorosario.com.br\/galeria\/produto\/ida-hannemann-de-campos-lavadeira\/","og_locale":"pt_BR","og_type":"article","og_title":"Ida Hannemann de Campos - Lavadeira - Solar do Ros\u00e1rio Galeria \\\\\\\\Nova","og_description":"Artista: Ida Hannemann de Campos T\u00edtulo: Lavadeira Dimens\u00e3o: 30x42cm T\u00e9cnica: Desenho misto sobre papel (sem moldura) &nbsp; &nbsp; Ida Hannemann de Campos (Curitiba - PR 1922 - 2013). Era artista visual, pintora, desenhista, ceramista, muralista, poeta, gravadora e tapeceira. Autodidata, teve aulas de pintura com Guido Viaro de 1941 a 1943, em seu ateli\u00ea livre. [&hellip;]","og_url":"https:\/\/solardorosario.com.br\/galeria\/produto\/ida-hannemann-de-campos-lavadeira\/","og_site_name":"Solar do Ros\u00e1rio Galeria \\\\\\\\Nova","article_modified_time":"2026-03-25T18:31:14+00:00","og_image":[{"width":856,"height":1280,"url":"https:\/\/solardorosario.com.br\/galeria\/wp-content\/uploads\/2025\/12\/1-Sem-titulo-desenho-30x42cm.jpeg","type":"image\/jpeg"}],"twitter_card":"summary_large_image","twitter_misc":{"Est. tempo de leitura":"2 minutos"},"schema":{"@context":"https:\/\/schema.org","@graph":[{"@type":"WebPage","@id":"https:\/\/solardorosario.com.br\/galeria\/produto\/ida-hannemann-de-campos-lavadeira\/","url":"https:\/\/solardorosario.com.br\/galeria\/produto\/ida-hannemann-de-campos-lavadeira\/","name":"Ida Hannemann de Campos - Lavadeira - Solar do Ros\u00e1rio Galeria \\\\\\\\Nova","isPartOf":{"@id":"https:\/\/solardorosario.com.br\/galeria\/#website"},"primaryImageOfPage":{"@id":"https:\/\/solardorosario.com.br\/galeria\/produto\/ida-hannemann-de-campos-lavadeira\/#primaryimage"},"image":{"@id":"https:\/\/solardorosario.com.br\/galeria\/produto\/ida-hannemann-de-campos-lavadeira\/#primaryimage"},"thumbnailUrl":"https:\/\/solardorosario.com.br\/galeria\/wp-content\/uploads\/2025\/12\/1-Sem-titulo-desenho-30x42cm.jpeg","datePublished":"2025-12-04T19:26:32+00:00","dateModified":"2026-03-25T18:31:14+00:00","breadcrumb":{"@id":"https:\/\/solardorosario.com.br\/galeria\/produto\/ida-hannemann-de-campos-lavadeira\/#breadcrumb"},"inLanguage":"pt-BR","potentialAction":[{"@type":"ReadAction","target":["https:\/\/solardorosario.com.br\/galeria\/produto\/ida-hannemann-de-campos-lavadeira\/"]}]},{"@type":"ImageObject","inLanguage":"pt-BR","@id":"https:\/\/solardorosario.com.br\/galeria\/produto\/ida-hannemann-de-campos-lavadeira\/#primaryimage","url":"https:\/\/solardorosario.com.br\/galeria\/wp-content\/uploads\/2025\/12\/1-Sem-titulo-desenho-30x42cm.jpeg","contentUrl":"https:\/\/solardorosario.com.br\/galeria\/wp-content\/uploads\/2025\/12\/1-Sem-titulo-desenho-30x42cm.jpeg","width":856,"height":1280},{"@type":"BreadcrumbList","@id":"https:\/\/solardorosario.com.br\/galeria\/produto\/ida-hannemann-de-campos-lavadeira\/#breadcrumb","itemListElement":[{"@type":"ListItem","position":1,"name":"In\u00edcio","item":"https:\/\/solardorosario.com.br\/galeria\/"},{"@type":"ListItem","position":2,"name":"galeria","item":"https:\/\/solardorosario.com.br\/galeria\/galeria\/"},{"@type":"ListItem","position":3,"name":"Ida Hannemann de Campos - Lavadeira"}]},{"@type":"WebSite","@id":"https:\/\/solardorosario.com.br\/galeria\/#website","url":"https:\/\/solardorosario.com.br\/galeria\/","name":"Solar do Ros\u00e1rio Galeria \\\\\\\\Nova","description":"","potentialAction":[{"@type":"SearchAction","target":{"@type":"EntryPoint","urlTemplate":"https:\/\/solardorosario.com.br\/galeria\/?s={search_term_string}"},"query-input":{"@type":"PropertyValueSpecification","valueRequired":true,"valueName":"search_term_string"}}],"inLanguage":"pt-BR"}]}},"_links":{"self":[{"href":"https:\/\/solardorosario.com.br\/galeria\/wp-json\/wp\/v2\/product\/6344","targetHints":{"allow":["GET"]}}],"collection":[{"href":"https:\/\/solardorosario.com.br\/galeria\/wp-json\/wp\/v2\/product"}],"about":[{"href":"https:\/\/solardorosario.com.br\/galeria\/wp-json\/wp\/v2\/types\/product"}],"wp:featuredmedia":[{"embeddable":true,"href":"https:\/\/solardorosario.com.br\/galeria\/wp-json\/wp\/v2\/media\/6345"}],"wp:attachment":[{"href":"https:\/\/solardorosario.com.br\/galeria\/wp-json\/wp\/v2\/media?parent=6344"}],"wp:term":[{"taxonomy":"product_brand","embeddable":true,"href":"https:\/\/solardorosario.com.br\/galeria\/wp-json\/wp\/v2\/product_brand?post=6344"},{"taxonomy":"product_cat","embeddable":true,"href":"https:\/\/solardorosario.com.br\/galeria\/wp-json\/wp\/v2\/product_cat?post=6344"},{"taxonomy":"product_tag","embeddable":true,"href":"https:\/\/solardorosario.com.br\/galeria\/wp-json\/wp\/v2\/product_tag?post=6344"}],"curies":[{"name":"wp","href":"https:\/\/api.w.org\/{rel}","templated":true}]}}