{"id":5705,"date":"2025-08-12T14:53:36","date_gmt":"2025-08-12T17:53:36","guid":{"rendered":"https:\/\/solardorosario.com.br\/galeria\/?post_type=product&#038;p=5705"},"modified":"2025-11-13T18:11:06","modified_gmt":"2025-11-13T21:11:06","slug":"mini-azulejo-poty-carrossel-curitibano-sem-moldura","status":"publish","type":"product","link":"https:\/\/solardorosario.com.br\/galeria\/produto\/mini-azulejo-poty-carrossel-curitibano-sem-moldura\/","title":{"rendered":"Mini Azulejo Poty - Carrossel Curitibano (sem moldura)"},"content":{"rendered":"<p>Artista: Poty<br \/>\nT\u00edtulo: Carrossel Curitibano<br \/>\nDimens\u00e3o: 10x10cm (sem moldura)<\/p>\n<p>&nbsp;<\/p>\n<p>O Carrossel Curitibano \u00e9 uma das obras mais interessantes que Poty produziu para o Solar do Ros\u00e1rio.<br \/>\nCriou o mundo, mais um mundo de Curitiba.<br \/>\nChuvas de pinh\u00f5es convivem em harmonia com religiosos ortodoxos; personagens circenses e lojas que ficaram na mem\u00f3ria nost\u00e1lgica do passado est\u00e3o tranquilamente \u00e0 sombra de arauc\u00e1rias; carro\u00e7as, vag\u00f5es de trens, animais e personagens do imagin\u00e1rio mundo m\u00edtico e fant\u00e1stico do artista est\u00e3o juntos nesta vertigem do carrossel. Ser\u00e1 que conseguiremos subir de bicicleta ao som da bandinha para vivenciar um pouquinho desse mundo?<\/p>\n<p>Regina Casillo, 1998<\/p>\n","protected":false},"excerpt":{"rendered":"<p>Artista: Poty T\u00edtulo: Carrossel Curitibano Dimens\u00e3o: 10x10cm (sem moldura) &nbsp; O Carrossel Curitibano \u00e9 uma das obras mais interessantes que Poty produziu para o Solar do Ros\u00e1rio. Criou o mundo, mais um mundo de Curitiba. Chuvas de pinh\u00f5es convivem em harmonia com religiosos ortodoxos; personagens circenses e lojas que ficaram na mem\u00f3ria nost\u00e1lgica do passado [&hellip;]<\/p>\n","protected":false},"featured_media":5706,"template":"","meta":[],"product_brand":[],"product_cat":[117],"product_tag":[],"class_list":{"0":"post-5705","1":"product","2":"type-product","3":"status-publish","4":"has-post-thumbnail","6":"product_cat-galeria","7":"pa_tecnica-azulejos-de-arte","9":"first","10":"instock","11":"shipping-taxable","12":"purchasable","13":"product-type-simple"},"yoast_head":"<!-- This site is optimized with the Yoast SEO plugin v27.4 - https:\/\/yoast.com\/product\/yoast-seo-wordpress\/ -->\n<title>Mini Azulejo Poty - Carrossel Curitibano (sem moldura) - Solar do Ros\u00e1rio Galeria \\\\\\\\Nova<\/title>\n<meta name=\"robots\" content=\"index, follow, max-snippet:-1, max-image-preview:large, max-video-preview:-1\" \/>\n<link rel=\"canonical\" href=\"https:\/\/solardorosario.com.br\/galeria\/produto\/mini-azulejo-poty-carrossel-curitibano-sem-moldura\/\" \/>\n<meta property=\"og:locale\" content=\"pt_BR\" \/>\n<meta property=\"og:type\" content=\"article\" \/>\n<meta property=\"og:title\" content=\"Mini Azulejo Poty - Carrossel Curitibano (sem moldura) - Solar do Ros\u00e1rio Galeria \\\\\\\\Nova\" \/>\n<meta property=\"og:description\" content=\"Artista: Poty T\u00edtulo: Carrossel Curitibano Dimens\u00e3o: 10x10cm (sem moldura) &nbsp; O Carrossel Curitibano \u00e9 uma das obras mais interessantes que Poty produziu para o Solar do Ros\u00e1rio. Criou o mundo, mais um mundo de Curitiba. Chuvas de pinh\u00f5es convivem em harmonia com religiosos ortodoxos; personagens circenses e lojas que ficaram na mem\u00f3ria nost\u00e1lgica do passado [&hellip;]\" \/>\n<meta property=\"og:url\" content=\"https:\/\/solardorosario.com.br\/galeria\/produto\/mini-azulejo-poty-carrossel-curitibano-sem-moldura\/\" \/>\n<meta property=\"og:site_name\" content=\"Solar do Ros\u00e1rio Galeria \\\\\\\\Nova\" \/>\n<meta property=\"article:modified_time\" content=\"2025-11-13T21:11:06+00:00\" \/>\n<meta property=\"og:image\" content=\"https:\/\/solardorosario.com.br\/galeria\/wp-content\/uploads\/2025\/08\/Imagem-do-WhatsApp-de-2025-08-12-as-10.42.55_ebf8e498.jpg\" \/>\n\t<meta property=\"og:image:width\" content=\"1257\" \/>\n\t<meta property=\"og:image:height\" content=\"1280\" \/>\n\t<meta property=\"og:image:type\" content=\"image\/jpeg\" \/>\n<meta name=\"twitter:card\" content=\"summary_large_image\" \/>\n<meta name=\"twitter:label1\" content=\"Est. tempo de leitura\" \/>\n\t<meta name=\"twitter:data1\" content=\"1 minuto\" \/>\n<script type=\"application\/ld+json\" class=\"yoast-schema-graph\">{\"@context\":\"https:\\\/\\\/schema.org\",\"@graph\":[{\"@type\":\"WebPage\",\"@id\":\"https:\\\/\\\/solardorosario.com.br\\\/galeria\\\/produto\\\/mini-azulejo-poty-carrossel-curitibano-sem-moldura\\\/\",\"url\":\"https:\\\/\\\/solardorosario.com.br\\\/galeria\\\/produto\\\/mini-azulejo-poty-carrossel-curitibano-sem-moldura\\\/\",\"name\":\"Mini Azulejo Poty - Carrossel Curitibano (sem moldura) - Solar do Ros\u00e1rio Galeria \\\\\\\\\\\\\\\\Nova\",\"isPartOf\":{\"@id\":\"https:\\\/\\\/solardorosario.com.br\\\/galeria\\\/#website\"},\"primaryImageOfPage\":{\"@id\":\"https:\\\/\\\/solardorosario.com.br\\\/galeria\\\/produto\\\/mini-azulejo-poty-carrossel-curitibano-sem-moldura\\\/#primaryimage\"},\"image\":{\"@id\":\"https:\\\/\\\/solardorosario.com.br\\\/galeria\\\/produto\\\/mini-azulejo-poty-carrossel-curitibano-sem-moldura\\\/#primaryimage\"},\"thumbnailUrl\":\"https:\\\/\\\/solardorosario.com.br\\\/galeria\\\/wp-content\\\/uploads\\\/2025\\\/08\\\/Imagem-do-WhatsApp-de-2025-08-12-as-10.42.55_ebf8e498.jpg\",\"datePublished\":\"2025-08-12T17:53:36+00:00\",\"dateModified\":\"2025-11-13T21:11:06+00:00\",\"breadcrumb\":{\"@id\":\"https:\\\/\\\/solardorosario.com.br\\\/galeria\\\/produto\\\/mini-azulejo-poty-carrossel-curitibano-sem-moldura\\\/#breadcrumb\"},\"inLanguage\":\"pt-BR\",\"potentialAction\":[{\"@type\":\"ReadAction\",\"target\":[\"https:\\\/\\\/solardorosario.com.br\\\/galeria\\\/produto\\\/mini-azulejo-poty-carrossel-curitibano-sem-moldura\\\/\"]}]},{\"@type\":\"ImageObject\",\"inLanguage\":\"pt-BR\",\"@id\":\"https:\\\/\\\/solardorosario.com.br\\\/galeria\\\/produto\\\/mini-azulejo-poty-carrossel-curitibano-sem-moldura\\\/#primaryimage\",\"url\":\"https:\\\/\\\/solardorosario.com.br\\\/galeria\\\/wp-content\\\/uploads\\\/2025\\\/08\\\/Imagem-do-WhatsApp-de-2025-08-12-as-10.42.55_ebf8e498.jpg\",\"contentUrl\":\"https:\\\/\\\/solardorosario.com.br\\\/galeria\\\/wp-content\\\/uploads\\\/2025\\\/08\\\/Imagem-do-WhatsApp-de-2025-08-12-as-10.42.55_ebf8e498.jpg\",\"width\":1257,\"height\":1280},{\"@type\":\"BreadcrumbList\",\"@id\":\"https:\\\/\\\/solardorosario.com.br\\\/galeria\\\/produto\\\/mini-azulejo-poty-carrossel-curitibano-sem-moldura\\\/#breadcrumb\",\"itemListElement\":[{\"@type\":\"ListItem\",\"position\":1,\"name\":\"In\u00edcio\",\"item\":\"https:\\\/\\\/solardorosario.com.br\\\/galeria\\\/\"},{\"@type\":\"ListItem\",\"position\":2,\"name\":\"galeria\",\"item\":\"https:\\\/\\\/solardorosario.com.br\\\/galeria\\\/galeria\\\/\"},{\"@type\":\"ListItem\",\"position\":3,\"name\":\"Mini Azulejo Poty - Carrossel Curitibano (sem moldura)\"}]},{\"@type\":\"WebSite\",\"@id\":\"https:\\\/\\\/solardorosario.com.br\\\/galeria\\\/#website\",\"url\":\"https:\\\/\\\/solardorosario.com.br\\\/galeria\\\/\",\"name\":\"Solar do Ros\u00e1rio Galeria \\\\\\\\\\\\\\\\Nova\",\"description\":\"\",\"potentialAction\":[{\"@type\":\"SearchAction\",\"target\":{\"@type\":\"EntryPoint\",\"urlTemplate\":\"https:\\\/\\\/solardorosario.com.br\\\/galeria\\\/?s={search_term_string}\"},\"query-input\":{\"@type\":\"PropertyValueSpecification\",\"valueRequired\":true,\"valueName\":\"search_term_string\"}}],\"inLanguage\":\"pt-BR\"}]}<\/script>\n<!-- \/ Yoast SEO plugin. -->","yoast_head_json":{"title":"Mini Azulejo Poty - Carrossel Curitibano (sem moldura) - Solar do Ros\u00e1rio Galeria \\\\\\\\Nova","robots":{"index":"index","follow":"follow","max-snippet":"max-snippet:-1","max-image-preview":"max-image-preview:large","max-video-preview":"max-video-preview:-1"},"canonical":"https:\/\/solardorosario.com.br\/galeria\/produto\/mini-azulejo-poty-carrossel-curitibano-sem-moldura\/","og_locale":"pt_BR","og_type":"article","og_title":"Mini Azulejo Poty - Carrossel Curitibano (sem moldura) - Solar do Ros\u00e1rio Galeria \\\\\\\\Nova","og_description":"Artista: Poty T\u00edtulo: Carrossel Curitibano Dimens\u00e3o: 10x10cm (sem moldura) &nbsp; O Carrossel Curitibano \u00e9 uma das obras mais interessantes que Poty produziu para o Solar do Ros\u00e1rio. Criou o mundo, mais um mundo de Curitiba. Chuvas de pinh\u00f5es convivem em harmonia com religiosos ortodoxos; personagens circenses e lojas que ficaram na mem\u00f3ria nost\u00e1lgica do passado [&hellip;]","og_url":"https:\/\/solardorosario.com.br\/galeria\/produto\/mini-azulejo-poty-carrossel-curitibano-sem-moldura\/","og_site_name":"Solar do Ros\u00e1rio Galeria \\\\\\\\Nova","article_modified_time":"2025-11-13T21:11:06+00:00","og_image":[{"width":1257,"height":1280,"url":"https:\/\/solardorosario.com.br\/galeria\/wp-content\/uploads\/2025\/08\/Imagem-do-WhatsApp-de-2025-08-12-as-10.42.55_ebf8e498.jpg","type":"image\/jpeg"}],"twitter_card":"summary_large_image","twitter_misc":{"Est. tempo de leitura":"1 minuto"},"schema":{"@context":"https:\/\/schema.org","@graph":[{"@type":"WebPage","@id":"https:\/\/solardorosario.com.br\/galeria\/produto\/mini-azulejo-poty-carrossel-curitibano-sem-moldura\/","url":"https:\/\/solardorosario.com.br\/galeria\/produto\/mini-azulejo-poty-carrossel-curitibano-sem-moldura\/","name":"Mini Azulejo Poty - Carrossel Curitibano (sem moldura) - Solar do Ros\u00e1rio Galeria \\\\\\\\Nova","isPartOf":{"@id":"https:\/\/solardorosario.com.br\/galeria\/#website"},"primaryImageOfPage":{"@id":"https:\/\/solardorosario.com.br\/galeria\/produto\/mini-azulejo-poty-carrossel-curitibano-sem-moldura\/#primaryimage"},"image":{"@id":"https:\/\/solardorosario.com.br\/galeria\/produto\/mini-azulejo-poty-carrossel-curitibano-sem-moldura\/#primaryimage"},"thumbnailUrl":"https:\/\/solardorosario.com.br\/galeria\/wp-content\/uploads\/2025\/08\/Imagem-do-WhatsApp-de-2025-08-12-as-10.42.55_ebf8e498.jpg","datePublished":"2025-08-12T17:53:36+00:00","dateModified":"2025-11-13T21:11:06+00:00","breadcrumb":{"@id":"https:\/\/solardorosario.com.br\/galeria\/produto\/mini-azulejo-poty-carrossel-curitibano-sem-moldura\/#breadcrumb"},"inLanguage":"pt-BR","potentialAction":[{"@type":"ReadAction","target":["https:\/\/solardorosario.com.br\/galeria\/produto\/mini-azulejo-poty-carrossel-curitibano-sem-moldura\/"]}]},{"@type":"ImageObject","inLanguage":"pt-BR","@id":"https:\/\/solardorosario.com.br\/galeria\/produto\/mini-azulejo-poty-carrossel-curitibano-sem-moldura\/#primaryimage","url":"https:\/\/solardorosario.com.br\/galeria\/wp-content\/uploads\/2025\/08\/Imagem-do-WhatsApp-de-2025-08-12-as-10.42.55_ebf8e498.jpg","contentUrl":"https:\/\/solardorosario.com.br\/galeria\/wp-content\/uploads\/2025\/08\/Imagem-do-WhatsApp-de-2025-08-12-as-10.42.55_ebf8e498.jpg","width":1257,"height":1280},{"@type":"BreadcrumbList","@id":"https:\/\/solardorosario.com.br\/galeria\/produto\/mini-azulejo-poty-carrossel-curitibano-sem-moldura\/#breadcrumb","itemListElement":[{"@type":"ListItem","position":1,"name":"In\u00edcio","item":"https:\/\/solardorosario.com.br\/galeria\/"},{"@type":"ListItem","position":2,"name":"galeria","item":"https:\/\/solardorosario.com.br\/galeria\/galeria\/"},{"@type":"ListItem","position":3,"name":"Mini Azulejo Poty - Carrossel Curitibano (sem moldura)"}]},{"@type":"WebSite","@id":"https:\/\/solardorosario.com.br\/galeria\/#website","url":"https:\/\/solardorosario.com.br\/galeria\/","name":"Solar do Ros\u00e1rio Galeria \\\\\\\\Nova","description":"","potentialAction":[{"@type":"SearchAction","target":{"@type":"EntryPoint","urlTemplate":"https:\/\/solardorosario.com.br\/galeria\/?s={search_term_string}"},"query-input":{"@type":"PropertyValueSpecification","valueRequired":true,"valueName":"search_term_string"}}],"inLanguage":"pt-BR"}]}},"_links":{"self":[{"href":"https:\/\/solardorosario.com.br\/galeria\/wp-json\/wp\/v2\/product\/5705","targetHints":{"allow":["GET"]}}],"collection":[{"href":"https:\/\/solardorosario.com.br\/galeria\/wp-json\/wp\/v2\/product"}],"about":[{"href":"https:\/\/solardorosario.com.br\/galeria\/wp-json\/wp\/v2\/types\/product"}],"wp:featuredmedia":[{"embeddable":true,"href":"https:\/\/solardorosario.com.br\/galeria\/wp-json\/wp\/v2\/media\/5706"}],"wp:attachment":[{"href":"https:\/\/solardorosario.com.br\/galeria\/wp-json\/wp\/v2\/media?parent=5705"}],"wp:term":[{"taxonomy":"product_brand","embeddable":true,"href":"https:\/\/solardorosario.com.br\/galeria\/wp-json\/wp\/v2\/product_brand?post=5705"},{"taxonomy":"product_cat","embeddable":true,"href":"https:\/\/solardorosario.com.br\/galeria\/wp-json\/wp\/v2\/product_cat?post=5705"},{"taxonomy":"product_tag","embeddable":true,"href":"https:\/\/solardorosario.com.br\/galeria\/wp-json\/wp\/v2\/product_tag?post=5705"}],"curies":[{"name":"wp","href":"https:\/\/api.w.org\/{rel}","templated":true}]}}