{"id":5356,"date":"2025-05-15T16:36:41","date_gmt":"2025-05-15T19:36:41","guid":{"rendered":"https:\/\/solardorosario.com.br\/galeria\/?post_type=product&#038;p=5356"},"modified":"2026-04-06T14:20:22","modified_gmt":"2026-04-06T17:20:22","slug":"livro-lampiao-e-a-festa-de-casamento","status":"publish","type":"product","link":"https:\/\/solardorosario.com.br\/galeria\/produto\/livro-lampiao-e-a-festa-de-casamento\/","title":{"rendered":"Livro - Lampi\u00e3o e a festa de Casamento"},"content":{"rendered":"<p><strong>T\u00edtulo:<\/strong> Lampi\u00e3o e a festa de Casamento<\/p>\n<p>\"Todas as fam\u00edlias t\u00eam um repert\u00f3rio pr\u00f3prio de hist\u00f3rias que vai passando de gera\u00e7\u00e3o em gera\u00e7\u00e3o. Essa que conto agora, mesclada com enxertos de imagina\u00e7\u00e3o e fic\u00e7\u00e3o, era contada para mim e para meu irm\u00e3o Ricardo por nossa m\u00e3e, desde a inf\u00e2ncia. Lampi\u00e3o existiu mesmo. Considerado por uns como her\u00f3i e por outros como bandido, por seu carisma e empatia com o povo, liderando um bando de sem leis, saqueava, matava e trazia o terror a uma vasta regi\u00e3o do nordeste brasileiro. O canga\u00e7o fez parte da hist\u00f3ria do Brasil, nas primeiras d\u00e9cadas do s\u00e9culo XX. Lendas, exageros, mitifica\u00e7\u00f5es fazem parte das narra\u00e7\u00f5es de feitos desse anti-her\u00f3i que n\u00e3o media maldades para alcan\u00e7ar seus objetivos. Poucos homens valentes como o av\u00f4 Z\u00e9 Rocha enfrentavam o vil\u00e3o, com sucesso. Na madrugada de 28 de julho de 1939 o bando de Lampi\u00e3o foi pego de surpresa por um ataque das tropas volantes. O bandido e sua companheira Maria Bonita morreram no local. Mas a hist\u00f3ria que meus leitores v\u00e3o ler \u00e9 tamb\u00e9m sobre um momento de vida de fam\u00edlia tradicional do nordeste brasileiro.<\/p>\n<p>Al\u00e9m da viv\u00eancia do dia a dia, uma festa de casamento, com alguns rituais e comidas t\u00edpicas dessa regi\u00e3o do nosso imenso Brasil.\"<\/p>\n<div id=\"-product-builder-12-873\" class=\"oxy-product-builder oxy-woo-element\">\n<div id=\"product-3842\" class=\"product type-product post-3842 status-publish first instock product_cat-galeria has-post-thumbnail shipping-taxable purchasable product-type-simple\">\n<div class=\"oxy-product-wrapper-inner oxy-inner-content\">\n<div id=\"-product-tabs-63-873\" class=\"oxy-product-tabs oxy-woo-element\">\n<div class=\"woocommerce-tabs wc-tabs-wrapper\">\n<div id=\"tab-description\" class=\"woocommerce-Tabs-panel woocommerce-Tabs-panel--description panel entry-content wc-tab\" role=\"tabpanel\" aria-labelledby=\"tab-title-description\">\n<p><strong>Regina de Barros Correia Casillo - Diretora fundadora do Solar do Ros\u00e1rio e membro da Academia Parananese de Letras.\u00a0\u00a0<\/strong><\/p>\n<\/div>\n<\/div>\n<\/div>\n<\/div>\n<\/div>\n<\/div>\n<div id=\"code_block-64-873\" class=\"ct-code-block\"><\/div>\n<p>&nbsp;<\/p>\n<p>Livro acompanha caneca 200ml.<\/p>\n","protected":false},"excerpt":{"rendered":"<p>T\u00edtulo: Lampi\u00e3o e a festa de Casamento \"Todas as fam\u00edlias t\u00eam um repert\u00f3rio pr\u00f3prio de hist\u00f3rias que vai passando de gera\u00e7\u00e3o em gera\u00e7\u00e3o. Essa que conto agora, mesclada com enxertos de imagina\u00e7\u00e3o e fic\u00e7\u00e3o, era contada para mim e para meu irm\u00e3o Ricardo por nossa m\u00e3e, desde a inf\u00e2ncia. Lampi\u00e3o existiu mesmo. Considerado por uns [&hellip;]<\/p>\n","protected":false},"featured_media":5362,"template":"","meta":[],"product_brand":[],"product_cat":[117],"product_tag":[],"class_list":{"0":"post-5356","1":"product","2":"type-product","3":"status-publish","4":"has-post-thumbnail","6":"product_cat-galeria","7":"pa_tecnica-livros-de-arte-e-artistas","9":"first","10":"instock","11":"shipping-taxable","12":"purchasable","13":"product-type-simple"},"yoast_head":"<!-- This site is optimized with the Yoast SEO plugin v27.4 - https:\/\/yoast.com\/product\/yoast-seo-wordpress\/ -->\n<title>Livro - Lampi\u00e3o e a festa de Casamento - Solar do Ros\u00e1rio Galeria \\\\\\\\Nova<\/title>\n<meta name=\"robots\" content=\"index, follow, max-snippet:-1, max-image-preview:large, max-video-preview:-1\" \/>\n<link rel=\"canonical\" href=\"https:\/\/solardorosario.com.br\/galeria\/produto\/livro-lampiao-e-a-festa-de-casamento\/\" \/>\n<meta property=\"og:locale\" content=\"pt_BR\" \/>\n<meta property=\"og:type\" content=\"article\" \/>\n<meta property=\"og:title\" content=\"Livro - Lampi\u00e3o e a festa de Casamento - Solar do Ros\u00e1rio Galeria \\\\\\\\Nova\" \/>\n<meta property=\"og:description\" content=\"T\u00edtulo: Lampi\u00e3o e a festa de Casamento &quot;Todas as fam\u00edlias t\u00eam um repert\u00f3rio pr\u00f3prio de hist\u00f3rias que vai passando de gera\u00e7\u00e3o em gera\u00e7\u00e3o. Essa que conto agora, mesclada com enxertos de imagina\u00e7\u00e3o e fic\u00e7\u00e3o, era contada para mim e para meu irm\u00e3o Ricardo por nossa m\u00e3e, desde a inf\u00e2ncia. Lampi\u00e3o existiu mesmo. Considerado por uns [&hellip;]\" \/>\n<meta property=\"og:url\" content=\"https:\/\/solardorosario.com.br\/galeria\/produto\/livro-lampiao-e-a-festa-de-casamento\/\" \/>\n<meta property=\"og:site_name\" content=\"Solar do Ros\u00e1rio Galeria \\\\\\\\Nova\" \/>\n<meta property=\"article:modified_time\" content=\"2026-04-06T17:20:22+00:00\" \/>\n<meta property=\"og:image\" content=\"https:\/\/solardorosario.com.br\/galeria\/wp-content\/uploads\/2025\/05\/Imagem-do-WhatsApp-de-2025-03-17-as-12.06.02_e533f923.jpg\" \/>\n\t<meta property=\"og:image:width\" content=\"1258\" \/>\n\t<meta property=\"og:image:height\" content=\"1280\" \/>\n\t<meta property=\"og:image:type\" content=\"image\/jpeg\" \/>\n<meta name=\"twitter:card\" content=\"summary_large_image\" \/>\n<meta name=\"twitter:label1\" content=\"Est. tempo de leitura\" \/>\n\t<meta name=\"twitter:data1\" content=\"2 minutos\" \/>\n<script type=\"application\/ld+json\" class=\"yoast-schema-graph\">{\"@context\":\"https:\\\/\\\/schema.org\",\"@graph\":[{\"@type\":\"WebPage\",\"@id\":\"https:\\\/\\\/solardorosario.com.br\\\/galeria\\\/produto\\\/livro-lampiao-e-a-festa-de-casamento\\\/\",\"url\":\"https:\\\/\\\/solardorosario.com.br\\\/galeria\\\/produto\\\/livro-lampiao-e-a-festa-de-casamento\\\/\",\"name\":\"Livro - Lampi\u00e3o e a festa de Casamento - Solar do Ros\u00e1rio Galeria \\\\\\\\\\\\\\\\Nova\",\"isPartOf\":{\"@id\":\"https:\\\/\\\/solardorosario.com.br\\\/galeria\\\/#website\"},\"primaryImageOfPage\":{\"@id\":\"https:\\\/\\\/solardorosario.com.br\\\/galeria\\\/produto\\\/livro-lampiao-e-a-festa-de-casamento\\\/#primaryimage\"},\"image\":{\"@id\":\"https:\\\/\\\/solardorosario.com.br\\\/galeria\\\/produto\\\/livro-lampiao-e-a-festa-de-casamento\\\/#primaryimage\"},\"thumbnailUrl\":\"https:\\\/\\\/solardorosario.com.br\\\/galeria\\\/wp-content\\\/uploads\\\/2025\\\/05\\\/Imagem-do-WhatsApp-de-2025-03-17-as-12.06.02_e533f923.jpg\",\"datePublished\":\"2025-05-15T19:36:41+00:00\",\"dateModified\":\"2026-04-06T17:20:22+00:00\",\"breadcrumb\":{\"@id\":\"https:\\\/\\\/solardorosario.com.br\\\/galeria\\\/produto\\\/livro-lampiao-e-a-festa-de-casamento\\\/#breadcrumb\"},\"inLanguage\":\"pt-BR\",\"potentialAction\":[{\"@type\":\"ReadAction\",\"target\":[\"https:\\\/\\\/solardorosario.com.br\\\/galeria\\\/produto\\\/livro-lampiao-e-a-festa-de-casamento\\\/\"]}]},{\"@type\":\"ImageObject\",\"inLanguage\":\"pt-BR\",\"@id\":\"https:\\\/\\\/solardorosario.com.br\\\/galeria\\\/produto\\\/livro-lampiao-e-a-festa-de-casamento\\\/#primaryimage\",\"url\":\"https:\\\/\\\/solardorosario.com.br\\\/galeria\\\/wp-content\\\/uploads\\\/2025\\\/05\\\/Imagem-do-WhatsApp-de-2025-03-17-as-12.06.02_e533f923.jpg\",\"contentUrl\":\"https:\\\/\\\/solardorosario.com.br\\\/galeria\\\/wp-content\\\/uploads\\\/2025\\\/05\\\/Imagem-do-WhatsApp-de-2025-03-17-as-12.06.02_e533f923.jpg\",\"width\":1258,\"height\":1280},{\"@type\":\"BreadcrumbList\",\"@id\":\"https:\\\/\\\/solardorosario.com.br\\\/galeria\\\/produto\\\/livro-lampiao-e-a-festa-de-casamento\\\/#breadcrumb\",\"itemListElement\":[{\"@type\":\"ListItem\",\"position\":1,\"name\":\"In\u00edcio\",\"item\":\"https:\\\/\\\/solardorosario.com.br\\\/galeria\\\/\"},{\"@type\":\"ListItem\",\"position\":2,\"name\":\"galeria\",\"item\":\"https:\\\/\\\/solardorosario.com.br\\\/galeria\\\/galeria\\\/\"},{\"@type\":\"ListItem\",\"position\":3,\"name\":\"Livro - Lampi\u00e3o e a festa de Casamento\"}]},{\"@type\":\"WebSite\",\"@id\":\"https:\\\/\\\/solardorosario.com.br\\\/galeria\\\/#website\",\"url\":\"https:\\\/\\\/solardorosario.com.br\\\/galeria\\\/\",\"name\":\"Solar do Ros\u00e1rio Galeria \\\\\\\\\\\\\\\\Nova\",\"description\":\"\",\"potentialAction\":[{\"@type\":\"SearchAction\",\"target\":{\"@type\":\"EntryPoint\",\"urlTemplate\":\"https:\\\/\\\/solardorosario.com.br\\\/galeria\\\/?s={search_term_string}\"},\"query-input\":{\"@type\":\"PropertyValueSpecification\",\"valueRequired\":true,\"valueName\":\"search_term_string\"}}],\"inLanguage\":\"pt-BR\"}]}<\/script>\n<!-- \/ Yoast SEO plugin. -->","yoast_head_json":{"title":"Livro - Lampi\u00e3o e a festa de Casamento - Solar do Ros\u00e1rio Galeria \\\\\\\\Nova","robots":{"index":"index","follow":"follow","max-snippet":"max-snippet:-1","max-image-preview":"max-image-preview:large","max-video-preview":"max-video-preview:-1"},"canonical":"https:\/\/solardorosario.com.br\/galeria\/produto\/livro-lampiao-e-a-festa-de-casamento\/","og_locale":"pt_BR","og_type":"article","og_title":"Livro - Lampi\u00e3o e a festa de Casamento - Solar do Ros\u00e1rio Galeria \\\\\\\\Nova","og_description":"T\u00edtulo: Lampi\u00e3o e a festa de Casamento \"Todas as fam\u00edlias t\u00eam um repert\u00f3rio pr\u00f3prio de hist\u00f3rias que vai passando de gera\u00e7\u00e3o em gera\u00e7\u00e3o. Essa que conto agora, mesclada com enxertos de imagina\u00e7\u00e3o e fic\u00e7\u00e3o, era contada para mim e para meu irm\u00e3o Ricardo por nossa m\u00e3e, desde a inf\u00e2ncia. Lampi\u00e3o existiu mesmo. Considerado por uns [&hellip;]","og_url":"https:\/\/solardorosario.com.br\/galeria\/produto\/livro-lampiao-e-a-festa-de-casamento\/","og_site_name":"Solar do Ros\u00e1rio Galeria \\\\\\\\Nova","article_modified_time":"2026-04-06T17:20:22+00:00","og_image":[{"width":1258,"height":1280,"url":"https:\/\/solardorosario.com.br\/galeria\/wp-content\/uploads\/2025\/05\/Imagem-do-WhatsApp-de-2025-03-17-as-12.06.02_e533f923.jpg","type":"image\/jpeg"}],"twitter_card":"summary_large_image","twitter_misc":{"Est. tempo de leitura":"2 minutos"},"schema":{"@context":"https:\/\/schema.org","@graph":[{"@type":"WebPage","@id":"https:\/\/solardorosario.com.br\/galeria\/produto\/livro-lampiao-e-a-festa-de-casamento\/","url":"https:\/\/solardorosario.com.br\/galeria\/produto\/livro-lampiao-e-a-festa-de-casamento\/","name":"Livro - Lampi\u00e3o e a festa de Casamento - Solar do Ros\u00e1rio Galeria \\\\\\\\Nova","isPartOf":{"@id":"https:\/\/solardorosario.com.br\/galeria\/#website"},"primaryImageOfPage":{"@id":"https:\/\/solardorosario.com.br\/galeria\/produto\/livro-lampiao-e-a-festa-de-casamento\/#primaryimage"},"image":{"@id":"https:\/\/solardorosario.com.br\/galeria\/produto\/livro-lampiao-e-a-festa-de-casamento\/#primaryimage"},"thumbnailUrl":"https:\/\/solardorosario.com.br\/galeria\/wp-content\/uploads\/2025\/05\/Imagem-do-WhatsApp-de-2025-03-17-as-12.06.02_e533f923.jpg","datePublished":"2025-05-15T19:36:41+00:00","dateModified":"2026-04-06T17:20:22+00:00","breadcrumb":{"@id":"https:\/\/solardorosario.com.br\/galeria\/produto\/livro-lampiao-e-a-festa-de-casamento\/#breadcrumb"},"inLanguage":"pt-BR","potentialAction":[{"@type":"ReadAction","target":["https:\/\/solardorosario.com.br\/galeria\/produto\/livro-lampiao-e-a-festa-de-casamento\/"]}]},{"@type":"ImageObject","inLanguage":"pt-BR","@id":"https:\/\/solardorosario.com.br\/galeria\/produto\/livro-lampiao-e-a-festa-de-casamento\/#primaryimage","url":"https:\/\/solardorosario.com.br\/galeria\/wp-content\/uploads\/2025\/05\/Imagem-do-WhatsApp-de-2025-03-17-as-12.06.02_e533f923.jpg","contentUrl":"https:\/\/solardorosario.com.br\/galeria\/wp-content\/uploads\/2025\/05\/Imagem-do-WhatsApp-de-2025-03-17-as-12.06.02_e533f923.jpg","width":1258,"height":1280},{"@type":"BreadcrumbList","@id":"https:\/\/solardorosario.com.br\/galeria\/produto\/livro-lampiao-e-a-festa-de-casamento\/#breadcrumb","itemListElement":[{"@type":"ListItem","position":1,"name":"In\u00edcio","item":"https:\/\/solardorosario.com.br\/galeria\/"},{"@type":"ListItem","position":2,"name":"galeria","item":"https:\/\/solardorosario.com.br\/galeria\/galeria\/"},{"@type":"ListItem","position":3,"name":"Livro - Lampi\u00e3o e a festa de Casamento"}]},{"@type":"WebSite","@id":"https:\/\/solardorosario.com.br\/galeria\/#website","url":"https:\/\/solardorosario.com.br\/galeria\/","name":"Solar do Ros\u00e1rio Galeria \\\\\\\\Nova","description":"","potentialAction":[{"@type":"SearchAction","target":{"@type":"EntryPoint","urlTemplate":"https:\/\/solardorosario.com.br\/galeria\/?s={search_term_string}"},"query-input":{"@type":"PropertyValueSpecification","valueRequired":true,"valueName":"search_term_string"}}],"inLanguage":"pt-BR"}]}},"_links":{"self":[{"href":"https:\/\/solardorosario.com.br\/galeria\/wp-json\/wp\/v2\/product\/5356","targetHints":{"allow":["GET"]}}],"collection":[{"href":"https:\/\/solardorosario.com.br\/galeria\/wp-json\/wp\/v2\/product"}],"about":[{"href":"https:\/\/solardorosario.com.br\/galeria\/wp-json\/wp\/v2\/types\/product"}],"wp:featuredmedia":[{"embeddable":true,"href":"https:\/\/solardorosario.com.br\/galeria\/wp-json\/wp\/v2\/media\/5362"}],"wp:attachment":[{"href":"https:\/\/solardorosario.com.br\/galeria\/wp-json\/wp\/v2\/media?parent=5356"}],"wp:term":[{"taxonomy":"product_brand","embeddable":true,"href":"https:\/\/solardorosario.com.br\/galeria\/wp-json\/wp\/v2\/product_brand?post=5356"},{"taxonomy":"product_cat","embeddable":true,"href":"https:\/\/solardorosario.com.br\/galeria\/wp-json\/wp\/v2\/product_cat?post=5356"},{"taxonomy":"product_tag","embeddable":true,"href":"https:\/\/solardorosario.com.br\/galeria\/wp-json\/wp\/v2\/product_tag?post=5356"}],"curies":[{"name":"wp","href":"https:\/\/api.w.org\/{rel}","templated":true}]}}