{"id":5315,"date":"2025-02-27T14:52:32","date_gmt":"2025-02-27T17:52:32","guid":{"rendered":"https:\/\/solardorosario.com.br\/galeria\/?post_type=product&#038;p=5315"},"modified":"2025-12-22T14:53:13","modified_gmt":"2025-12-22T17:53:13","slug":"reginaldo-carvalho-pinheiros-do-santuario-n-senhora-do-schoenstatt","status":"publish","type":"product","link":"https:\/\/solardorosario.com.br\/galeria\/produto\/reginaldo-carvalho-pinheiros-do-santuario-n-senhora-do-schoenstatt\/","title":{"rendered":"Reginaldo Carvalho - Pinheiros do Santu\u00e1rio N. Senhora do Schoenstatt"},"content":{"rendered":"<p><strong>Artista:<\/strong> Reginaldo Carvalho<\/p>\n<p><strong>T\u00edtulo:<\/strong> Pinheiros do Santu\u00e1rio N. Sra. de Schoenstatt - Curitiba\/PR<\/p>\n<p><strong>Dimens\u00e3o:<\/strong> 30x40cm<\/p>\n<p><strong>T\u00e9cnica:<\/strong> \u00d3leo sobre tela (com moldura)<\/p>\n<p>&nbsp;<\/p>\n<p>&nbsp;<\/p>\n<p>Reginaldo Carvalho \u00e9 artista visual, nascido em 24 de dezembro de 1964, em Curitiba - Paran\u00e1. A partir de 1982 inicia os estudos no curso de Desenho de Arquitetura, no 2\u00ba grau e trabalha como artista finalista em serigrafia. Em 1983, come\u00e7a a pintar retratos nas feiras de artes em Curitiba. Em 1987, tem seu primeiro trabalho adquirido pela C\u00e2mara Municipal de Curitiba. Em 1989, participou do 6\u00ba Sal\u00e3o Banestado de Artistas In\u00e9ditos, com destaque no Jornal Ind\u00fastria e Com\u00e9rcio. Em 1991, pintou um painel para a Equitel (Siemens), com 214x540cm de dimens\u00e3o. A partir de 1996, estudou na Escola de M\u00fasica e Belas Artes do Paran\u00e1 (EMBAP), no curso Superior de Pintura, e participa de v\u00e1rias exposi\u00e7\u00f5es coletivas na EMBAP. Em 2005, fez uma exposi\u00e7\u00e3o no Pal\u00e1cio da Justi\u00e7a Federal em Curitiba, e no ano seguinte, participou do Sal\u00e3o Paranaense, no Museu de Arte Contempor\u00e2nea (MAC). Em 2007, a Pontif\u00edcia Universidade Cat\u00f3lica do Paran\u00e1 (PUC-PR) adquiriu uma cole\u00e7\u00e3o de 19 obras do artista, pela reitoria, com exposi\u00e7\u00e3o coletiva intitulada \"Cole\u00e7\u00e3o do Reitor\". Em 2009 suas obras foram adquiridas pelo Cerimonial da Prefeitura de Curitiba. Em 2012 exp\u00f4s numa coletiva na PUC-PR, e no mesmo ano, suas obras foram adquiridas pela Assembleia Legislativa do Paran\u00e1 (ALEP). Entre 2015 e 2017 o Cerimonial Pal\u00e1cio Igua\u00e7u adquiriu suas obras. E em 2024, suas obras fizeram parte da exposi\u00e7\u00e3o do Tribunal da Justi\u00e7a do Paran\u00e1 (TJPR).<\/p>\n","protected":false},"excerpt":{"rendered":"<p>Artista: Reginaldo Carvalho T\u00edtulo: Pinheiros do Santu\u00e1rio N. Sra. de Schoenstatt - Curitiba\/PR Dimens\u00e3o: 30x40cm T\u00e9cnica: \u00d3leo sobre tela (com moldura) &nbsp; &nbsp; Reginaldo Carvalho \u00e9 artista visual, nascido em 24 de dezembro de 1964, em Curitiba - Paran\u00e1. A partir de 1982 inicia os estudos no curso de Desenho de Arquitetura, no 2\u00ba grau [&hellip;]<\/p>\n","protected":false},"featured_media":5316,"template":"","meta":[],"product_brand":[],"product_cat":[117],"product_tag":[],"class_list":{"0":"post-5315","1":"product","2":"type-product","3":"status-publish","4":"has-post-thumbnail","6":"product_cat-galeria","7":"pa_artista-reginaldo-carvalho","8":"pa_estilo-figurativo-paisagem","9":"pa_tecnica-oleo-sobre-tela","11":"first","12":"instock","13":"shipping-taxable","14":"purchasable","15":"product-type-simple"},"yoast_head":"<!-- This site is optimized with the Yoast SEO plugin v27.4 - https:\/\/yoast.com\/product\/yoast-seo-wordpress\/ -->\n<title>Reginaldo Carvalho - Pinheiros do Santu\u00e1rio N. Senhora do Schoenstatt - Solar do Ros\u00e1rio Galeria \\\\\\\\Nova<\/title>\n<meta name=\"robots\" content=\"index, follow, max-snippet:-1, max-image-preview:large, max-video-preview:-1\" \/>\n<link rel=\"canonical\" href=\"https:\/\/solardorosario.com.br\/galeria\/produto\/reginaldo-carvalho-pinheiros-do-santuario-n-senhora-do-schoenstatt\/\" \/>\n<meta property=\"og:locale\" content=\"pt_BR\" \/>\n<meta property=\"og:type\" content=\"article\" \/>\n<meta property=\"og:title\" content=\"Reginaldo Carvalho - Pinheiros do Santu\u00e1rio N. Senhora do Schoenstatt - Solar do Ros\u00e1rio Galeria \\\\\\\\Nova\" \/>\n<meta property=\"og:description\" content=\"Artista: Reginaldo Carvalho T\u00edtulo: Pinheiros do Santu\u00e1rio N. Sra. de Schoenstatt - Curitiba\/PR Dimens\u00e3o: 30x40cm T\u00e9cnica: \u00d3leo sobre tela (com moldura) &nbsp; &nbsp; Reginaldo Carvalho \u00e9 artista visual, nascido em 24 de dezembro de 1964, em Curitiba - Paran\u00e1. A partir de 1982 inicia os estudos no curso de Desenho de Arquitetura, no 2\u00ba grau [&hellip;]\" \/>\n<meta property=\"og:url\" content=\"https:\/\/solardorosario.com.br\/galeria\/produto\/reginaldo-carvalho-pinheiros-do-santuario-n-senhora-do-schoenstatt\/\" \/>\n<meta property=\"og:site_name\" content=\"Solar do Ros\u00e1rio Galeria \\\\\\\\Nova\" \/>\n<meta property=\"article:modified_time\" content=\"2025-12-22T17:53:13+00:00\" \/>\n<meta property=\"og:image\" content=\"https:\/\/solardorosario.com.br\/galeria\/wp-content\/uploads\/2025\/02\/Imagem-do-WhatsApp-de-2025-02-27-as-14.47.18_3db812e7.jpg\" \/>\n\t<meta property=\"og:image:width\" content=\"917\" \/>\n\t<meta property=\"og:image:height\" content=\"1280\" \/>\n\t<meta property=\"og:image:type\" content=\"image\/jpeg\" \/>\n<meta name=\"twitter:card\" content=\"summary_large_image\" \/>\n<meta name=\"twitter:label1\" content=\"Est. tempo de leitura\" \/>\n\t<meta name=\"twitter:data1\" content=\"2 minutos\" \/>\n<script type=\"application\/ld+json\" class=\"yoast-schema-graph\">{\"@context\":\"https:\\\/\\\/schema.org\",\"@graph\":[{\"@type\":\"WebPage\",\"@id\":\"https:\\\/\\\/solardorosario.com.br\\\/galeria\\\/produto\\\/reginaldo-carvalho-pinheiros-do-santuario-n-senhora-do-schoenstatt\\\/\",\"url\":\"https:\\\/\\\/solardorosario.com.br\\\/galeria\\\/produto\\\/reginaldo-carvalho-pinheiros-do-santuario-n-senhora-do-schoenstatt\\\/\",\"name\":\"Reginaldo Carvalho - Pinheiros do Santu\u00e1rio N. Senhora do Schoenstatt - Solar do Ros\u00e1rio Galeria \\\\\\\\\\\\\\\\Nova\",\"isPartOf\":{\"@id\":\"https:\\\/\\\/solardorosario.com.br\\\/galeria\\\/#website\"},\"primaryImageOfPage\":{\"@id\":\"https:\\\/\\\/solardorosario.com.br\\\/galeria\\\/produto\\\/reginaldo-carvalho-pinheiros-do-santuario-n-senhora-do-schoenstatt\\\/#primaryimage\"},\"image\":{\"@id\":\"https:\\\/\\\/solardorosario.com.br\\\/galeria\\\/produto\\\/reginaldo-carvalho-pinheiros-do-santuario-n-senhora-do-schoenstatt\\\/#primaryimage\"},\"thumbnailUrl\":\"https:\\\/\\\/solardorosario.com.br\\\/galeria\\\/wp-content\\\/uploads\\\/2025\\\/02\\\/Imagem-do-WhatsApp-de-2025-02-27-as-14.47.18_3db812e7.jpg\",\"datePublished\":\"2025-02-27T17:52:32+00:00\",\"dateModified\":\"2025-12-22T17:53:13+00:00\",\"breadcrumb\":{\"@id\":\"https:\\\/\\\/solardorosario.com.br\\\/galeria\\\/produto\\\/reginaldo-carvalho-pinheiros-do-santuario-n-senhora-do-schoenstatt\\\/#breadcrumb\"},\"inLanguage\":\"pt-BR\",\"potentialAction\":[{\"@type\":\"ReadAction\",\"target\":[\"https:\\\/\\\/solardorosario.com.br\\\/galeria\\\/produto\\\/reginaldo-carvalho-pinheiros-do-santuario-n-senhora-do-schoenstatt\\\/\"]}]},{\"@type\":\"ImageObject\",\"inLanguage\":\"pt-BR\",\"@id\":\"https:\\\/\\\/solardorosario.com.br\\\/galeria\\\/produto\\\/reginaldo-carvalho-pinheiros-do-santuario-n-senhora-do-schoenstatt\\\/#primaryimage\",\"url\":\"https:\\\/\\\/solardorosario.com.br\\\/galeria\\\/wp-content\\\/uploads\\\/2025\\\/02\\\/Imagem-do-WhatsApp-de-2025-02-27-as-14.47.18_3db812e7.jpg\",\"contentUrl\":\"https:\\\/\\\/solardorosario.com.br\\\/galeria\\\/wp-content\\\/uploads\\\/2025\\\/02\\\/Imagem-do-WhatsApp-de-2025-02-27-as-14.47.18_3db812e7.jpg\",\"width\":917,\"height\":1280},{\"@type\":\"BreadcrumbList\",\"@id\":\"https:\\\/\\\/solardorosario.com.br\\\/galeria\\\/produto\\\/reginaldo-carvalho-pinheiros-do-santuario-n-senhora-do-schoenstatt\\\/#breadcrumb\",\"itemListElement\":[{\"@type\":\"ListItem\",\"position\":1,\"name\":\"In\u00edcio\",\"item\":\"https:\\\/\\\/solardorosario.com.br\\\/galeria\\\/\"},{\"@type\":\"ListItem\",\"position\":2,\"name\":\"galeria\",\"item\":\"https:\\\/\\\/solardorosario.com.br\\\/galeria\\\/galeria\\\/\"},{\"@type\":\"ListItem\",\"position\":3,\"name\":\"Reginaldo Carvalho - Pinheiros do Santu\u00e1rio N. Senhora do Schoenstatt\"}]},{\"@type\":\"WebSite\",\"@id\":\"https:\\\/\\\/solardorosario.com.br\\\/galeria\\\/#website\",\"url\":\"https:\\\/\\\/solardorosario.com.br\\\/galeria\\\/\",\"name\":\"Solar do Ros\u00e1rio Galeria \\\\\\\\\\\\\\\\Nova\",\"description\":\"\",\"potentialAction\":[{\"@type\":\"SearchAction\",\"target\":{\"@type\":\"EntryPoint\",\"urlTemplate\":\"https:\\\/\\\/solardorosario.com.br\\\/galeria\\\/?s={search_term_string}\"},\"query-input\":{\"@type\":\"PropertyValueSpecification\",\"valueRequired\":true,\"valueName\":\"search_term_string\"}}],\"inLanguage\":\"pt-BR\"}]}<\/script>\n<!-- \/ Yoast SEO plugin. -->","yoast_head_json":{"title":"Reginaldo Carvalho - Pinheiros do Santu\u00e1rio N. Senhora do Schoenstatt - Solar do Ros\u00e1rio Galeria \\\\\\\\Nova","robots":{"index":"index","follow":"follow","max-snippet":"max-snippet:-1","max-image-preview":"max-image-preview:large","max-video-preview":"max-video-preview:-1"},"canonical":"https:\/\/solardorosario.com.br\/galeria\/produto\/reginaldo-carvalho-pinheiros-do-santuario-n-senhora-do-schoenstatt\/","og_locale":"pt_BR","og_type":"article","og_title":"Reginaldo Carvalho - Pinheiros do Santu\u00e1rio N. Senhora do Schoenstatt - Solar do Ros\u00e1rio Galeria \\\\\\\\Nova","og_description":"Artista: Reginaldo Carvalho T\u00edtulo: Pinheiros do Santu\u00e1rio N. Sra. de Schoenstatt - Curitiba\/PR Dimens\u00e3o: 30x40cm T\u00e9cnica: \u00d3leo sobre tela (com moldura) &nbsp; &nbsp; Reginaldo Carvalho \u00e9 artista visual, nascido em 24 de dezembro de 1964, em Curitiba - Paran\u00e1. A partir de 1982 inicia os estudos no curso de Desenho de Arquitetura, no 2\u00ba grau [&hellip;]","og_url":"https:\/\/solardorosario.com.br\/galeria\/produto\/reginaldo-carvalho-pinheiros-do-santuario-n-senhora-do-schoenstatt\/","og_site_name":"Solar do Ros\u00e1rio Galeria \\\\\\\\Nova","article_modified_time":"2025-12-22T17:53:13+00:00","og_image":[{"width":917,"height":1280,"url":"https:\/\/solardorosario.com.br\/galeria\/wp-content\/uploads\/2025\/02\/Imagem-do-WhatsApp-de-2025-02-27-as-14.47.18_3db812e7.jpg","type":"image\/jpeg"}],"twitter_card":"summary_large_image","twitter_misc":{"Est. tempo de leitura":"2 minutos"},"schema":{"@context":"https:\/\/schema.org","@graph":[{"@type":"WebPage","@id":"https:\/\/solardorosario.com.br\/galeria\/produto\/reginaldo-carvalho-pinheiros-do-santuario-n-senhora-do-schoenstatt\/","url":"https:\/\/solardorosario.com.br\/galeria\/produto\/reginaldo-carvalho-pinheiros-do-santuario-n-senhora-do-schoenstatt\/","name":"Reginaldo Carvalho - Pinheiros do Santu\u00e1rio N. Senhora do Schoenstatt - Solar do Ros\u00e1rio Galeria \\\\\\\\Nova","isPartOf":{"@id":"https:\/\/solardorosario.com.br\/galeria\/#website"},"primaryImageOfPage":{"@id":"https:\/\/solardorosario.com.br\/galeria\/produto\/reginaldo-carvalho-pinheiros-do-santuario-n-senhora-do-schoenstatt\/#primaryimage"},"image":{"@id":"https:\/\/solardorosario.com.br\/galeria\/produto\/reginaldo-carvalho-pinheiros-do-santuario-n-senhora-do-schoenstatt\/#primaryimage"},"thumbnailUrl":"https:\/\/solardorosario.com.br\/galeria\/wp-content\/uploads\/2025\/02\/Imagem-do-WhatsApp-de-2025-02-27-as-14.47.18_3db812e7.jpg","datePublished":"2025-02-27T17:52:32+00:00","dateModified":"2025-12-22T17:53:13+00:00","breadcrumb":{"@id":"https:\/\/solardorosario.com.br\/galeria\/produto\/reginaldo-carvalho-pinheiros-do-santuario-n-senhora-do-schoenstatt\/#breadcrumb"},"inLanguage":"pt-BR","potentialAction":[{"@type":"ReadAction","target":["https:\/\/solardorosario.com.br\/galeria\/produto\/reginaldo-carvalho-pinheiros-do-santuario-n-senhora-do-schoenstatt\/"]}]},{"@type":"ImageObject","inLanguage":"pt-BR","@id":"https:\/\/solardorosario.com.br\/galeria\/produto\/reginaldo-carvalho-pinheiros-do-santuario-n-senhora-do-schoenstatt\/#primaryimage","url":"https:\/\/solardorosario.com.br\/galeria\/wp-content\/uploads\/2025\/02\/Imagem-do-WhatsApp-de-2025-02-27-as-14.47.18_3db812e7.jpg","contentUrl":"https:\/\/solardorosario.com.br\/galeria\/wp-content\/uploads\/2025\/02\/Imagem-do-WhatsApp-de-2025-02-27-as-14.47.18_3db812e7.jpg","width":917,"height":1280},{"@type":"BreadcrumbList","@id":"https:\/\/solardorosario.com.br\/galeria\/produto\/reginaldo-carvalho-pinheiros-do-santuario-n-senhora-do-schoenstatt\/#breadcrumb","itemListElement":[{"@type":"ListItem","position":1,"name":"In\u00edcio","item":"https:\/\/solardorosario.com.br\/galeria\/"},{"@type":"ListItem","position":2,"name":"galeria","item":"https:\/\/solardorosario.com.br\/galeria\/galeria\/"},{"@type":"ListItem","position":3,"name":"Reginaldo Carvalho - Pinheiros do Santu\u00e1rio N. Senhora do Schoenstatt"}]},{"@type":"WebSite","@id":"https:\/\/solardorosario.com.br\/galeria\/#website","url":"https:\/\/solardorosario.com.br\/galeria\/","name":"Solar do Ros\u00e1rio Galeria \\\\\\\\Nova","description":"","potentialAction":[{"@type":"SearchAction","target":{"@type":"EntryPoint","urlTemplate":"https:\/\/solardorosario.com.br\/galeria\/?s={search_term_string}"},"query-input":{"@type":"PropertyValueSpecification","valueRequired":true,"valueName":"search_term_string"}}],"inLanguage":"pt-BR"}]}},"_links":{"self":[{"href":"https:\/\/solardorosario.com.br\/galeria\/wp-json\/wp\/v2\/product\/5315","targetHints":{"allow":["GET"]}}],"collection":[{"href":"https:\/\/solardorosario.com.br\/galeria\/wp-json\/wp\/v2\/product"}],"about":[{"href":"https:\/\/solardorosario.com.br\/galeria\/wp-json\/wp\/v2\/types\/product"}],"wp:featuredmedia":[{"embeddable":true,"href":"https:\/\/solardorosario.com.br\/galeria\/wp-json\/wp\/v2\/media\/5316"}],"wp:attachment":[{"href":"https:\/\/solardorosario.com.br\/galeria\/wp-json\/wp\/v2\/media?parent=5315"}],"wp:term":[{"taxonomy":"product_brand","embeddable":true,"href":"https:\/\/solardorosario.com.br\/galeria\/wp-json\/wp\/v2\/product_brand?post=5315"},{"taxonomy":"product_cat","embeddable":true,"href":"https:\/\/solardorosario.com.br\/galeria\/wp-json\/wp\/v2\/product_cat?post=5315"},{"taxonomy":"product_tag","embeddable":true,"href":"https:\/\/solardorosario.com.br\/galeria\/wp-json\/wp\/v2\/product_tag?post=5315"}],"curies":[{"name":"wp","href":"https:\/\/api.w.org\/{rel}","templated":true}]}}