{"id":4951,"date":"2024-06-20T11:39:53","date_gmt":"2024-06-20T14:39:53","guid":{"rendered":"https:\/\/solardorosario.com.br\/galeria\/?post_type=product&#038;p=4951"},"modified":"2026-03-26T11:08:22","modified_gmt":"2026-03-26T14:08:22","slug":"joao-henrique-paisagem","status":"publish","type":"product","link":"https:\/\/solardorosario.com.br\/galeria\/produto\/joao-henrique-paisagem\/","title":{"rendered":"Jo\u00e3o Henrique - Paisagem"},"content":{"rendered":"<p><strong>Artista:<\/strong> Jo\u00e3o Henrique<\/p>\n<p><strong>T\u00edtulo:<\/strong> Paisagem<\/p>\n<p><strong>Dimens\u00e3o:<\/strong> 20x30cm<\/p>\n<p><strong>T\u00e9cnica:<\/strong> Acr\u00edlica sobre tela<\/p>\n<p>&nbsp;<\/p>\n<p>&nbsp;<\/p>\n<p>Jo\u00e3o Henrique C\u00farcio Allemand (Muqui, ES, Brasil, 1935) \u00e9 artista visual, pintor, desenhista, gravador e serigrafista. Autodidata, naif. Em suas obras, expressa em seus quadros com guache, geralmente, a vida do interior, do litoral, principalmente com paisagens, numa concep\u00e7\u00e3o primitiva. A partir de 1965, se dedica totalmente \u00e0 pintura, participando do Sal\u00e3o Esso de Artistas Jovens, no Rio de Janeiro, cidade onde reside. Apenas 2 anos depois, em 1967, realizou sua primeira exposi\u00e7\u00e3o individual, na Galeria Santa Rosa, tamb\u00e9m na cidade carioca.<\/p>\n","protected":false},"excerpt":{"rendered":"<p>Artista: Jo\u00e3o Henrique T\u00edtulo: Paisagem Dimens\u00e3o: 20x30cm T\u00e9cnica: Acr\u00edlica sobre tela &nbsp; &nbsp; Jo\u00e3o Henrique C\u00farcio Allemand (Muqui, ES, Brasil, 1935) \u00e9 artista visual, pintor, desenhista, gravador e serigrafista. Autodidata, naif. Em suas obras, expressa em seus quadros com guache, geralmente, a vida do interior, do litoral, principalmente com paisagens, numa concep\u00e7\u00e3o primitiva. A partir [&hellip;]<\/p>\n","protected":false},"featured_media":4953,"template":"","meta":[],"product_brand":[],"product_cat":[117],"product_tag":[],"class_list":{"0":"post-4951","1":"product","2":"type-product","3":"status-publish","4":"has-post-thumbnail","6":"product_cat-galeria","7":"pa_artista-joao-henrique","8":"pa_estilo-figurativo-paisagem","9":"pa_estilo-figurativo-marinha","10":"pa_tecnica-acrilica-sobre-tela","12":"first","13":"instock","14":"shipping-taxable","15":"product-type-simple"},"yoast_head":"<!-- This site is optimized with the Yoast SEO plugin v27.4 - https:\/\/yoast.com\/product\/yoast-seo-wordpress\/ -->\n<title>Jo\u00e3o Henrique - Paisagem - Solar do Ros\u00e1rio Galeria \\\\\\\\Nova<\/title>\n<meta name=\"robots\" content=\"index, follow, max-snippet:-1, max-image-preview:large, max-video-preview:-1\" \/>\n<link rel=\"canonical\" href=\"https:\/\/solardorosario.com.br\/galeria\/produto\/joao-henrique-paisagem\/\" \/>\n<meta property=\"og:locale\" content=\"pt_BR\" \/>\n<meta property=\"og:type\" content=\"article\" \/>\n<meta property=\"og:title\" content=\"Jo\u00e3o Henrique - Paisagem - Solar do Ros\u00e1rio Galeria \\\\\\\\Nova\" \/>\n<meta property=\"og:description\" content=\"Artista: Jo\u00e3o Henrique T\u00edtulo: Paisagem Dimens\u00e3o: 20x30cm T\u00e9cnica: Acr\u00edlica sobre tela &nbsp; &nbsp; Jo\u00e3o Henrique C\u00farcio Allemand (Muqui, ES, Brasil, 1935) \u00e9 artista visual, pintor, desenhista, gravador e serigrafista. Autodidata, naif. Em suas obras, expressa em seus quadros com guache, geralmente, a vida do interior, do litoral, principalmente com paisagens, numa concep\u00e7\u00e3o primitiva. A partir [&hellip;]\" \/>\n<meta property=\"og:url\" content=\"https:\/\/solardorosario.com.br\/galeria\/produto\/joao-henrique-paisagem\/\" \/>\n<meta property=\"og:site_name\" content=\"Solar do Ros\u00e1rio Galeria \\\\\\\\Nova\" \/>\n<meta property=\"article:modified_time\" content=\"2026-03-26T14:08:22+00:00\" \/>\n<meta property=\"og:image\" content=\"https:\/\/solardorosario.com.br\/galeria\/wp-content\/uploads\/2024\/06\/Imagem-do-WhatsApp-de-2024-05-20-as-12.01.10_6f04a174.jpg\" \/>\n\t<meta property=\"og:image:width\" content=\"1280\" \/>\n\t<meta property=\"og:image:height\" content=\"1068\" \/>\n\t<meta property=\"og:image:type\" content=\"image\/jpeg\" \/>\n<meta name=\"twitter:card\" content=\"summary_large_image\" \/>\n<meta name=\"twitter:label1\" content=\"Est. tempo de leitura\" \/>\n\t<meta name=\"twitter:data1\" content=\"1 minuto\" \/>\n<script type=\"application\/ld+json\" class=\"yoast-schema-graph\">{\"@context\":\"https:\\\/\\\/schema.org\",\"@graph\":[{\"@type\":\"WebPage\",\"@id\":\"https:\\\/\\\/solardorosario.com.br\\\/galeria\\\/produto\\\/joao-henrique-paisagem\\\/\",\"url\":\"https:\\\/\\\/solardorosario.com.br\\\/galeria\\\/produto\\\/joao-henrique-paisagem\\\/\",\"name\":\"Jo\u00e3o Henrique - Paisagem - Solar do Ros\u00e1rio Galeria \\\\\\\\\\\\\\\\Nova\",\"isPartOf\":{\"@id\":\"https:\\\/\\\/solardorosario.com.br\\\/galeria\\\/#website\"},\"primaryImageOfPage\":{\"@id\":\"https:\\\/\\\/solardorosario.com.br\\\/galeria\\\/produto\\\/joao-henrique-paisagem\\\/#primaryimage\"},\"image\":{\"@id\":\"https:\\\/\\\/solardorosario.com.br\\\/galeria\\\/produto\\\/joao-henrique-paisagem\\\/#primaryimage\"},\"thumbnailUrl\":\"https:\\\/\\\/solardorosario.com.br\\\/galeria\\\/wp-content\\\/uploads\\\/2024\\\/06\\\/Imagem-do-WhatsApp-de-2024-05-20-as-12.01.10_6f04a174.jpg\",\"datePublished\":\"2024-06-20T14:39:53+00:00\",\"dateModified\":\"2026-03-26T14:08:22+00:00\",\"breadcrumb\":{\"@id\":\"https:\\\/\\\/solardorosario.com.br\\\/galeria\\\/produto\\\/joao-henrique-paisagem\\\/#breadcrumb\"},\"inLanguage\":\"pt-BR\",\"potentialAction\":[{\"@type\":\"ReadAction\",\"target\":[\"https:\\\/\\\/solardorosario.com.br\\\/galeria\\\/produto\\\/joao-henrique-paisagem\\\/\"]}]},{\"@type\":\"ImageObject\",\"inLanguage\":\"pt-BR\",\"@id\":\"https:\\\/\\\/solardorosario.com.br\\\/galeria\\\/produto\\\/joao-henrique-paisagem\\\/#primaryimage\",\"url\":\"https:\\\/\\\/solardorosario.com.br\\\/galeria\\\/wp-content\\\/uploads\\\/2024\\\/06\\\/Imagem-do-WhatsApp-de-2024-05-20-as-12.01.10_6f04a174.jpg\",\"contentUrl\":\"https:\\\/\\\/solardorosario.com.br\\\/galeria\\\/wp-content\\\/uploads\\\/2024\\\/06\\\/Imagem-do-WhatsApp-de-2024-05-20-as-12.01.10_6f04a174.jpg\",\"width\":1280,\"height\":1068},{\"@type\":\"BreadcrumbList\",\"@id\":\"https:\\\/\\\/solardorosario.com.br\\\/galeria\\\/produto\\\/joao-henrique-paisagem\\\/#breadcrumb\",\"itemListElement\":[{\"@type\":\"ListItem\",\"position\":1,\"name\":\"In\u00edcio\",\"item\":\"https:\\\/\\\/solardorosario.com.br\\\/galeria\\\/\"},{\"@type\":\"ListItem\",\"position\":2,\"name\":\"galeria\",\"item\":\"https:\\\/\\\/solardorosario.com.br\\\/galeria\\\/galeria\\\/\"},{\"@type\":\"ListItem\",\"position\":3,\"name\":\"Jo\u00e3o Henrique - Paisagem\"}]},{\"@type\":\"WebSite\",\"@id\":\"https:\\\/\\\/solardorosario.com.br\\\/galeria\\\/#website\",\"url\":\"https:\\\/\\\/solardorosario.com.br\\\/galeria\\\/\",\"name\":\"Solar do Ros\u00e1rio Galeria \\\\\\\\\\\\\\\\Nova\",\"description\":\"\",\"potentialAction\":[{\"@type\":\"SearchAction\",\"target\":{\"@type\":\"EntryPoint\",\"urlTemplate\":\"https:\\\/\\\/solardorosario.com.br\\\/galeria\\\/?s={search_term_string}\"},\"query-input\":{\"@type\":\"PropertyValueSpecification\",\"valueRequired\":true,\"valueName\":\"search_term_string\"}}],\"inLanguage\":\"pt-BR\"}]}<\/script>\n<!-- \/ Yoast SEO plugin. -->","yoast_head_json":{"title":"Jo\u00e3o Henrique - Paisagem - Solar do Ros\u00e1rio Galeria \\\\\\\\Nova","robots":{"index":"index","follow":"follow","max-snippet":"max-snippet:-1","max-image-preview":"max-image-preview:large","max-video-preview":"max-video-preview:-1"},"canonical":"https:\/\/solardorosario.com.br\/galeria\/produto\/joao-henrique-paisagem\/","og_locale":"pt_BR","og_type":"article","og_title":"Jo\u00e3o Henrique - Paisagem - Solar do Ros\u00e1rio Galeria \\\\\\\\Nova","og_description":"Artista: Jo\u00e3o Henrique T\u00edtulo: Paisagem Dimens\u00e3o: 20x30cm T\u00e9cnica: Acr\u00edlica sobre tela &nbsp; &nbsp; Jo\u00e3o Henrique C\u00farcio Allemand (Muqui, ES, Brasil, 1935) \u00e9 artista visual, pintor, desenhista, gravador e serigrafista. Autodidata, naif. Em suas obras, expressa em seus quadros com guache, geralmente, a vida do interior, do litoral, principalmente com paisagens, numa concep\u00e7\u00e3o primitiva. A partir [&hellip;]","og_url":"https:\/\/solardorosario.com.br\/galeria\/produto\/joao-henrique-paisagem\/","og_site_name":"Solar do Ros\u00e1rio Galeria \\\\\\\\Nova","article_modified_time":"2026-03-26T14:08:22+00:00","og_image":[{"width":1280,"height":1068,"url":"https:\/\/solardorosario.com.br\/galeria\/wp-content\/uploads\/2024\/06\/Imagem-do-WhatsApp-de-2024-05-20-as-12.01.10_6f04a174.jpg","type":"image\/jpeg"}],"twitter_card":"summary_large_image","twitter_misc":{"Est. tempo de leitura":"1 minuto"},"schema":{"@context":"https:\/\/schema.org","@graph":[{"@type":"WebPage","@id":"https:\/\/solardorosario.com.br\/galeria\/produto\/joao-henrique-paisagem\/","url":"https:\/\/solardorosario.com.br\/galeria\/produto\/joao-henrique-paisagem\/","name":"Jo\u00e3o Henrique - Paisagem - Solar do Ros\u00e1rio Galeria \\\\\\\\Nova","isPartOf":{"@id":"https:\/\/solardorosario.com.br\/galeria\/#website"},"primaryImageOfPage":{"@id":"https:\/\/solardorosario.com.br\/galeria\/produto\/joao-henrique-paisagem\/#primaryimage"},"image":{"@id":"https:\/\/solardorosario.com.br\/galeria\/produto\/joao-henrique-paisagem\/#primaryimage"},"thumbnailUrl":"https:\/\/solardorosario.com.br\/galeria\/wp-content\/uploads\/2024\/06\/Imagem-do-WhatsApp-de-2024-05-20-as-12.01.10_6f04a174.jpg","datePublished":"2024-06-20T14:39:53+00:00","dateModified":"2026-03-26T14:08:22+00:00","breadcrumb":{"@id":"https:\/\/solardorosario.com.br\/galeria\/produto\/joao-henrique-paisagem\/#breadcrumb"},"inLanguage":"pt-BR","potentialAction":[{"@type":"ReadAction","target":["https:\/\/solardorosario.com.br\/galeria\/produto\/joao-henrique-paisagem\/"]}]},{"@type":"ImageObject","inLanguage":"pt-BR","@id":"https:\/\/solardorosario.com.br\/galeria\/produto\/joao-henrique-paisagem\/#primaryimage","url":"https:\/\/solardorosario.com.br\/galeria\/wp-content\/uploads\/2024\/06\/Imagem-do-WhatsApp-de-2024-05-20-as-12.01.10_6f04a174.jpg","contentUrl":"https:\/\/solardorosario.com.br\/galeria\/wp-content\/uploads\/2024\/06\/Imagem-do-WhatsApp-de-2024-05-20-as-12.01.10_6f04a174.jpg","width":1280,"height":1068},{"@type":"BreadcrumbList","@id":"https:\/\/solardorosario.com.br\/galeria\/produto\/joao-henrique-paisagem\/#breadcrumb","itemListElement":[{"@type":"ListItem","position":1,"name":"In\u00edcio","item":"https:\/\/solardorosario.com.br\/galeria\/"},{"@type":"ListItem","position":2,"name":"galeria","item":"https:\/\/solardorosario.com.br\/galeria\/galeria\/"},{"@type":"ListItem","position":3,"name":"Jo\u00e3o Henrique - Paisagem"}]},{"@type":"WebSite","@id":"https:\/\/solardorosario.com.br\/galeria\/#website","url":"https:\/\/solardorosario.com.br\/galeria\/","name":"Solar do Ros\u00e1rio Galeria \\\\\\\\Nova","description":"","potentialAction":[{"@type":"SearchAction","target":{"@type":"EntryPoint","urlTemplate":"https:\/\/solardorosario.com.br\/galeria\/?s={search_term_string}"},"query-input":{"@type":"PropertyValueSpecification","valueRequired":true,"valueName":"search_term_string"}}],"inLanguage":"pt-BR"}]}},"_links":{"self":[{"href":"https:\/\/solardorosario.com.br\/galeria\/wp-json\/wp\/v2\/product\/4951","targetHints":{"allow":["GET"]}}],"collection":[{"href":"https:\/\/solardorosario.com.br\/galeria\/wp-json\/wp\/v2\/product"}],"about":[{"href":"https:\/\/solardorosario.com.br\/galeria\/wp-json\/wp\/v2\/types\/product"}],"wp:featuredmedia":[{"embeddable":true,"href":"https:\/\/solardorosario.com.br\/galeria\/wp-json\/wp\/v2\/media\/4953"}],"wp:attachment":[{"href":"https:\/\/solardorosario.com.br\/galeria\/wp-json\/wp\/v2\/media?parent=4951"}],"wp:term":[{"taxonomy":"product_brand","embeddable":true,"href":"https:\/\/solardorosario.com.br\/galeria\/wp-json\/wp\/v2\/product_brand?post=4951"},{"taxonomy":"product_cat","embeddable":true,"href":"https:\/\/solardorosario.com.br\/galeria\/wp-json\/wp\/v2\/product_cat?post=4951"},{"taxonomy":"product_tag","embeddable":true,"href":"https:\/\/solardorosario.com.br\/galeria\/wp-json\/wp\/v2\/product_tag?post=4951"}],"curies":[{"name":"wp","href":"https:\/\/api.w.org\/{rel}","templated":true}]}}