{"id":4825,"date":"2024-05-02T14:06:48","date_gmt":"2024-05-02T17:06:48","guid":{"rendered":"https:\/\/solardorosario.com.br\/galeria\/?post_type=product&#038;p=4825"},"modified":"2026-03-19T15:14:57","modified_gmt":"2026-03-19T18:14:57","slug":"cristina-strapacao-distancia-azul","status":"publish","type":"product","link":"https:\/\/solardorosario.com.br\/galeria\/produto\/cristina-strapacao-distancia-azul\/","title":{"rendered":"Cristina Strapa\u00e7\u00e3o - Dist\u00e2ncia Azul"},"content":{"rendered":"<p><strong>Artista:<\/strong> Cristina Strapa\u00e7\u00e3o<\/p>\n<p><strong>Titulo:<\/strong> Dist\u00e2ncia Azul<\/p>\n<p><strong>Dimens\u00e3o:<\/strong> 50x70cm<\/p>\n<p><strong>T\u00e9cnica:<\/strong> \u00d3leo sobre tela (com moldura)<\/p>\n<p>&nbsp;<\/p>\n<p>&nbsp;<\/p>\n<p>Nascida em Curitiba - Paran\u00e1, e viveu na capital paranaense at\u00e9 2003 e atualmente reside em Jo\u00e3o Pessoa - PB. \u00c9 formada em Servi\u00e7o Social, e frequentava cursos de desenhos e pintura administrados por artistas como Dalwa Lobo, Luiz Carlos de Andrade e S\u00e9rgio Prata, em Curitiba. Exp\u00f4s individualmente e coletivamente em diversos locais em Curitiba, Jo\u00e3o Pessoa, Natal, Fran\u00e7a, Espanha, Cabedelo.<\/p>\n","protected":false},"excerpt":{"rendered":"<p>Artista: Cristina Strapa\u00e7\u00e3o Titulo: Dist\u00e2ncia Azul Dimens\u00e3o: 50x70cm T\u00e9cnica: \u00d3leo sobre tela (com moldura) &nbsp; &nbsp; Nascida em Curitiba - Paran\u00e1, e viveu na capital paranaense at\u00e9 2003 e atualmente reside em Jo\u00e3o Pessoa - PB. \u00c9 formada em Servi\u00e7o Social, e frequentava cursos de desenhos e pintura administrados por artistas como Dalwa Lobo, Luiz [&hellip;]<\/p>\n","protected":false},"featured_media":4833,"template":"","meta":[],"product_brand":[],"product_cat":[117],"product_tag":[],"class_list":{"0":"post-4825","1":"product","2":"type-product","3":"status-publish","4":"has-post-thumbnail","6":"product_cat-galeria","7":"pa_artista-cristina-strapacao","8":"pa_estilo-figurativo-marinha","9":"pa_tecnica-oleo-sobre-tela","11":"first","12":"instock","13":"shipping-taxable","14":"purchasable","15":"product-type-simple"},"yoast_head":"<!-- This site is optimized with the Yoast SEO plugin v27.4 - https:\/\/yoast.com\/product\/yoast-seo-wordpress\/ -->\n<title>Cristina Strapa\u00e7\u00e3o - Dist\u00e2ncia Azul - Solar do Ros\u00e1rio Galeria \\\\\\\\Nova<\/title>\n<meta name=\"robots\" content=\"index, follow, max-snippet:-1, max-image-preview:large, max-video-preview:-1\" \/>\n<link rel=\"canonical\" href=\"https:\/\/solardorosario.com.br\/galeria\/produto\/cristina-strapacao-distancia-azul\/\" \/>\n<meta property=\"og:locale\" content=\"pt_BR\" \/>\n<meta property=\"og:type\" content=\"article\" \/>\n<meta property=\"og:title\" content=\"Cristina Strapa\u00e7\u00e3o - Dist\u00e2ncia Azul - Solar do Ros\u00e1rio Galeria \\\\\\\\Nova\" \/>\n<meta property=\"og:description\" content=\"Artista: Cristina Strapa\u00e7\u00e3o Titulo: Dist\u00e2ncia Azul Dimens\u00e3o: 50x70cm T\u00e9cnica: \u00d3leo sobre tela (com moldura) &nbsp; &nbsp; Nascida em Curitiba - Paran\u00e1, e viveu na capital paranaense at\u00e9 2003 e atualmente reside em Jo\u00e3o Pessoa - PB. \u00c9 formada em Servi\u00e7o Social, e frequentava cursos de desenhos e pintura administrados por artistas como Dalwa Lobo, Luiz [&hellip;]\" \/>\n<meta property=\"og:url\" content=\"https:\/\/solardorosario.com.br\/galeria\/produto\/cristina-strapacao-distancia-azul\/\" \/>\n<meta property=\"og:site_name\" content=\"Solar do Ros\u00e1rio Galeria \\\\\\\\Nova\" \/>\n<meta property=\"article:modified_time\" content=\"2026-03-19T18:14:57+00:00\" \/>\n<meta property=\"og:image\" content=\"https:\/\/solardorosario.com.br\/galeria\/wp-content\/uploads\/2024\/05\/Imagem-do-WhatsApp-de-2024-05-02-as-14.30.34_3b79279c.jpg\" \/>\n\t<meta property=\"og:image:width\" content=\"1280\" \/>\n\t<meta property=\"og:image:height\" content=\"958\" \/>\n\t<meta property=\"og:image:type\" content=\"image\/jpeg\" \/>\n<meta name=\"twitter:card\" content=\"summary_large_image\" \/>\n<meta name=\"twitter:label1\" content=\"Est. tempo de leitura\" \/>\n\t<meta name=\"twitter:data1\" content=\"1 minuto\" \/>\n<script type=\"application\/ld+json\" class=\"yoast-schema-graph\">{\"@context\":\"https:\\\/\\\/schema.org\",\"@graph\":[{\"@type\":\"WebPage\",\"@id\":\"https:\\\/\\\/solardorosario.com.br\\\/galeria\\\/produto\\\/cristina-strapacao-distancia-azul\\\/\",\"url\":\"https:\\\/\\\/solardorosario.com.br\\\/galeria\\\/produto\\\/cristina-strapacao-distancia-azul\\\/\",\"name\":\"Cristina Strapa\u00e7\u00e3o - Dist\u00e2ncia Azul - Solar do Ros\u00e1rio Galeria \\\\\\\\\\\\\\\\Nova\",\"isPartOf\":{\"@id\":\"https:\\\/\\\/solardorosario.com.br\\\/galeria\\\/#website\"},\"primaryImageOfPage\":{\"@id\":\"https:\\\/\\\/solardorosario.com.br\\\/galeria\\\/produto\\\/cristina-strapacao-distancia-azul\\\/#primaryimage\"},\"image\":{\"@id\":\"https:\\\/\\\/solardorosario.com.br\\\/galeria\\\/produto\\\/cristina-strapacao-distancia-azul\\\/#primaryimage\"},\"thumbnailUrl\":\"https:\\\/\\\/solardorosario.com.br\\\/galeria\\\/wp-content\\\/uploads\\\/2024\\\/05\\\/Imagem-do-WhatsApp-de-2024-05-02-as-14.30.34_3b79279c.jpg\",\"datePublished\":\"2024-05-02T17:06:48+00:00\",\"dateModified\":\"2026-03-19T18:14:57+00:00\",\"breadcrumb\":{\"@id\":\"https:\\\/\\\/solardorosario.com.br\\\/galeria\\\/produto\\\/cristina-strapacao-distancia-azul\\\/#breadcrumb\"},\"inLanguage\":\"pt-BR\",\"potentialAction\":[{\"@type\":\"ReadAction\",\"target\":[\"https:\\\/\\\/solardorosario.com.br\\\/galeria\\\/produto\\\/cristina-strapacao-distancia-azul\\\/\"]}]},{\"@type\":\"ImageObject\",\"inLanguage\":\"pt-BR\",\"@id\":\"https:\\\/\\\/solardorosario.com.br\\\/galeria\\\/produto\\\/cristina-strapacao-distancia-azul\\\/#primaryimage\",\"url\":\"https:\\\/\\\/solardorosario.com.br\\\/galeria\\\/wp-content\\\/uploads\\\/2024\\\/05\\\/Imagem-do-WhatsApp-de-2024-05-02-as-14.30.34_3b79279c.jpg\",\"contentUrl\":\"https:\\\/\\\/solardorosario.com.br\\\/galeria\\\/wp-content\\\/uploads\\\/2024\\\/05\\\/Imagem-do-WhatsApp-de-2024-05-02-as-14.30.34_3b79279c.jpg\",\"width\":1280,\"height\":958},{\"@type\":\"BreadcrumbList\",\"@id\":\"https:\\\/\\\/solardorosario.com.br\\\/galeria\\\/produto\\\/cristina-strapacao-distancia-azul\\\/#breadcrumb\",\"itemListElement\":[{\"@type\":\"ListItem\",\"position\":1,\"name\":\"In\u00edcio\",\"item\":\"https:\\\/\\\/solardorosario.com.br\\\/galeria\\\/\"},{\"@type\":\"ListItem\",\"position\":2,\"name\":\"galeria\",\"item\":\"https:\\\/\\\/solardorosario.com.br\\\/galeria\\\/galeria\\\/\"},{\"@type\":\"ListItem\",\"position\":3,\"name\":\"Cristina Strapa\u00e7\u00e3o - Dist\u00e2ncia Azul\"}]},{\"@type\":\"WebSite\",\"@id\":\"https:\\\/\\\/solardorosario.com.br\\\/galeria\\\/#website\",\"url\":\"https:\\\/\\\/solardorosario.com.br\\\/galeria\\\/\",\"name\":\"Solar do Ros\u00e1rio Galeria \\\\\\\\\\\\\\\\Nova\",\"description\":\"\",\"potentialAction\":[{\"@type\":\"SearchAction\",\"target\":{\"@type\":\"EntryPoint\",\"urlTemplate\":\"https:\\\/\\\/solardorosario.com.br\\\/galeria\\\/?s={search_term_string}\"},\"query-input\":{\"@type\":\"PropertyValueSpecification\",\"valueRequired\":true,\"valueName\":\"search_term_string\"}}],\"inLanguage\":\"pt-BR\"}]}<\/script>\n<!-- \/ Yoast SEO plugin. -->","yoast_head_json":{"title":"Cristina Strapa\u00e7\u00e3o - Dist\u00e2ncia Azul - Solar do Ros\u00e1rio Galeria \\\\\\\\Nova","robots":{"index":"index","follow":"follow","max-snippet":"max-snippet:-1","max-image-preview":"max-image-preview:large","max-video-preview":"max-video-preview:-1"},"canonical":"https:\/\/solardorosario.com.br\/galeria\/produto\/cristina-strapacao-distancia-azul\/","og_locale":"pt_BR","og_type":"article","og_title":"Cristina Strapa\u00e7\u00e3o - Dist\u00e2ncia Azul - Solar do Ros\u00e1rio Galeria \\\\\\\\Nova","og_description":"Artista: Cristina Strapa\u00e7\u00e3o Titulo: Dist\u00e2ncia Azul Dimens\u00e3o: 50x70cm T\u00e9cnica: \u00d3leo sobre tela (com moldura) &nbsp; &nbsp; Nascida em Curitiba - Paran\u00e1, e viveu na capital paranaense at\u00e9 2003 e atualmente reside em Jo\u00e3o Pessoa - PB. \u00c9 formada em Servi\u00e7o Social, e frequentava cursos de desenhos e pintura administrados por artistas como Dalwa Lobo, Luiz [&hellip;]","og_url":"https:\/\/solardorosario.com.br\/galeria\/produto\/cristina-strapacao-distancia-azul\/","og_site_name":"Solar do Ros\u00e1rio Galeria \\\\\\\\Nova","article_modified_time":"2026-03-19T18:14:57+00:00","og_image":[{"width":1280,"height":958,"url":"https:\/\/solardorosario.com.br\/galeria\/wp-content\/uploads\/2024\/05\/Imagem-do-WhatsApp-de-2024-05-02-as-14.30.34_3b79279c.jpg","type":"image\/jpeg"}],"twitter_card":"summary_large_image","twitter_misc":{"Est. tempo de leitura":"1 minuto"},"schema":{"@context":"https:\/\/schema.org","@graph":[{"@type":"WebPage","@id":"https:\/\/solardorosario.com.br\/galeria\/produto\/cristina-strapacao-distancia-azul\/","url":"https:\/\/solardorosario.com.br\/galeria\/produto\/cristina-strapacao-distancia-azul\/","name":"Cristina Strapa\u00e7\u00e3o - Dist\u00e2ncia Azul - Solar do Ros\u00e1rio Galeria \\\\\\\\Nova","isPartOf":{"@id":"https:\/\/solardorosario.com.br\/galeria\/#website"},"primaryImageOfPage":{"@id":"https:\/\/solardorosario.com.br\/galeria\/produto\/cristina-strapacao-distancia-azul\/#primaryimage"},"image":{"@id":"https:\/\/solardorosario.com.br\/galeria\/produto\/cristina-strapacao-distancia-azul\/#primaryimage"},"thumbnailUrl":"https:\/\/solardorosario.com.br\/galeria\/wp-content\/uploads\/2024\/05\/Imagem-do-WhatsApp-de-2024-05-02-as-14.30.34_3b79279c.jpg","datePublished":"2024-05-02T17:06:48+00:00","dateModified":"2026-03-19T18:14:57+00:00","breadcrumb":{"@id":"https:\/\/solardorosario.com.br\/galeria\/produto\/cristina-strapacao-distancia-azul\/#breadcrumb"},"inLanguage":"pt-BR","potentialAction":[{"@type":"ReadAction","target":["https:\/\/solardorosario.com.br\/galeria\/produto\/cristina-strapacao-distancia-azul\/"]}]},{"@type":"ImageObject","inLanguage":"pt-BR","@id":"https:\/\/solardorosario.com.br\/galeria\/produto\/cristina-strapacao-distancia-azul\/#primaryimage","url":"https:\/\/solardorosario.com.br\/galeria\/wp-content\/uploads\/2024\/05\/Imagem-do-WhatsApp-de-2024-05-02-as-14.30.34_3b79279c.jpg","contentUrl":"https:\/\/solardorosario.com.br\/galeria\/wp-content\/uploads\/2024\/05\/Imagem-do-WhatsApp-de-2024-05-02-as-14.30.34_3b79279c.jpg","width":1280,"height":958},{"@type":"BreadcrumbList","@id":"https:\/\/solardorosario.com.br\/galeria\/produto\/cristina-strapacao-distancia-azul\/#breadcrumb","itemListElement":[{"@type":"ListItem","position":1,"name":"In\u00edcio","item":"https:\/\/solardorosario.com.br\/galeria\/"},{"@type":"ListItem","position":2,"name":"galeria","item":"https:\/\/solardorosario.com.br\/galeria\/galeria\/"},{"@type":"ListItem","position":3,"name":"Cristina Strapa\u00e7\u00e3o - Dist\u00e2ncia Azul"}]},{"@type":"WebSite","@id":"https:\/\/solardorosario.com.br\/galeria\/#website","url":"https:\/\/solardorosario.com.br\/galeria\/","name":"Solar do Ros\u00e1rio Galeria \\\\\\\\Nova","description":"","potentialAction":[{"@type":"SearchAction","target":{"@type":"EntryPoint","urlTemplate":"https:\/\/solardorosario.com.br\/galeria\/?s={search_term_string}"},"query-input":{"@type":"PropertyValueSpecification","valueRequired":true,"valueName":"search_term_string"}}],"inLanguage":"pt-BR"}]}},"_links":{"self":[{"href":"https:\/\/solardorosario.com.br\/galeria\/wp-json\/wp\/v2\/product\/4825","targetHints":{"allow":["GET"]}}],"collection":[{"href":"https:\/\/solardorosario.com.br\/galeria\/wp-json\/wp\/v2\/product"}],"about":[{"href":"https:\/\/solardorosario.com.br\/galeria\/wp-json\/wp\/v2\/types\/product"}],"wp:featuredmedia":[{"embeddable":true,"href":"https:\/\/solardorosario.com.br\/galeria\/wp-json\/wp\/v2\/media\/4833"}],"wp:attachment":[{"href":"https:\/\/solardorosario.com.br\/galeria\/wp-json\/wp\/v2\/media?parent=4825"}],"wp:term":[{"taxonomy":"product_brand","embeddable":true,"href":"https:\/\/solardorosario.com.br\/galeria\/wp-json\/wp\/v2\/product_brand?post=4825"},{"taxonomy":"product_cat","embeddable":true,"href":"https:\/\/solardorosario.com.br\/galeria\/wp-json\/wp\/v2\/product_cat?post=4825"},{"taxonomy":"product_tag","embeddable":true,"href":"https:\/\/solardorosario.com.br\/galeria\/wp-json\/wp\/v2\/product_tag?post=4825"}],"curies":[{"name":"wp","href":"https:\/\/api.w.org\/{rel}","templated":true}]}}