{"id":3842,"date":"2023-05-09T15:27:08","date_gmt":"2023-05-09T18:27:08","guid":{"rendered":"https:\/\/solardorosario.com.br\/galeria\/?post_type=product&#038;p=3842"},"modified":"2026-04-06T14:18:16","modified_gmt":"2026-04-06T17:18:16","slug":"livro-os-ilustres-irmaos-reboucas","status":"publish","type":"product","link":"https:\/\/solardorosario.com.br\/galeria\/produto\/livro-os-ilustres-irmaos-reboucas\/","title":{"rendered":"Livro - Os Ilustres Irm\u00e3os Rebou\u00e7as"},"content":{"rendered":"<p><strong>T\u00edtulo<\/strong>: Os Ilustres Irm\u00e3os Rebou\u00e7as<\/p>\n<p>\"A BAHIA ESTAVA em revolu\u00e7\u00e3o quando do nascimento dos dois irm\u00e3os. A inf\u00e2ncia dos filhos de Ant\u00f4nio, passada na Bahia, respirou nesse ambiente de inquieta\u00e7\u00e3o, visto que o pai era participante ativo dos conflitos. A fam\u00edlia mudou-se de Cachoeira para Salvador por conta de amea\u00e7as dos revolucion\u00e1rios da Sabinada. A hist\u00f3ria do pai, Ant\u00f4nio, foi uma forte influ\u00eancia na trajet\u00f3ria dos filhos, especialmente pelo incentivo \u00e0 educa\u00e7\u00e3o.\"<\/p>\n<ul>\n<li>Contracapa \"Os Ilustres Irm\u00e3os Rebou\u00e7as\"<\/li>\n<\/ul>\n<p>\"NA COMEMORA\u00c7\u00c3O dos 30 anos de exist\u00eancia do SOLAR DO ROS\u00c1RIO, ap\u00f3s a publica\u00e7\u00e3o de tantos livros, cat\u00e1logos e publica\u00e7\u00f5es voltados primordialmente \u00e0 \u00e1rea das artes, iniciamos, com \"OS ILUSTRES IRM\u00c3OS REBOU\u00c7AS\", uma nova s\u00e9rie.<\/p>\n<p>Vamos cham\u00e1-la de s\u00e9rie hist\u00f3rica, no sentido amplo do termo. Na reflex\u00e3o que fizemos quando decidimos a abarcar outros conte\u00fados em nossas publica\u00e7\u00f5es, procuramos essa vertente maior.\"<\/p>\n<p><strong>Regina de Barros Correia Casillo - Diretora fundadora do Solar do Ros\u00e1rio e membro da Academia Parananese de Letras.\u00a0\u00a0<\/strong><\/p>\n","protected":false},"excerpt":{"rendered":"<p>T\u00edtulo: Os Ilustres Irm\u00e3os Rebou\u00e7as \"A BAHIA ESTAVA em revolu\u00e7\u00e3o quando do nascimento dos dois irm\u00e3os. A inf\u00e2ncia dos filhos de Ant\u00f4nio, passada na Bahia, respirou nesse ambiente de inquieta\u00e7\u00e3o, visto que o pai era participante ativo dos conflitos. A fam\u00edlia mudou-se de Cachoeira para Salvador por conta de amea\u00e7as dos revolucion\u00e1rios da Sabinada. A [&hellip;]<\/p>\n","protected":false},"featured_media":7110,"template":"","meta":[],"product_brand":[],"product_cat":[117],"product_tag":[],"class_list":{"0":"post-3842","1":"product","2":"type-product","3":"status-publish","4":"has-post-thumbnail","6":"product_cat-galeria","7":"pa_tecnica-livros-de-arte-e-artistas","9":"first","10":"instock","11":"shipping-taxable","12":"purchasable","13":"product-type-simple"},"yoast_head":"<!-- This site is optimized with the Yoast SEO plugin v27.4 - https:\/\/yoast.com\/product\/yoast-seo-wordpress\/ -->\n<title>Livro - Os Ilustres Irm\u00e3os Rebou\u00e7as - Solar do Ros\u00e1rio Galeria \\\\\\\\Nova<\/title>\n<meta name=\"robots\" content=\"index, follow, max-snippet:-1, max-image-preview:large, max-video-preview:-1\" \/>\n<link rel=\"canonical\" href=\"https:\/\/solardorosario.com.br\/galeria\/produto\/livro-os-ilustres-irmaos-reboucas\/\" \/>\n<meta property=\"og:locale\" content=\"pt_BR\" \/>\n<meta property=\"og:type\" content=\"article\" \/>\n<meta property=\"og:title\" content=\"Livro - Os Ilustres Irm\u00e3os Rebou\u00e7as - Solar do Ros\u00e1rio Galeria \\\\\\\\Nova\" \/>\n<meta property=\"og:description\" content=\"T\u00edtulo: Os Ilustres Irm\u00e3os Rebou\u00e7as &quot;A BAHIA ESTAVA em revolu\u00e7\u00e3o quando do nascimento dos dois irm\u00e3os. A inf\u00e2ncia dos filhos de Ant\u00f4nio, passada na Bahia, respirou nesse ambiente de inquieta\u00e7\u00e3o, visto que o pai era participante ativo dos conflitos. A fam\u00edlia mudou-se de Cachoeira para Salvador por conta de amea\u00e7as dos revolucion\u00e1rios da Sabinada. A [&hellip;]\" \/>\n<meta property=\"og:url\" content=\"https:\/\/solardorosario.com.br\/galeria\/produto\/livro-os-ilustres-irmaos-reboucas\/\" \/>\n<meta property=\"og:site_name\" content=\"Solar do Ros\u00e1rio Galeria \\\\\\\\Nova\" \/>\n<meta property=\"article:modified_time\" content=\"2026-04-06T17:18:16+00:00\" \/>\n<meta property=\"og:image\" content=\"https:\/\/solardorosario.com.br\/galeria\/wp-content\/uploads\/2023\/05\/WhatsApp-Image-2026-01-30-at-18.15.24.jpeg\" \/>\n\t<meta property=\"og:image:width\" content=\"989\" \/>\n\t<meta property=\"og:image:height\" content=\"1280\" \/>\n\t<meta property=\"og:image:type\" content=\"image\/jpeg\" \/>\n<meta name=\"twitter:card\" content=\"summary_large_image\" \/>\n<meta name=\"twitter:label1\" content=\"Est. tempo de leitura\" \/>\n\t<meta name=\"twitter:data1\" content=\"2 minutos\" \/>\n<script type=\"application\/ld+json\" class=\"yoast-schema-graph\">{\"@context\":\"https:\\\/\\\/schema.org\",\"@graph\":[{\"@type\":\"WebPage\",\"@id\":\"https:\\\/\\\/solardorosario.com.br\\\/galeria\\\/produto\\\/livro-os-ilustres-irmaos-reboucas\\\/\",\"url\":\"https:\\\/\\\/solardorosario.com.br\\\/galeria\\\/produto\\\/livro-os-ilustres-irmaos-reboucas\\\/\",\"name\":\"Livro - Os Ilustres Irm\u00e3os Rebou\u00e7as - Solar do Ros\u00e1rio Galeria \\\\\\\\\\\\\\\\Nova\",\"isPartOf\":{\"@id\":\"https:\\\/\\\/solardorosario.com.br\\\/galeria\\\/#website\"},\"primaryImageOfPage\":{\"@id\":\"https:\\\/\\\/solardorosario.com.br\\\/galeria\\\/produto\\\/livro-os-ilustres-irmaos-reboucas\\\/#primaryimage\"},\"image\":{\"@id\":\"https:\\\/\\\/solardorosario.com.br\\\/galeria\\\/produto\\\/livro-os-ilustres-irmaos-reboucas\\\/#primaryimage\"},\"thumbnailUrl\":\"https:\\\/\\\/solardorosario.com.br\\\/galeria\\\/wp-content\\\/uploads\\\/2023\\\/05\\\/WhatsApp-Image-2026-01-30-at-18.15.24.jpeg\",\"datePublished\":\"2023-05-09T18:27:08+00:00\",\"dateModified\":\"2026-04-06T17:18:16+00:00\",\"breadcrumb\":{\"@id\":\"https:\\\/\\\/solardorosario.com.br\\\/galeria\\\/produto\\\/livro-os-ilustres-irmaos-reboucas\\\/#breadcrumb\"},\"inLanguage\":\"pt-BR\",\"potentialAction\":[{\"@type\":\"ReadAction\",\"target\":[\"https:\\\/\\\/solardorosario.com.br\\\/galeria\\\/produto\\\/livro-os-ilustres-irmaos-reboucas\\\/\"]}]},{\"@type\":\"ImageObject\",\"inLanguage\":\"pt-BR\",\"@id\":\"https:\\\/\\\/solardorosario.com.br\\\/galeria\\\/produto\\\/livro-os-ilustres-irmaos-reboucas\\\/#primaryimage\",\"url\":\"https:\\\/\\\/solardorosario.com.br\\\/galeria\\\/wp-content\\\/uploads\\\/2023\\\/05\\\/WhatsApp-Image-2026-01-30-at-18.15.24.jpeg\",\"contentUrl\":\"https:\\\/\\\/solardorosario.com.br\\\/galeria\\\/wp-content\\\/uploads\\\/2023\\\/05\\\/WhatsApp-Image-2026-01-30-at-18.15.24.jpeg\",\"width\":989,\"height\":1280},{\"@type\":\"BreadcrumbList\",\"@id\":\"https:\\\/\\\/solardorosario.com.br\\\/galeria\\\/produto\\\/livro-os-ilustres-irmaos-reboucas\\\/#breadcrumb\",\"itemListElement\":[{\"@type\":\"ListItem\",\"position\":1,\"name\":\"In\u00edcio\",\"item\":\"https:\\\/\\\/solardorosario.com.br\\\/galeria\\\/\"},{\"@type\":\"ListItem\",\"position\":2,\"name\":\"galeria\",\"item\":\"https:\\\/\\\/solardorosario.com.br\\\/galeria\\\/galeria\\\/\"},{\"@type\":\"ListItem\",\"position\":3,\"name\":\"Livro - Os Ilustres Irm\u00e3os Rebou\u00e7as\"}]},{\"@type\":\"WebSite\",\"@id\":\"https:\\\/\\\/solardorosario.com.br\\\/galeria\\\/#website\",\"url\":\"https:\\\/\\\/solardorosario.com.br\\\/galeria\\\/\",\"name\":\"Solar do Ros\u00e1rio Galeria \\\\\\\\\\\\\\\\Nova\",\"description\":\"\",\"potentialAction\":[{\"@type\":\"SearchAction\",\"target\":{\"@type\":\"EntryPoint\",\"urlTemplate\":\"https:\\\/\\\/solardorosario.com.br\\\/galeria\\\/?s={search_term_string}\"},\"query-input\":{\"@type\":\"PropertyValueSpecification\",\"valueRequired\":true,\"valueName\":\"search_term_string\"}}],\"inLanguage\":\"pt-BR\"}]}<\/script>\n<!-- \/ Yoast SEO plugin. -->","yoast_head_json":{"title":"Livro - Os Ilustres Irm\u00e3os Rebou\u00e7as - Solar do Ros\u00e1rio Galeria \\\\\\\\Nova","robots":{"index":"index","follow":"follow","max-snippet":"max-snippet:-1","max-image-preview":"max-image-preview:large","max-video-preview":"max-video-preview:-1"},"canonical":"https:\/\/solardorosario.com.br\/galeria\/produto\/livro-os-ilustres-irmaos-reboucas\/","og_locale":"pt_BR","og_type":"article","og_title":"Livro - Os Ilustres Irm\u00e3os Rebou\u00e7as - Solar do Ros\u00e1rio Galeria \\\\\\\\Nova","og_description":"T\u00edtulo: Os Ilustres Irm\u00e3os Rebou\u00e7as \"A BAHIA ESTAVA em revolu\u00e7\u00e3o quando do nascimento dos dois irm\u00e3os. A inf\u00e2ncia dos filhos de Ant\u00f4nio, passada na Bahia, respirou nesse ambiente de inquieta\u00e7\u00e3o, visto que o pai era participante ativo dos conflitos. A fam\u00edlia mudou-se de Cachoeira para Salvador por conta de amea\u00e7as dos revolucion\u00e1rios da Sabinada. A [&hellip;]","og_url":"https:\/\/solardorosario.com.br\/galeria\/produto\/livro-os-ilustres-irmaos-reboucas\/","og_site_name":"Solar do Ros\u00e1rio Galeria \\\\\\\\Nova","article_modified_time":"2026-04-06T17:18:16+00:00","og_image":[{"width":989,"height":1280,"url":"https:\/\/solardorosario.com.br\/galeria\/wp-content\/uploads\/2023\/05\/WhatsApp-Image-2026-01-30-at-18.15.24.jpeg","type":"image\/jpeg"}],"twitter_card":"summary_large_image","twitter_misc":{"Est. tempo de leitura":"2 minutos"},"schema":{"@context":"https:\/\/schema.org","@graph":[{"@type":"WebPage","@id":"https:\/\/solardorosario.com.br\/galeria\/produto\/livro-os-ilustres-irmaos-reboucas\/","url":"https:\/\/solardorosario.com.br\/galeria\/produto\/livro-os-ilustres-irmaos-reboucas\/","name":"Livro - Os Ilustres Irm\u00e3os Rebou\u00e7as - Solar do Ros\u00e1rio Galeria \\\\\\\\Nova","isPartOf":{"@id":"https:\/\/solardorosario.com.br\/galeria\/#website"},"primaryImageOfPage":{"@id":"https:\/\/solardorosario.com.br\/galeria\/produto\/livro-os-ilustres-irmaos-reboucas\/#primaryimage"},"image":{"@id":"https:\/\/solardorosario.com.br\/galeria\/produto\/livro-os-ilustres-irmaos-reboucas\/#primaryimage"},"thumbnailUrl":"https:\/\/solardorosario.com.br\/galeria\/wp-content\/uploads\/2023\/05\/WhatsApp-Image-2026-01-30-at-18.15.24.jpeg","datePublished":"2023-05-09T18:27:08+00:00","dateModified":"2026-04-06T17:18:16+00:00","breadcrumb":{"@id":"https:\/\/solardorosario.com.br\/galeria\/produto\/livro-os-ilustres-irmaos-reboucas\/#breadcrumb"},"inLanguage":"pt-BR","potentialAction":[{"@type":"ReadAction","target":["https:\/\/solardorosario.com.br\/galeria\/produto\/livro-os-ilustres-irmaos-reboucas\/"]}]},{"@type":"ImageObject","inLanguage":"pt-BR","@id":"https:\/\/solardorosario.com.br\/galeria\/produto\/livro-os-ilustres-irmaos-reboucas\/#primaryimage","url":"https:\/\/solardorosario.com.br\/galeria\/wp-content\/uploads\/2023\/05\/WhatsApp-Image-2026-01-30-at-18.15.24.jpeg","contentUrl":"https:\/\/solardorosario.com.br\/galeria\/wp-content\/uploads\/2023\/05\/WhatsApp-Image-2026-01-30-at-18.15.24.jpeg","width":989,"height":1280},{"@type":"BreadcrumbList","@id":"https:\/\/solardorosario.com.br\/galeria\/produto\/livro-os-ilustres-irmaos-reboucas\/#breadcrumb","itemListElement":[{"@type":"ListItem","position":1,"name":"In\u00edcio","item":"https:\/\/solardorosario.com.br\/galeria\/"},{"@type":"ListItem","position":2,"name":"galeria","item":"https:\/\/solardorosario.com.br\/galeria\/galeria\/"},{"@type":"ListItem","position":3,"name":"Livro - Os Ilustres Irm\u00e3os Rebou\u00e7as"}]},{"@type":"WebSite","@id":"https:\/\/solardorosario.com.br\/galeria\/#website","url":"https:\/\/solardorosario.com.br\/galeria\/","name":"Solar do Ros\u00e1rio Galeria \\\\\\\\Nova","description":"","potentialAction":[{"@type":"SearchAction","target":{"@type":"EntryPoint","urlTemplate":"https:\/\/solardorosario.com.br\/galeria\/?s={search_term_string}"},"query-input":{"@type":"PropertyValueSpecification","valueRequired":true,"valueName":"search_term_string"}}],"inLanguage":"pt-BR"}]}},"_links":{"self":[{"href":"https:\/\/solardorosario.com.br\/galeria\/wp-json\/wp\/v2\/product\/3842","targetHints":{"allow":["GET"]}}],"collection":[{"href":"https:\/\/solardorosario.com.br\/galeria\/wp-json\/wp\/v2\/product"}],"about":[{"href":"https:\/\/solardorosario.com.br\/galeria\/wp-json\/wp\/v2\/types\/product"}],"wp:featuredmedia":[{"embeddable":true,"href":"https:\/\/solardorosario.com.br\/galeria\/wp-json\/wp\/v2\/media\/7110"}],"wp:attachment":[{"href":"https:\/\/solardorosario.com.br\/galeria\/wp-json\/wp\/v2\/media?parent=3842"}],"wp:term":[{"taxonomy":"product_brand","embeddable":true,"href":"https:\/\/solardorosario.com.br\/galeria\/wp-json\/wp\/v2\/product_brand?post=3842"},{"taxonomy":"product_cat","embeddable":true,"href":"https:\/\/solardorosario.com.br\/galeria\/wp-json\/wp\/v2\/product_cat?post=3842"},{"taxonomy":"product_tag","embeddable":true,"href":"https:\/\/solardorosario.com.br\/galeria\/wp-json\/wp\/v2\/product_tag?post=3842"}],"curies":[{"name":"wp","href":"https:\/\/api.w.org\/{rel}","templated":true}]}}