{"id":3665,"date":"2022-04-08T16:10:01","date_gmt":"2022-04-08T19:10:01","guid":{"rendered":"https:\/\/solardorosario.com.br\/galeria\/?post_type=product&#038;p=3665"},"modified":"2025-12-11T11:52:13","modified_gmt":"2025-12-11T14:52:13","slug":"mari-ines-piekas-farol-do-saber","status":"publish","type":"product","link":"https:\/\/solardorosario.com.br\/galeria\/produto\/mari-ines-piekas-farol-do-saber\/","title":{"rendered":"Mari Ines Piekas - Farol do saber"},"content":{"rendered":"<p><strong>Artista:<\/strong> Mari Ines Piekas<\/p>\n<p><strong>T\u00edtulo:<\/strong> Farol do saber<\/p>\n<p><strong>Dimens\u00e3o:<\/strong> 33x48cm<\/p>\n<p><strong>T\u00e9cnica:<\/strong> Serigrafia (sem moldura)<\/p>\n<p>&nbsp;<\/p>\n<p>&nbsp;<\/p>\n<p>Mari Ines Piekas nasceu em 1968, no Paran\u00e1. Formada em T\u00e9cnico em Desenho Industrial, pela atual Universidade Tecnol\u00f3gica do Paran\u00e1, em 1986. No ano seguinte, faz Bacharelado em Comunica\u00e7\u00e3o Visual, pela Universidade Federal do Paran\u00e1. Entre 1998 e 1999, como bolsista do governo polon\u00eas num est\u00e1gio de p\u00f3s-gradua\u00e7\u00e3o, vai para a Academia de Belas Artes de Vars\u00f3via, e estudou cartaz, ilustra\u00e7\u00e3o para literatura infantil e litografia. Desde 1992, exp\u00f4s individualmente, recebendo inclusive o Pr\u00eamio Bom Design - S\u00e9rie Acaddemica, 1\u00ba Lugar. Al\u00e9m disso, participou de Sal\u00f5es e concursos no Rio de Janeiro, Arauc\u00e1ria, Pinhais, Joinville, S\u00e3o Jos\u00e9 dos Pinhais. Entre as exposi\u00e7\u00f5es mais recente est\u00e3o a coletiva itinerante Brazylijska Natura Sporjrzenia i Inspiracje, em Vars\u00f3via e em Crac\u00f3via, entre 2014-2015. Em 2018, a artista recebeu do Ministro da Cultura e do Patrim\u00f4nio Nacional da Pol\u00f4nia, a condecora\u00e7\u00e3o Zasluzony dla Kultury Polskiej, pela sua importante atua\u00e7\u00e3o em prol da cultura polonesa.<\/p>\n<p>&nbsp;<\/p>\n<p><em>O \u201ccora\u00e7\u00e3o art\u00edstico\u201d de Mari Ines \u00e9, ent\u00e3o, um cora\u00e7\u00e3o de poeta, mas n\u00e3o devemos entende-lo apenas como possuidor de paix\u00e3o, sen\u00e3o tamb\u00e9m como possuidor de uma racionalidade outra, distinta da do intelecto, por\u00e9m que o complementa. Um cora\u00e7\u00e3o que \u00e9 pura manifesta\u00e7\u00e3o daquela famosa frase de Blaise Pascal: \u201cO cora\u00e7\u00e3o tem raz\u00f5es que a raz\u00e3o desconhece\u201d. Em outras palavras, as raz\u00f5es do cora\u00e7\u00e3o, que se manifestam na arte atrav\u00e9s da imagina\u00e7\u00e3o, potencializam essa bagagem espiritual da nossa artista, conjugando-se com sua t\u00e9cnica para produzir suas obras.<\/em><\/p>\n<p>Jos\u00e9 Carlos Cifuentes*<\/p>\n<p>&nbsp;<\/p>\n<p>Em mar\u00e7o de 2022, a artista ganhou o primeiro pr\u00eamio em um concurso realizado pela Academia Polonesa de Ci\u00eancias Sociais e Humanas, de Londres, e pela Revista Ypsilon, de Vars\u00f3via. Segundo o organizador do evento, o j\u00fari apreciou o profissionalismo das obras, a t\u00e9cnica homog\u00eanea dos meios de express\u00e3o art\u00edstica, a elevada coer\u00eancia e homogeneidade das obras - um estilo individual claramente vis\u00edvel, que \u00e9 muito importante na criatividade.<\/p>\n<p>* Trecho retirado da obra Tra\u00e7os, Trajet\u00f3rias e ra\u00edzes, editado pelo Solar do Ros\u00e1rio em 2019<\/p>\n<p>&nbsp;<\/p>\n<p>&nbsp;<\/p>\n","protected":false},"excerpt":{"rendered":"<p>Artista: Mari Ines Piekas T\u00edtulo: Farol do saber Dimens\u00e3o: 33x48cm T\u00e9cnica: Serigrafia (sem moldura) &nbsp; &nbsp; Mari Ines Piekas nasceu em 1968, no Paran\u00e1. Formada em T\u00e9cnico em Desenho Industrial, pela atual Universidade Tecnol\u00f3gica do Paran\u00e1, em 1986. No ano seguinte, faz Bacharelado em Comunica\u00e7\u00e3o Visual, pela Universidade Federal do Paran\u00e1. Entre 1998 e 1999, [&hellip;]<\/p>\n","protected":false},"featured_media":3666,"template":"","meta":[],"product_brand":[],"product_cat":[117],"product_tag":[],"class_list":{"0":"post-3665","1":"product","2":"type-product","3":"status-publish","4":"has-post-thumbnail","6":"product_cat-galeria","7":"pa_artista-mari-ines-piekas","8":"pa_estilo-figurativo","9":"pa_estilo-figurativo-paisagem","10":"pa_tecnica-serigrafia","12":"first","13":"instock","14":"shipping-taxable","15":"purchasable","16":"product-type-simple"},"yoast_head":"<!-- This site is optimized with the Yoast SEO plugin v27.4 - https:\/\/yoast.com\/product\/yoast-seo-wordpress\/ -->\n<title>Mari Ines Piekas - Farol do saber - Solar do Ros\u00e1rio Galeria \\\\\\\\Nova<\/title>\n<meta name=\"robots\" content=\"index, follow, max-snippet:-1, max-image-preview:large, max-video-preview:-1\" \/>\n<link rel=\"canonical\" href=\"https:\/\/solardorosario.com.br\/galeria\/produto\/mari-ines-piekas-farol-do-saber\/\" \/>\n<meta property=\"og:locale\" content=\"pt_BR\" \/>\n<meta property=\"og:type\" content=\"article\" \/>\n<meta property=\"og:title\" content=\"Mari Ines Piekas - Farol do saber - Solar do Ros\u00e1rio Galeria \\\\\\\\Nova\" \/>\n<meta property=\"og:description\" content=\"Artista: Mari Ines Piekas T\u00edtulo: Farol do saber Dimens\u00e3o: 33x48cm T\u00e9cnica: Serigrafia (sem moldura) &nbsp; &nbsp; Mari Ines Piekas nasceu em 1968, no Paran\u00e1. Formada em T\u00e9cnico em Desenho Industrial, pela atual Universidade Tecnol\u00f3gica do Paran\u00e1, em 1986. No ano seguinte, faz Bacharelado em Comunica\u00e7\u00e3o Visual, pela Universidade Federal do Paran\u00e1. Entre 1998 e 1999, [&hellip;]\" \/>\n<meta property=\"og:url\" content=\"https:\/\/solardorosario.com.br\/galeria\/produto\/mari-ines-piekas-farol-do-saber\/\" \/>\n<meta property=\"og:site_name\" content=\"Solar do Ros\u00e1rio Galeria \\\\\\\\Nova\" \/>\n<meta property=\"article:modified_time\" content=\"2025-12-11T14:52:13+00:00\" \/>\n<meta property=\"og:image\" content=\"https:\/\/solardorosario.com.br\/galeria\/wp-content\/uploads\/2022\/04\/Mari-Ines-Piekas-01367-scaled.jpg\" \/>\n\t<meta property=\"og:image:width\" content=\"1693\" \/>\n\t<meta property=\"og:image:height\" content=\"2560\" \/>\n\t<meta property=\"og:image:type\" content=\"image\/jpeg\" \/>\n<meta name=\"twitter:card\" content=\"summary_large_image\" \/>\n<meta name=\"twitter:label1\" content=\"Est. tempo de leitura\" \/>\n\t<meta name=\"twitter:data1\" content=\"3 minutos\" \/>\n<script type=\"application\/ld+json\" class=\"yoast-schema-graph\">{\"@context\":\"https:\\\/\\\/schema.org\",\"@graph\":[{\"@type\":\"WebPage\",\"@id\":\"https:\\\/\\\/solardorosario.com.br\\\/galeria\\\/produto\\\/mari-ines-piekas-farol-do-saber\\\/\",\"url\":\"https:\\\/\\\/solardorosario.com.br\\\/galeria\\\/produto\\\/mari-ines-piekas-farol-do-saber\\\/\",\"name\":\"Mari Ines Piekas - Farol do saber - Solar do Ros\u00e1rio Galeria \\\\\\\\\\\\\\\\Nova\",\"isPartOf\":{\"@id\":\"https:\\\/\\\/solardorosario.com.br\\\/galeria\\\/#website\"},\"primaryImageOfPage\":{\"@id\":\"https:\\\/\\\/solardorosario.com.br\\\/galeria\\\/produto\\\/mari-ines-piekas-farol-do-saber\\\/#primaryimage\"},\"image\":{\"@id\":\"https:\\\/\\\/solardorosario.com.br\\\/galeria\\\/produto\\\/mari-ines-piekas-farol-do-saber\\\/#primaryimage\"},\"thumbnailUrl\":\"https:\\\/\\\/solardorosario.com.br\\\/galeria\\\/wp-content\\\/uploads\\\/2022\\\/04\\\/Mari-Ines-Piekas-01367-scaled.jpg\",\"datePublished\":\"2022-04-08T19:10:01+00:00\",\"dateModified\":\"2025-12-11T14:52:13+00:00\",\"breadcrumb\":{\"@id\":\"https:\\\/\\\/solardorosario.com.br\\\/galeria\\\/produto\\\/mari-ines-piekas-farol-do-saber\\\/#breadcrumb\"},\"inLanguage\":\"pt-BR\",\"potentialAction\":[{\"@type\":\"ReadAction\",\"target\":[\"https:\\\/\\\/solardorosario.com.br\\\/galeria\\\/produto\\\/mari-ines-piekas-farol-do-saber\\\/\"]}]},{\"@type\":\"ImageObject\",\"inLanguage\":\"pt-BR\",\"@id\":\"https:\\\/\\\/solardorosario.com.br\\\/galeria\\\/produto\\\/mari-ines-piekas-farol-do-saber\\\/#primaryimage\",\"url\":\"https:\\\/\\\/solardorosario.com.br\\\/galeria\\\/wp-content\\\/uploads\\\/2022\\\/04\\\/Mari-Ines-Piekas-01367-scaled.jpg\",\"contentUrl\":\"https:\\\/\\\/solardorosario.com.br\\\/galeria\\\/wp-content\\\/uploads\\\/2022\\\/04\\\/Mari-Ines-Piekas-01367-scaled.jpg\",\"width\":1693,\"height\":2560},{\"@type\":\"BreadcrumbList\",\"@id\":\"https:\\\/\\\/solardorosario.com.br\\\/galeria\\\/produto\\\/mari-ines-piekas-farol-do-saber\\\/#breadcrumb\",\"itemListElement\":[{\"@type\":\"ListItem\",\"position\":1,\"name\":\"In\u00edcio\",\"item\":\"https:\\\/\\\/solardorosario.com.br\\\/galeria\\\/\"},{\"@type\":\"ListItem\",\"position\":2,\"name\":\"galeria\",\"item\":\"https:\\\/\\\/solardorosario.com.br\\\/galeria\\\/galeria\\\/\"},{\"@type\":\"ListItem\",\"position\":3,\"name\":\"Mari Ines Piekas - Farol do saber\"}]},{\"@type\":\"WebSite\",\"@id\":\"https:\\\/\\\/solardorosario.com.br\\\/galeria\\\/#website\",\"url\":\"https:\\\/\\\/solardorosario.com.br\\\/galeria\\\/\",\"name\":\"Solar do Ros\u00e1rio Galeria \\\\\\\\\\\\\\\\Nova\",\"description\":\"\",\"potentialAction\":[{\"@type\":\"SearchAction\",\"target\":{\"@type\":\"EntryPoint\",\"urlTemplate\":\"https:\\\/\\\/solardorosario.com.br\\\/galeria\\\/?s={search_term_string}\"},\"query-input\":{\"@type\":\"PropertyValueSpecification\",\"valueRequired\":true,\"valueName\":\"search_term_string\"}}],\"inLanguage\":\"pt-BR\"}]}<\/script>\n<!-- \/ Yoast SEO plugin. -->","yoast_head_json":{"title":"Mari Ines Piekas - Farol do saber - Solar do Ros\u00e1rio Galeria \\\\\\\\Nova","robots":{"index":"index","follow":"follow","max-snippet":"max-snippet:-1","max-image-preview":"max-image-preview:large","max-video-preview":"max-video-preview:-1"},"canonical":"https:\/\/solardorosario.com.br\/galeria\/produto\/mari-ines-piekas-farol-do-saber\/","og_locale":"pt_BR","og_type":"article","og_title":"Mari Ines Piekas - Farol do saber - Solar do Ros\u00e1rio Galeria \\\\\\\\Nova","og_description":"Artista: Mari Ines Piekas T\u00edtulo: Farol do saber Dimens\u00e3o: 33x48cm T\u00e9cnica: Serigrafia (sem moldura) &nbsp; &nbsp; Mari Ines Piekas nasceu em 1968, no Paran\u00e1. Formada em T\u00e9cnico em Desenho Industrial, pela atual Universidade Tecnol\u00f3gica do Paran\u00e1, em 1986. No ano seguinte, faz Bacharelado em Comunica\u00e7\u00e3o Visual, pela Universidade Federal do Paran\u00e1. Entre 1998 e 1999, [&hellip;]","og_url":"https:\/\/solardorosario.com.br\/galeria\/produto\/mari-ines-piekas-farol-do-saber\/","og_site_name":"Solar do Ros\u00e1rio Galeria \\\\\\\\Nova","article_modified_time":"2025-12-11T14:52:13+00:00","og_image":[{"width":1693,"height":2560,"url":"https:\/\/solardorosario.com.br\/galeria\/wp-content\/uploads\/2022\/04\/Mari-Ines-Piekas-01367-scaled.jpg","type":"image\/jpeg"}],"twitter_card":"summary_large_image","twitter_misc":{"Est. tempo de leitura":"3 minutos"},"schema":{"@context":"https:\/\/schema.org","@graph":[{"@type":"WebPage","@id":"https:\/\/solardorosario.com.br\/galeria\/produto\/mari-ines-piekas-farol-do-saber\/","url":"https:\/\/solardorosario.com.br\/galeria\/produto\/mari-ines-piekas-farol-do-saber\/","name":"Mari Ines Piekas - Farol do saber - Solar do Ros\u00e1rio Galeria \\\\\\\\Nova","isPartOf":{"@id":"https:\/\/solardorosario.com.br\/galeria\/#website"},"primaryImageOfPage":{"@id":"https:\/\/solardorosario.com.br\/galeria\/produto\/mari-ines-piekas-farol-do-saber\/#primaryimage"},"image":{"@id":"https:\/\/solardorosario.com.br\/galeria\/produto\/mari-ines-piekas-farol-do-saber\/#primaryimage"},"thumbnailUrl":"https:\/\/solardorosario.com.br\/galeria\/wp-content\/uploads\/2022\/04\/Mari-Ines-Piekas-01367-scaled.jpg","datePublished":"2022-04-08T19:10:01+00:00","dateModified":"2025-12-11T14:52:13+00:00","breadcrumb":{"@id":"https:\/\/solardorosario.com.br\/galeria\/produto\/mari-ines-piekas-farol-do-saber\/#breadcrumb"},"inLanguage":"pt-BR","potentialAction":[{"@type":"ReadAction","target":["https:\/\/solardorosario.com.br\/galeria\/produto\/mari-ines-piekas-farol-do-saber\/"]}]},{"@type":"ImageObject","inLanguage":"pt-BR","@id":"https:\/\/solardorosario.com.br\/galeria\/produto\/mari-ines-piekas-farol-do-saber\/#primaryimage","url":"https:\/\/solardorosario.com.br\/galeria\/wp-content\/uploads\/2022\/04\/Mari-Ines-Piekas-01367-scaled.jpg","contentUrl":"https:\/\/solardorosario.com.br\/galeria\/wp-content\/uploads\/2022\/04\/Mari-Ines-Piekas-01367-scaled.jpg","width":1693,"height":2560},{"@type":"BreadcrumbList","@id":"https:\/\/solardorosario.com.br\/galeria\/produto\/mari-ines-piekas-farol-do-saber\/#breadcrumb","itemListElement":[{"@type":"ListItem","position":1,"name":"In\u00edcio","item":"https:\/\/solardorosario.com.br\/galeria\/"},{"@type":"ListItem","position":2,"name":"galeria","item":"https:\/\/solardorosario.com.br\/galeria\/galeria\/"},{"@type":"ListItem","position":3,"name":"Mari Ines Piekas - Farol do saber"}]},{"@type":"WebSite","@id":"https:\/\/solardorosario.com.br\/galeria\/#website","url":"https:\/\/solardorosario.com.br\/galeria\/","name":"Solar do Ros\u00e1rio Galeria \\\\\\\\Nova","description":"","potentialAction":[{"@type":"SearchAction","target":{"@type":"EntryPoint","urlTemplate":"https:\/\/solardorosario.com.br\/galeria\/?s={search_term_string}"},"query-input":{"@type":"PropertyValueSpecification","valueRequired":true,"valueName":"search_term_string"}}],"inLanguage":"pt-BR"}]}},"_links":{"self":[{"href":"https:\/\/solardorosario.com.br\/galeria\/wp-json\/wp\/v2\/product\/3665","targetHints":{"allow":["GET"]}}],"collection":[{"href":"https:\/\/solardorosario.com.br\/galeria\/wp-json\/wp\/v2\/product"}],"about":[{"href":"https:\/\/solardorosario.com.br\/galeria\/wp-json\/wp\/v2\/types\/product"}],"wp:featuredmedia":[{"embeddable":true,"href":"https:\/\/solardorosario.com.br\/galeria\/wp-json\/wp\/v2\/media\/3666"}],"wp:attachment":[{"href":"https:\/\/solardorosario.com.br\/galeria\/wp-json\/wp\/v2\/media?parent=3665"}],"wp:term":[{"taxonomy":"product_brand","embeddable":true,"href":"https:\/\/solardorosario.com.br\/galeria\/wp-json\/wp\/v2\/product_brand?post=3665"},{"taxonomy":"product_cat","embeddable":true,"href":"https:\/\/solardorosario.com.br\/galeria\/wp-json\/wp\/v2\/product_cat?post=3665"},{"taxonomy":"product_tag","embeddable":true,"href":"https:\/\/solardorosario.com.br\/galeria\/wp-json\/wp\/v2\/product_tag?post=3665"}],"curies":[{"name":"wp","href":"https:\/\/api.w.org\/{rel}","templated":true}]}}