{"id":2519,"date":"2021-05-18T11:00:49","date_gmt":"2021-05-18T14:00:49","guid":{"rendered":"https:\/\/solardorosario.com.br\/galeria\/?post_type=product&#038;p=2519"},"modified":"2025-12-02T16:59:30","modified_gmt":"2025-12-02T19:59:30","slug":"dulce-osinski-solar-do-rosario-noturno-xxv-anos","status":"publish","type":"product","link":"https:\/\/solardorosario.com.br\/galeria\/produto\/dulce-osinski-solar-do-rosario-noturno-xxv-anos\/","title":{"rendered":"Dulce Osinski - Solar do Ros\u00e1rio Noturno\/XXV Anos"},"content":{"rendered":"<p><strong>Artista:<\/strong> Dulce Osinski<\/p>\n<p><strong>T\u00edtulo:<\/strong> Solar do Ros\u00e1rio Noturno\/XXV Anos<\/p>\n<p><strong>Dimens\u00e3o:<\/strong> 20x30cm<\/p>\n<p><strong>T\u00e9cnica:<\/strong> Gravura em metal (sem moldura)<\/p>\n<p>&nbsp;<\/p>\n<p>Nasceu em Irati - PR, 1962. Fez o curso superior de pintura na Escola de M\u00fasica e Belas Artes do Paran\u00e1, entre 1980-1983. Entre 1982-84, fez a licenciatura em desenho pela EMBAP. De 1985-87, fez um est\u00e1gio de p\u00f3s-gradua\u00e7\u00e3o na Academia de Belas Artes de Crac\u00f3via, na Pol\u00f4nia, e se especializou em gravura em metal. Trabalhou como orientadora nas oficinas de gravura em metal e litografia, na Funda\u00e7\u00e3o Cultural de Curitiba de 1988 a 1991; al\u00e9m de cursos de oficina de desenho. Fez diversas oficinas e cursos de extens\u00e3o em Curitiba e Antonina. Exp\u00f4s individualmente e coletivamente em Curitiba, Uni\u00e3o da Vit\u00f3ria, Tel\u00eamaco Borba, Jacarezinho, Bras\u00edlia, Florian\u00f3polis, Ponta Grossa, Irati, Londrina, Pelotas, S\u00e3o Paulo, Uberaba, Rio de Janeiro. Suas obras fazem parte de acervos do Consulado Geral da Pol\u00f4nia, em Curitiba, no Museu de Arte Contempor\u00e2nea do Paran\u00e1 (MAC - PR), no Museu de Gravura da cidade de Curitiba, na Biblioteca Nacional, no RJ, na Australian National Gallery, na Austr\u00e1lia, etc.<\/p>\n","protected":false},"excerpt":{"rendered":"<p>Artista: Dulce Osinski T\u00edtulo: Solar do Ros\u00e1rio Noturno\/XXV Anos Dimens\u00e3o: 20x30cm T\u00e9cnica: Gravura em metal (sem moldura) &nbsp; Nasceu em Irati - PR, 1962. Fez o curso superior de pintura na Escola de M\u00fasica e Belas Artes do Paran\u00e1, entre 1980-1983. Entre 1982-84, fez a licenciatura em desenho pela EMBAP. De 1985-87, fez um est\u00e1gio [&hellip;]<\/p>\n","protected":false},"featured_media":2520,"template":"","meta":[],"product_brand":[],"product_cat":[117],"product_tag":[],"class_list":{"0":"post-2519","1":"product","2":"type-product","3":"status-publish","4":"has-post-thumbnail","6":"product_cat-galeria","7":"pa_artista-dulce-osinski","8":"pa_estilo-figurativo-paisagem","9":"pa_tecnica-gravura","10":"pa_tecnica-gravura-em-metal","12":"first","13":"instock","14":"shipping-taxable","15":"purchasable","16":"product-type-simple"},"yoast_head":"<!-- This site is optimized with the Yoast SEO plugin v27.4 - https:\/\/yoast.com\/product\/yoast-seo-wordpress\/ -->\n<title>Dulce Osinski - Solar do Ros\u00e1rio Noturno\/XXV Anos - Solar do Ros\u00e1rio Galeria \\\\\\\\Nova<\/title>\n<meta name=\"robots\" content=\"index, follow, max-snippet:-1, max-image-preview:large, max-video-preview:-1\" \/>\n<link rel=\"canonical\" href=\"https:\/\/solardorosario.com.br\/galeria\/produto\/dulce-osinski-solar-do-rosario-noturno-xxv-anos\/\" \/>\n<meta property=\"og:locale\" content=\"pt_BR\" \/>\n<meta property=\"og:type\" content=\"article\" \/>\n<meta property=\"og:title\" content=\"Dulce Osinski - Solar do Ros\u00e1rio Noturno\/XXV Anos - Solar do Ros\u00e1rio Galeria \\\\\\\\Nova\" \/>\n<meta property=\"og:description\" content=\"Artista: Dulce Osinski T\u00edtulo: Solar do Ros\u00e1rio Noturno\/XXV Anos Dimens\u00e3o: 20x30cm T\u00e9cnica: Gravura em metal (sem moldura) &nbsp; Nasceu em Irati - PR, 1962. Fez o curso superior de pintura na Escola de M\u00fasica e Belas Artes do Paran\u00e1, entre 1980-1983. Entre 1982-84, fez a licenciatura em desenho pela EMBAP. De 1985-87, fez um est\u00e1gio [&hellip;]\" \/>\n<meta property=\"og:url\" content=\"https:\/\/solardorosario.com.br\/galeria\/produto\/dulce-osinski-solar-do-rosario-noturno-xxv-anos\/\" \/>\n<meta property=\"og:site_name\" content=\"Solar do Ros\u00e1rio Galeria \\\\\\\\Nova\" \/>\n<meta property=\"article:modified_time\" content=\"2025-12-02T19:59:30+00:00\" \/>\n<meta property=\"og:image\" content=\"https:\/\/solardorosario.com.br\/galeria\/wp-content\/uploads\/2021\/05\/IMG_7815-e1621346441942.jpeg\" \/>\n\t<meta property=\"og:image:width\" content=\"300\" \/>\n\t<meta property=\"og:image:height\" content=\"223\" \/>\n\t<meta property=\"og:image:type\" content=\"image\/jpeg\" \/>\n<meta name=\"twitter:card\" content=\"summary_large_image\" \/>\n<meta name=\"twitter:label1\" content=\"Est. tempo de leitura\" \/>\n\t<meta name=\"twitter:data1\" content=\"2 minutos\" \/>\n<script type=\"application\/ld+json\" class=\"yoast-schema-graph\">{\"@context\":\"https:\\\/\\\/schema.org\",\"@graph\":[{\"@type\":\"WebPage\",\"@id\":\"https:\\\/\\\/solardorosario.com.br\\\/galeria\\\/produto\\\/dulce-osinski-solar-do-rosario-noturno-xxv-anos\\\/\",\"url\":\"https:\\\/\\\/solardorosario.com.br\\\/galeria\\\/produto\\\/dulce-osinski-solar-do-rosario-noturno-xxv-anos\\\/\",\"name\":\"Dulce Osinski - Solar do Ros\u00e1rio Noturno\\\/XXV Anos - Solar do Ros\u00e1rio Galeria \\\\\\\\\\\\\\\\Nova\",\"isPartOf\":{\"@id\":\"https:\\\/\\\/solardorosario.com.br\\\/galeria\\\/#website\"},\"primaryImageOfPage\":{\"@id\":\"https:\\\/\\\/solardorosario.com.br\\\/galeria\\\/produto\\\/dulce-osinski-solar-do-rosario-noturno-xxv-anos\\\/#primaryimage\"},\"image\":{\"@id\":\"https:\\\/\\\/solardorosario.com.br\\\/galeria\\\/produto\\\/dulce-osinski-solar-do-rosario-noturno-xxv-anos\\\/#primaryimage\"},\"thumbnailUrl\":\"https:\\\/\\\/solardorosario.com.br\\\/galeria\\\/wp-content\\\/uploads\\\/2021\\\/05\\\/IMG_7815-e1621346441942.jpeg\",\"datePublished\":\"2021-05-18T14:00:49+00:00\",\"dateModified\":\"2025-12-02T19:59:30+00:00\",\"breadcrumb\":{\"@id\":\"https:\\\/\\\/solardorosario.com.br\\\/galeria\\\/produto\\\/dulce-osinski-solar-do-rosario-noturno-xxv-anos\\\/#breadcrumb\"},\"inLanguage\":\"pt-BR\",\"potentialAction\":[{\"@type\":\"ReadAction\",\"target\":[\"https:\\\/\\\/solardorosario.com.br\\\/galeria\\\/produto\\\/dulce-osinski-solar-do-rosario-noturno-xxv-anos\\\/\"]}]},{\"@type\":\"ImageObject\",\"inLanguage\":\"pt-BR\",\"@id\":\"https:\\\/\\\/solardorosario.com.br\\\/galeria\\\/produto\\\/dulce-osinski-solar-do-rosario-noturno-xxv-anos\\\/#primaryimage\",\"url\":\"https:\\\/\\\/solardorosario.com.br\\\/galeria\\\/wp-content\\\/uploads\\\/2021\\\/05\\\/IMG_7815-e1621346441942.jpeg\",\"contentUrl\":\"https:\\\/\\\/solardorosario.com.br\\\/galeria\\\/wp-content\\\/uploads\\\/2021\\\/05\\\/IMG_7815-e1621346441942.jpeg\",\"width\":300,\"height\":223},{\"@type\":\"BreadcrumbList\",\"@id\":\"https:\\\/\\\/solardorosario.com.br\\\/galeria\\\/produto\\\/dulce-osinski-solar-do-rosario-noturno-xxv-anos\\\/#breadcrumb\",\"itemListElement\":[{\"@type\":\"ListItem\",\"position\":1,\"name\":\"In\u00edcio\",\"item\":\"https:\\\/\\\/solardorosario.com.br\\\/galeria\\\/\"},{\"@type\":\"ListItem\",\"position\":2,\"name\":\"galeria\",\"item\":\"https:\\\/\\\/solardorosario.com.br\\\/galeria\\\/galeria\\\/\"},{\"@type\":\"ListItem\",\"position\":3,\"name\":\"Dulce Osinski - Solar do Ros\u00e1rio Noturno\\\/XXV Anos\"}]},{\"@type\":\"WebSite\",\"@id\":\"https:\\\/\\\/solardorosario.com.br\\\/galeria\\\/#website\",\"url\":\"https:\\\/\\\/solardorosario.com.br\\\/galeria\\\/\",\"name\":\"Solar do Ros\u00e1rio Galeria \\\\\\\\\\\\\\\\Nova\",\"description\":\"\",\"potentialAction\":[{\"@type\":\"SearchAction\",\"target\":{\"@type\":\"EntryPoint\",\"urlTemplate\":\"https:\\\/\\\/solardorosario.com.br\\\/galeria\\\/?s={search_term_string}\"},\"query-input\":{\"@type\":\"PropertyValueSpecification\",\"valueRequired\":true,\"valueName\":\"search_term_string\"}}],\"inLanguage\":\"pt-BR\"}]}<\/script>\n<!-- \/ Yoast SEO plugin. -->","yoast_head_json":{"title":"Dulce Osinski - Solar do Ros\u00e1rio Noturno\/XXV Anos - Solar do Ros\u00e1rio Galeria \\\\\\\\Nova","robots":{"index":"index","follow":"follow","max-snippet":"max-snippet:-1","max-image-preview":"max-image-preview:large","max-video-preview":"max-video-preview:-1"},"canonical":"https:\/\/solardorosario.com.br\/galeria\/produto\/dulce-osinski-solar-do-rosario-noturno-xxv-anos\/","og_locale":"pt_BR","og_type":"article","og_title":"Dulce Osinski - Solar do Ros\u00e1rio Noturno\/XXV Anos - Solar do Ros\u00e1rio Galeria \\\\\\\\Nova","og_description":"Artista: Dulce Osinski T\u00edtulo: Solar do Ros\u00e1rio Noturno\/XXV Anos Dimens\u00e3o: 20x30cm T\u00e9cnica: Gravura em metal (sem moldura) &nbsp; Nasceu em Irati - PR, 1962. Fez o curso superior de pintura na Escola de M\u00fasica e Belas Artes do Paran\u00e1, entre 1980-1983. Entre 1982-84, fez a licenciatura em desenho pela EMBAP. De 1985-87, fez um est\u00e1gio [&hellip;]","og_url":"https:\/\/solardorosario.com.br\/galeria\/produto\/dulce-osinski-solar-do-rosario-noturno-xxv-anos\/","og_site_name":"Solar do Ros\u00e1rio Galeria \\\\\\\\Nova","article_modified_time":"2025-12-02T19:59:30+00:00","og_image":[{"width":300,"height":223,"url":"https:\/\/solardorosario.com.br\/galeria\/wp-content\/uploads\/2021\/05\/IMG_7815-e1621346441942.jpeg","type":"image\/jpeg"}],"twitter_card":"summary_large_image","twitter_misc":{"Est. tempo de leitura":"2 minutos"},"schema":{"@context":"https:\/\/schema.org","@graph":[{"@type":"WebPage","@id":"https:\/\/solardorosario.com.br\/galeria\/produto\/dulce-osinski-solar-do-rosario-noturno-xxv-anos\/","url":"https:\/\/solardorosario.com.br\/galeria\/produto\/dulce-osinski-solar-do-rosario-noturno-xxv-anos\/","name":"Dulce Osinski - Solar do Ros\u00e1rio Noturno\/XXV Anos - Solar do Ros\u00e1rio Galeria \\\\\\\\Nova","isPartOf":{"@id":"https:\/\/solardorosario.com.br\/galeria\/#website"},"primaryImageOfPage":{"@id":"https:\/\/solardorosario.com.br\/galeria\/produto\/dulce-osinski-solar-do-rosario-noturno-xxv-anos\/#primaryimage"},"image":{"@id":"https:\/\/solardorosario.com.br\/galeria\/produto\/dulce-osinski-solar-do-rosario-noturno-xxv-anos\/#primaryimage"},"thumbnailUrl":"https:\/\/solardorosario.com.br\/galeria\/wp-content\/uploads\/2021\/05\/IMG_7815-e1621346441942.jpeg","datePublished":"2021-05-18T14:00:49+00:00","dateModified":"2025-12-02T19:59:30+00:00","breadcrumb":{"@id":"https:\/\/solardorosario.com.br\/galeria\/produto\/dulce-osinski-solar-do-rosario-noturno-xxv-anos\/#breadcrumb"},"inLanguage":"pt-BR","potentialAction":[{"@type":"ReadAction","target":["https:\/\/solardorosario.com.br\/galeria\/produto\/dulce-osinski-solar-do-rosario-noturno-xxv-anos\/"]}]},{"@type":"ImageObject","inLanguage":"pt-BR","@id":"https:\/\/solardorosario.com.br\/galeria\/produto\/dulce-osinski-solar-do-rosario-noturno-xxv-anos\/#primaryimage","url":"https:\/\/solardorosario.com.br\/galeria\/wp-content\/uploads\/2021\/05\/IMG_7815-e1621346441942.jpeg","contentUrl":"https:\/\/solardorosario.com.br\/galeria\/wp-content\/uploads\/2021\/05\/IMG_7815-e1621346441942.jpeg","width":300,"height":223},{"@type":"BreadcrumbList","@id":"https:\/\/solardorosario.com.br\/galeria\/produto\/dulce-osinski-solar-do-rosario-noturno-xxv-anos\/#breadcrumb","itemListElement":[{"@type":"ListItem","position":1,"name":"In\u00edcio","item":"https:\/\/solardorosario.com.br\/galeria\/"},{"@type":"ListItem","position":2,"name":"galeria","item":"https:\/\/solardorosario.com.br\/galeria\/galeria\/"},{"@type":"ListItem","position":3,"name":"Dulce Osinski - Solar do Ros\u00e1rio Noturno\/XXV Anos"}]},{"@type":"WebSite","@id":"https:\/\/solardorosario.com.br\/galeria\/#website","url":"https:\/\/solardorosario.com.br\/galeria\/","name":"Solar do Ros\u00e1rio Galeria \\\\\\\\Nova","description":"","potentialAction":[{"@type":"SearchAction","target":{"@type":"EntryPoint","urlTemplate":"https:\/\/solardorosario.com.br\/galeria\/?s={search_term_string}"},"query-input":{"@type":"PropertyValueSpecification","valueRequired":true,"valueName":"search_term_string"}}],"inLanguage":"pt-BR"}]}},"_links":{"self":[{"href":"https:\/\/solardorosario.com.br\/galeria\/wp-json\/wp\/v2\/product\/2519","targetHints":{"allow":["GET"]}}],"collection":[{"href":"https:\/\/solardorosario.com.br\/galeria\/wp-json\/wp\/v2\/product"}],"about":[{"href":"https:\/\/solardorosario.com.br\/galeria\/wp-json\/wp\/v2\/types\/product"}],"wp:featuredmedia":[{"embeddable":true,"href":"https:\/\/solardorosario.com.br\/galeria\/wp-json\/wp\/v2\/media\/2520"}],"wp:attachment":[{"href":"https:\/\/solardorosario.com.br\/galeria\/wp-json\/wp\/v2\/media?parent=2519"}],"wp:term":[{"taxonomy":"product_brand","embeddable":true,"href":"https:\/\/solardorosario.com.br\/galeria\/wp-json\/wp\/v2\/product_brand?post=2519"},{"taxonomy":"product_cat","embeddable":true,"href":"https:\/\/solardorosario.com.br\/galeria\/wp-json\/wp\/v2\/product_cat?post=2519"},{"taxonomy":"product_tag","embeddable":true,"href":"https:\/\/solardorosario.com.br\/galeria\/wp-json\/wp\/v2\/product_tag?post=2519"}],"curies":[{"name":"wp","href":"https:\/\/api.w.org\/{rel}","templated":true}]}}