{"id":1780,"date":"2021-04-26T11:32:59","date_gmt":"2021-04-26T14:32:59","guid":{"rendered":"https:\/\/solardorosario.com.br\/galerianova\/?post_type=product&#038;p=1780"},"modified":"2026-04-02T15:09:01","modified_gmt":"2026-04-02T18:09:01","slug":"lina-iara-a-beleza-para-e-nao-volta","status":"publish","type":"product","link":"https:\/\/solardorosario.com.br\/galeria\/produto\/lina-iara-a-beleza-para-e-nao-volta\/","title":{"rendered":"Lina Iara - A Beleza para e n\u00e3o Volta"},"content":{"rendered":"<p><strong>Artista:<\/strong> Lina Iara<\/p>\n<p><strong>T\u00edtulo:<\/strong> A Beleza para e n\u00e3o Volta<\/p>\n<p><strong>Dimens\u00e3o:<\/strong> 32x50cm<\/p>\n<p><strong>T\u00e9cnica:<\/strong> Aquarela (com moldura)<\/p>\n<p>&nbsp;<\/p>\n<p>&nbsp;<\/p>\n<p>Lina Iara nasceu em Palmas - PR, em 1947 e faleceu em 2016. Formada pela Escola de M\u00fasica e Belas Artes do Paran\u00e1, teve aulas com o professor Luiz Carlos de Andrade Lima e gravura com Fernando Calderari. Participou do Sal\u00e3o de Novos do Paran\u00e1, em 1974 e recebeu o 1\u00ba lugar. A partir disso, participou de v\u00e1rios sal\u00f5es e mostras, como a 5\u00aa Mostra do Desenho Brasileiro, em 1983, ou a exposi\u00e7\u00e3o de Artistas Paranaenses, na Funda\u00e7\u00e3o Armando \u00c1lvares Penteado, em 1984. Participou tamb\u00e9m do 39\u00ba e do 42\u00ba Sal\u00e3o Paranaense, em 1982 e 1988, respectivamente.<\/p>\n","protected":false},"excerpt":{"rendered":"<p>Artista: Lina Iara T\u00edtulo: A Beleza para e n\u00e3o Volta Dimens\u00e3o: 32x50cm T\u00e9cnica: Aquarela (com moldura) &nbsp; &nbsp; Lina Iara nasceu em Palmas - PR, em 1947 e faleceu em 2016. Formada pela Escola de M\u00fasica e Belas Artes do Paran\u00e1, teve aulas com o professor Luiz Carlos de Andrade Lima e gravura com Fernando [&hellip;]<\/p>\n","protected":false},"featured_media":1781,"template":"","meta":[],"product_brand":[],"product_cat":[117],"product_tag":[],"class_list":{"0":"post-1780","1":"product","2":"type-product","3":"status-publish","4":"has-post-thumbnail","6":"product_cat-galeria","7":"pa_artista-lina-iara","8":"pa_estilo-figura-humana","9":"pa_tecnica-aquarela","11":"first","12":"instock","13":"shipping-taxable","14":"purchasable","15":"product-type-simple"},"yoast_head":"<!-- This site is optimized with the Yoast SEO plugin v27.4 - https:\/\/yoast.com\/product\/yoast-seo-wordpress\/ -->\n<title>Lina Iara - A Beleza para e n\u00e3o Volta - Solar do Ros\u00e1rio Galeria \\\\\\\\Nova<\/title>\n<meta name=\"robots\" content=\"index, follow, max-snippet:-1, max-image-preview:large, max-video-preview:-1\" \/>\n<link rel=\"canonical\" href=\"https:\/\/solardorosario.com.br\/galeria\/produto\/lina-iara-a-beleza-para-e-nao-volta\/\" \/>\n<meta property=\"og:locale\" content=\"pt_BR\" \/>\n<meta property=\"og:type\" content=\"article\" \/>\n<meta property=\"og:title\" content=\"Lina Iara - A Beleza para e n\u00e3o Volta - Solar do Ros\u00e1rio Galeria \\\\\\\\Nova\" \/>\n<meta property=\"og:description\" content=\"Artista: Lina Iara T\u00edtulo: A Beleza para e n\u00e3o Volta Dimens\u00e3o: 32x50cm T\u00e9cnica: Aquarela (com moldura) &nbsp; &nbsp; Lina Iara nasceu em Palmas - PR, em 1947 e faleceu em 2016. Formada pela Escola de M\u00fasica e Belas Artes do Paran\u00e1, teve aulas com o professor Luiz Carlos de Andrade Lima e gravura com Fernando [&hellip;]\" \/>\n<meta property=\"og:url\" content=\"https:\/\/solardorosario.com.br\/galeria\/produto\/lina-iara-a-beleza-para-e-nao-volta\/\" \/>\n<meta property=\"og:site_name\" content=\"Solar do Ros\u00e1rio Galeria \\\\\\\\Nova\" \/>\n<meta property=\"article:modified_time\" content=\"2026-04-02T18:09:01+00:00\" \/>\n<meta property=\"og:image\" content=\"https:\/\/solardorosario.com.br\/galeria\/wp-content\/uploads\/2021\/04\/7135-e1619447562675.jpeg\" \/>\n\t<meta property=\"og:image:width\" content=\"300\" \/>\n\t<meta property=\"og:image:height\" content=\"224\" \/>\n\t<meta property=\"og:image:type\" content=\"image\/jpeg\" \/>\n<meta name=\"twitter:card\" content=\"summary_large_image\" \/>\n<meta name=\"twitter:label1\" content=\"Est. tempo de leitura\" \/>\n\t<meta name=\"twitter:data1\" content=\"1 minuto\" \/>\n<script type=\"application\/ld+json\" class=\"yoast-schema-graph\">{\"@context\":\"https:\\\/\\\/schema.org\",\"@graph\":[{\"@type\":\"WebPage\",\"@id\":\"https:\\\/\\\/solardorosario.com.br\\\/galeria\\\/produto\\\/lina-iara-a-beleza-para-e-nao-volta\\\/\",\"url\":\"https:\\\/\\\/solardorosario.com.br\\\/galeria\\\/produto\\\/lina-iara-a-beleza-para-e-nao-volta\\\/\",\"name\":\"Lina Iara - A Beleza para e n\u00e3o Volta - Solar do Ros\u00e1rio Galeria \\\\\\\\\\\\\\\\Nova\",\"isPartOf\":{\"@id\":\"https:\\\/\\\/solardorosario.com.br\\\/galeria\\\/#website\"},\"primaryImageOfPage\":{\"@id\":\"https:\\\/\\\/solardorosario.com.br\\\/galeria\\\/produto\\\/lina-iara-a-beleza-para-e-nao-volta\\\/#primaryimage\"},\"image\":{\"@id\":\"https:\\\/\\\/solardorosario.com.br\\\/galeria\\\/produto\\\/lina-iara-a-beleza-para-e-nao-volta\\\/#primaryimage\"},\"thumbnailUrl\":\"https:\\\/\\\/solardorosario.com.br\\\/galeria\\\/wp-content\\\/uploads\\\/2021\\\/04\\\/7135-e1619447562675.jpeg\",\"datePublished\":\"2021-04-26T14:32:59+00:00\",\"dateModified\":\"2026-04-02T18:09:01+00:00\",\"breadcrumb\":{\"@id\":\"https:\\\/\\\/solardorosario.com.br\\\/galeria\\\/produto\\\/lina-iara-a-beleza-para-e-nao-volta\\\/#breadcrumb\"},\"inLanguage\":\"pt-BR\",\"potentialAction\":[{\"@type\":\"ReadAction\",\"target\":[\"https:\\\/\\\/solardorosario.com.br\\\/galeria\\\/produto\\\/lina-iara-a-beleza-para-e-nao-volta\\\/\"]}]},{\"@type\":\"ImageObject\",\"inLanguage\":\"pt-BR\",\"@id\":\"https:\\\/\\\/solardorosario.com.br\\\/galeria\\\/produto\\\/lina-iara-a-beleza-para-e-nao-volta\\\/#primaryimage\",\"url\":\"https:\\\/\\\/solardorosario.com.br\\\/galeria\\\/wp-content\\\/uploads\\\/2021\\\/04\\\/7135-e1619447562675.jpeg\",\"contentUrl\":\"https:\\\/\\\/solardorosario.com.br\\\/galeria\\\/wp-content\\\/uploads\\\/2021\\\/04\\\/7135-e1619447562675.jpeg\",\"width\":300,\"height\":224},{\"@type\":\"BreadcrumbList\",\"@id\":\"https:\\\/\\\/solardorosario.com.br\\\/galeria\\\/produto\\\/lina-iara-a-beleza-para-e-nao-volta\\\/#breadcrumb\",\"itemListElement\":[{\"@type\":\"ListItem\",\"position\":1,\"name\":\"In\u00edcio\",\"item\":\"https:\\\/\\\/solardorosario.com.br\\\/galeria\\\/\"},{\"@type\":\"ListItem\",\"position\":2,\"name\":\"galeria\",\"item\":\"https:\\\/\\\/solardorosario.com.br\\\/galeria\\\/galeria\\\/\"},{\"@type\":\"ListItem\",\"position\":3,\"name\":\"Lina Iara - A Beleza para e n\u00e3o Volta\"}]},{\"@type\":\"WebSite\",\"@id\":\"https:\\\/\\\/solardorosario.com.br\\\/galeria\\\/#website\",\"url\":\"https:\\\/\\\/solardorosario.com.br\\\/galeria\\\/\",\"name\":\"Solar do Ros\u00e1rio Galeria \\\\\\\\\\\\\\\\Nova\",\"description\":\"\",\"potentialAction\":[{\"@type\":\"SearchAction\",\"target\":{\"@type\":\"EntryPoint\",\"urlTemplate\":\"https:\\\/\\\/solardorosario.com.br\\\/galeria\\\/?s={search_term_string}\"},\"query-input\":{\"@type\":\"PropertyValueSpecification\",\"valueRequired\":true,\"valueName\":\"search_term_string\"}}],\"inLanguage\":\"pt-BR\"}]}<\/script>\n<!-- \/ Yoast SEO plugin. -->","yoast_head_json":{"title":"Lina Iara - A Beleza para e n\u00e3o Volta - Solar do Ros\u00e1rio Galeria \\\\\\\\Nova","robots":{"index":"index","follow":"follow","max-snippet":"max-snippet:-1","max-image-preview":"max-image-preview:large","max-video-preview":"max-video-preview:-1"},"canonical":"https:\/\/solardorosario.com.br\/galeria\/produto\/lina-iara-a-beleza-para-e-nao-volta\/","og_locale":"pt_BR","og_type":"article","og_title":"Lina Iara - A Beleza para e n\u00e3o Volta - Solar do Ros\u00e1rio Galeria \\\\\\\\Nova","og_description":"Artista: Lina Iara T\u00edtulo: A Beleza para e n\u00e3o Volta Dimens\u00e3o: 32x50cm T\u00e9cnica: Aquarela (com moldura) &nbsp; &nbsp; Lina Iara nasceu em Palmas - PR, em 1947 e faleceu em 2016. Formada pela Escola de M\u00fasica e Belas Artes do Paran\u00e1, teve aulas com o professor Luiz Carlos de Andrade Lima e gravura com Fernando [&hellip;]","og_url":"https:\/\/solardorosario.com.br\/galeria\/produto\/lina-iara-a-beleza-para-e-nao-volta\/","og_site_name":"Solar do Ros\u00e1rio Galeria \\\\\\\\Nova","article_modified_time":"2026-04-02T18:09:01+00:00","og_image":[{"width":300,"height":224,"url":"https:\/\/solardorosario.com.br\/galeria\/wp-content\/uploads\/2021\/04\/7135-e1619447562675.jpeg","type":"image\/jpeg"}],"twitter_card":"summary_large_image","twitter_misc":{"Est. tempo de leitura":"1 minuto"},"schema":{"@context":"https:\/\/schema.org","@graph":[{"@type":"WebPage","@id":"https:\/\/solardorosario.com.br\/galeria\/produto\/lina-iara-a-beleza-para-e-nao-volta\/","url":"https:\/\/solardorosario.com.br\/galeria\/produto\/lina-iara-a-beleza-para-e-nao-volta\/","name":"Lina Iara - A Beleza para e n\u00e3o Volta - Solar do Ros\u00e1rio Galeria \\\\\\\\Nova","isPartOf":{"@id":"https:\/\/solardorosario.com.br\/galeria\/#website"},"primaryImageOfPage":{"@id":"https:\/\/solardorosario.com.br\/galeria\/produto\/lina-iara-a-beleza-para-e-nao-volta\/#primaryimage"},"image":{"@id":"https:\/\/solardorosario.com.br\/galeria\/produto\/lina-iara-a-beleza-para-e-nao-volta\/#primaryimage"},"thumbnailUrl":"https:\/\/solardorosario.com.br\/galeria\/wp-content\/uploads\/2021\/04\/7135-e1619447562675.jpeg","datePublished":"2021-04-26T14:32:59+00:00","dateModified":"2026-04-02T18:09:01+00:00","breadcrumb":{"@id":"https:\/\/solardorosario.com.br\/galeria\/produto\/lina-iara-a-beleza-para-e-nao-volta\/#breadcrumb"},"inLanguage":"pt-BR","potentialAction":[{"@type":"ReadAction","target":["https:\/\/solardorosario.com.br\/galeria\/produto\/lina-iara-a-beleza-para-e-nao-volta\/"]}]},{"@type":"ImageObject","inLanguage":"pt-BR","@id":"https:\/\/solardorosario.com.br\/galeria\/produto\/lina-iara-a-beleza-para-e-nao-volta\/#primaryimage","url":"https:\/\/solardorosario.com.br\/galeria\/wp-content\/uploads\/2021\/04\/7135-e1619447562675.jpeg","contentUrl":"https:\/\/solardorosario.com.br\/galeria\/wp-content\/uploads\/2021\/04\/7135-e1619447562675.jpeg","width":300,"height":224},{"@type":"BreadcrumbList","@id":"https:\/\/solardorosario.com.br\/galeria\/produto\/lina-iara-a-beleza-para-e-nao-volta\/#breadcrumb","itemListElement":[{"@type":"ListItem","position":1,"name":"In\u00edcio","item":"https:\/\/solardorosario.com.br\/galeria\/"},{"@type":"ListItem","position":2,"name":"galeria","item":"https:\/\/solardorosario.com.br\/galeria\/galeria\/"},{"@type":"ListItem","position":3,"name":"Lina Iara - A Beleza para e n\u00e3o Volta"}]},{"@type":"WebSite","@id":"https:\/\/solardorosario.com.br\/galeria\/#website","url":"https:\/\/solardorosario.com.br\/galeria\/","name":"Solar do Ros\u00e1rio Galeria \\\\\\\\Nova","description":"","potentialAction":[{"@type":"SearchAction","target":{"@type":"EntryPoint","urlTemplate":"https:\/\/solardorosario.com.br\/galeria\/?s={search_term_string}"},"query-input":{"@type":"PropertyValueSpecification","valueRequired":true,"valueName":"search_term_string"}}],"inLanguage":"pt-BR"}]}},"_links":{"self":[{"href":"https:\/\/solardorosario.com.br\/galeria\/wp-json\/wp\/v2\/product\/1780","targetHints":{"allow":["GET"]}}],"collection":[{"href":"https:\/\/solardorosario.com.br\/galeria\/wp-json\/wp\/v2\/product"}],"about":[{"href":"https:\/\/solardorosario.com.br\/galeria\/wp-json\/wp\/v2\/types\/product"}],"wp:featuredmedia":[{"embeddable":true,"href":"https:\/\/solardorosario.com.br\/galeria\/wp-json\/wp\/v2\/media\/1781"}],"wp:attachment":[{"href":"https:\/\/solardorosario.com.br\/galeria\/wp-json\/wp\/v2\/media?parent=1780"}],"wp:term":[{"taxonomy":"product_brand","embeddable":true,"href":"https:\/\/solardorosario.com.br\/galeria\/wp-json\/wp\/v2\/product_brand?post=1780"},{"taxonomy":"product_cat","embeddable":true,"href":"https:\/\/solardorosario.com.br\/galeria\/wp-json\/wp\/v2\/product_cat?post=1780"},{"taxonomy":"product_tag","embeddable":true,"href":"https:\/\/solardorosario.com.br\/galeria\/wp-json\/wp\/v2\/product_tag?post=1780"}],"curies":[{"name":"wp","href":"https:\/\/api.w.org\/{rel}","templated":true}]}}