{"id":1259,"date":"2021-02-19T15:32:35","date_gmt":"2021-02-19T18:32:35","guid":{"rendered":"https:\/\/solardorosario.com.br\/galerianova\/cursos\/sofia-dyminski-4\/"},"modified":"2026-04-20T11:54:48","modified_gmt":"2026-04-20T14:54:48","slug":"sofia-dyminski-habitantes-da-serra-da-graciosa","status":"publish","type":"product","link":"https:\/\/solardorosario.com.br\/galeria\/produto\/sofia-dyminski-habitantes-da-serra-da-graciosa\/","title":{"rendered":"Sofia Dyminski - Habitantes da Serra da Graciosa"},"content":{"rendered":"<p><strong>Artista:<\/strong> Sofia Dyminski<\/p>\n<p><strong>T\u00edtulo:<\/strong> Habitantes da Serra da Graciosa<\/p>\n<p><strong>Dimens\u00e3o:<\/strong> 60x70cm<\/p>\n<p><strong>T\u00e9cnica:<\/strong> \u00d3leo sobre tela<\/p>\n<p>&nbsp;<\/p>\n<p>&nbsp;<\/p>\n<p>Sofia Winklewski Dyminski (1918-2013) nasceu em 1918, e nasceu na R\u00fassia, mas foi registrada pelos pais em Vars\u00f3via, na Pol\u00f4nia. Com 11 anos, em 1929, ela e a fam\u00edlia se mudaram para S\u00e3o Paulo, Brasil, e se naturalizaram brasileiros. Em 1932, se mudaram para Paranagu\u00e1, numa cidade litor\u00e2nea do Paran\u00e1. Em 1950, junto com o marido, se mudaram para Curitiba, e por incentivo dele, se dedicou a sua paix\u00e3o, a pintura. Com o mestre Guido Viaro, frequentou seu curso livre de artes pl\u00e1sticas na Escola de M\u00fasica e Belas Artes do Paran\u00e1 (EMBAP). Tamb\u00e9m fez curso de gravura com Fernando Calderari e participou do C\u00edrculo de Artes Pl\u00e1sticas entre 1964 e 1965. Desde 1956, participou de diversos sal\u00f5es, como o 13\u00ba Sal\u00e3o Paranaense, em Curitiba, ou o 11\u00ba Sal\u00e3o da Primavera - Clube Conc\u00f3rdia, em 1958, ou em 1961, com o Sal\u00e3o Anual de Curitiba, em 1961. Foram in\u00fameras exposi\u00e7\u00f5es coletivas no Brasil, em Curitiba, Londrina, Apucarana, Rio de Janeiro, S\u00e3o Paulo, Bras\u00edlia, e internacionalmente nos Estados Unidos e na Su\u00ed\u00e7a. Sua primeira exposi\u00e7\u00e3o individual foi na Biblioteca P\u00fablica do Paran\u00e1, e 1964. Recebeu v\u00e1rios pr\u00eamios como em 1962, o Pr\u00eamio Aquisi\u00e7\u00e3o do SEC\/SENAC, no 19\u00ba Sal\u00e3o Paranaense, a medalha de bronze no Cinquenten\u00e1rio da Universidade Federal do Paran\u00e1, no ano seguinte a mesma premia\u00e7\u00e3o no 15\u00ba Sal\u00e3o de Primavera do Clube Conc\u00f3rdia. Em Londrina, recebeu a premia\u00e7\u00e3o Cidade de Londrina, no 1\u00ba Sal\u00e3o de Arte Religiosa, em 1965.<\/p>\n","protected":false},"excerpt":{"rendered":"<p>Artista: Sofia Dyminski T\u00edtulo: Habitantes da Serra da Graciosa Dimens\u00e3o: 60x70cm T\u00e9cnica: \u00d3leo sobre tela &nbsp; &nbsp; Sofia Winklewski Dyminski (1918-2013) nasceu em 1918, e nasceu na R\u00fassia, mas foi registrada pelos pais em Vars\u00f3via, na Pol\u00f4nia. Com 11 anos, em 1929, ela e a fam\u00edlia se mudaram para S\u00e3o Paulo, Brasil, e se naturalizaram [&hellip;]<\/p>\n","protected":false},"featured_media":1258,"template":"","meta":[],"product_brand":[],"product_cat":[117],"product_tag":[],"class_list":{"0":"post-1259","1":"product","2":"type-product","3":"status-publish","4":"has-post-thumbnail","6":"product_cat-galeria","7":"pa_artista-sofia-dyminski","8":"pa_estilo-figura-humana","9":"pa_estilo-figurativo-paisagem","10":"pa_tecnica-oleo-sobre-tela","12":"first","13":"instock","14":"shipping-taxable","15":"purchasable","16":"product-type-simple"},"yoast_head":"<!-- This site is optimized with the Yoast SEO plugin v27.4 - https:\/\/yoast.com\/product\/yoast-seo-wordpress\/ -->\n<title>Sofia Dyminski - Habitantes da Serra da Graciosa - Solar do Ros\u00e1rio Galeria \\\\\\\\Nova<\/title>\n<meta name=\"robots\" content=\"index, follow, max-snippet:-1, max-image-preview:large, max-video-preview:-1\" \/>\n<link rel=\"canonical\" href=\"https:\/\/solardorosario.com.br\/galeria\/produto\/sofia-dyminski-habitantes-da-serra-da-graciosa\/\" \/>\n<meta property=\"og:locale\" content=\"pt_BR\" \/>\n<meta property=\"og:type\" content=\"article\" \/>\n<meta property=\"og:title\" content=\"Sofia Dyminski - Habitantes da Serra da Graciosa - Solar do Ros\u00e1rio Galeria \\\\\\\\Nova\" \/>\n<meta property=\"og:description\" content=\"Artista: Sofia Dyminski T\u00edtulo: Habitantes da Serra da Graciosa Dimens\u00e3o: 60x70cm T\u00e9cnica: \u00d3leo sobre tela &nbsp; &nbsp; Sofia Winklewski Dyminski (1918-2013) nasceu em 1918, e nasceu na R\u00fassia, mas foi registrada pelos pais em Vars\u00f3via, na Pol\u00f4nia. Com 11 anos, em 1929, ela e a fam\u00edlia se mudaram para S\u00e3o Paulo, Brasil, e se naturalizaram [&hellip;]\" \/>\n<meta property=\"og:url\" content=\"https:\/\/solardorosario.com.br\/galeria\/produto\/sofia-dyminski-habitantes-da-serra-da-graciosa\/\" \/>\n<meta property=\"og:site_name\" content=\"Solar do Ros\u00e1rio Galeria \\\\\\\\Nova\" \/>\n<meta property=\"article:modified_time\" content=\"2026-04-20T14:54:48+00:00\" \/>\n<meta property=\"og:image\" content=\"https:\/\/solardorosario.com.br\/galeria\/wp-content\/uploads\/2021\/02\/00333-e1618252102663.jpeg\" \/>\n\t<meta property=\"og:image:width\" content=\"300\" \/>\n\t<meta property=\"og:image:height\" content=\"222\" \/>\n\t<meta property=\"og:image:type\" content=\"image\/jpeg\" \/>\n<meta name=\"twitter:card\" content=\"summary_large_image\" \/>\n<meta name=\"twitter:label1\" content=\"Est. tempo de leitura\" \/>\n\t<meta name=\"twitter:data1\" content=\"2 minutos\" \/>\n<script type=\"application\/ld+json\" class=\"yoast-schema-graph\">{\"@context\":\"https:\\\/\\\/schema.org\",\"@graph\":[{\"@type\":\"WebPage\",\"@id\":\"https:\\\/\\\/solardorosario.com.br\\\/galeria\\\/produto\\\/sofia-dyminski-habitantes-da-serra-da-graciosa\\\/\",\"url\":\"https:\\\/\\\/solardorosario.com.br\\\/galeria\\\/produto\\\/sofia-dyminski-habitantes-da-serra-da-graciosa\\\/\",\"name\":\"Sofia Dyminski - Habitantes da Serra da Graciosa - Solar do Ros\u00e1rio Galeria \\\\\\\\\\\\\\\\Nova\",\"isPartOf\":{\"@id\":\"https:\\\/\\\/solardorosario.com.br\\\/galeria\\\/#website\"},\"primaryImageOfPage\":{\"@id\":\"https:\\\/\\\/solardorosario.com.br\\\/galeria\\\/produto\\\/sofia-dyminski-habitantes-da-serra-da-graciosa\\\/#primaryimage\"},\"image\":{\"@id\":\"https:\\\/\\\/solardorosario.com.br\\\/galeria\\\/produto\\\/sofia-dyminski-habitantes-da-serra-da-graciosa\\\/#primaryimage\"},\"thumbnailUrl\":\"https:\\\/\\\/solardorosario.com.br\\\/galeria\\\/wp-content\\\/uploads\\\/2021\\\/02\\\/00333-e1618252102663.jpeg\",\"datePublished\":\"2021-02-19T18:32:35+00:00\",\"dateModified\":\"2026-04-20T14:54:48+00:00\",\"breadcrumb\":{\"@id\":\"https:\\\/\\\/solardorosario.com.br\\\/galeria\\\/produto\\\/sofia-dyminski-habitantes-da-serra-da-graciosa\\\/#breadcrumb\"},\"inLanguage\":\"pt-BR\",\"potentialAction\":[{\"@type\":\"ReadAction\",\"target\":[\"https:\\\/\\\/solardorosario.com.br\\\/galeria\\\/produto\\\/sofia-dyminski-habitantes-da-serra-da-graciosa\\\/\"]}]},{\"@type\":\"ImageObject\",\"inLanguage\":\"pt-BR\",\"@id\":\"https:\\\/\\\/solardorosario.com.br\\\/galeria\\\/produto\\\/sofia-dyminski-habitantes-da-serra-da-graciosa\\\/#primaryimage\",\"url\":\"https:\\\/\\\/solardorosario.com.br\\\/galeria\\\/wp-content\\\/uploads\\\/2021\\\/02\\\/00333-e1618252102663.jpeg\",\"contentUrl\":\"https:\\\/\\\/solardorosario.com.br\\\/galeria\\\/wp-content\\\/uploads\\\/2021\\\/02\\\/00333-e1618252102663.jpeg\",\"width\":300,\"height\":222},{\"@type\":\"BreadcrumbList\",\"@id\":\"https:\\\/\\\/solardorosario.com.br\\\/galeria\\\/produto\\\/sofia-dyminski-habitantes-da-serra-da-graciosa\\\/#breadcrumb\",\"itemListElement\":[{\"@type\":\"ListItem\",\"position\":1,\"name\":\"In\u00edcio\",\"item\":\"https:\\\/\\\/solardorosario.com.br\\\/galeria\\\/\"},{\"@type\":\"ListItem\",\"position\":2,\"name\":\"galeria\",\"item\":\"https:\\\/\\\/solardorosario.com.br\\\/galeria\\\/galeria\\\/\"},{\"@type\":\"ListItem\",\"position\":3,\"name\":\"Sofia Dyminski - Habitantes da Serra da Graciosa\"}]},{\"@type\":\"WebSite\",\"@id\":\"https:\\\/\\\/solardorosario.com.br\\\/galeria\\\/#website\",\"url\":\"https:\\\/\\\/solardorosario.com.br\\\/galeria\\\/\",\"name\":\"Solar do Ros\u00e1rio Galeria \\\\\\\\\\\\\\\\Nova\",\"description\":\"\",\"potentialAction\":[{\"@type\":\"SearchAction\",\"target\":{\"@type\":\"EntryPoint\",\"urlTemplate\":\"https:\\\/\\\/solardorosario.com.br\\\/galeria\\\/?s={search_term_string}\"},\"query-input\":{\"@type\":\"PropertyValueSpecification\",\"valueRequired\":true,\"valueName\":\"search_term_string\"}}],\"inLanguage\":\"pt-BR\"}]}<\/script>\n<!-- \/ Yoast SEO plugin. -->","yoast_head_json":{"title":"Sofia Dyminski - Habitantes da Serra da Graciosa - Solar do Ros\u00e1rio Galeria \\\\\\\\Nova","robots":{"index":"index","follow":"follow","max-snippet":"max-snippet:-1","max-image-preview":"max-image-preview:large","max-video-preview":"max-video-preview:-1"},"canonical":"https:\/\/solardorosario.com.br\/galeria\/produto\/sofia-dyminski-habitantes-da-serra-da-graciosa\/","og_locale":"pt_BR","og_type":"article","og_title":"Sofia Dyminski - Habitantes da Serra da Graciosa - Solar do Ros\u00e1rio Galeria \\\\\\\\Nova","og_description":"Artista: Sofia Dyminski T\u00edtulo: Habitantes da Serra da Graciosa Dimens\u00e3o: 60x70cm T\u00e9cnica: \u00d3leo sobre tela &nbsp; &nbsp; Sofia Winklewski Dyminski (1918-2013) nasceu em 1918, e nasceu na R\u00fassia, mas foi registrada pelos pais em Vars\u00f3via, na Pol\u00f4nia. Com 11 anos, em 1929, ela e a fam\u00edlia se mudaram para S\u00e3o Paulo, Brasil, e se naturalizaram [&hellip;]","og_url":"https:\/\/solardorosario.com.br\/galeria\/produto\/sofia-dyminski-habitantes-da-serra-da-graciosa\/","og_site_name":"Solar do Ros\u00e1rio Galeria \\\\\\\\Nova","article_modified_time":"2026-04-20T14:54:48+00:00","og_image":[{"width":300,"height":222,"url":"https:\/\/solardorosario.com.br\/galeria\/wp-content\/uploads\/2021\/02\/00333-e1618252102663.jpeg","type":"image\/jpeg"}],"twitter_card":"summary_large_image","twitter_misc":{"Est. tempo de leitura":"2 minutos"},"schema":{"@context":"https:\/\/schema.org","@graph":[{"@type":"WebPage","@id":"https:\/\/solardorosario.com.br\/galeria\/produto\/sofia-dyminski-habitantes-da-serra-da-graciosa\/","url":"https:\/\/solardorosario.com.br\/galeria\/produto\/sofia-dyminski-habitantes-da-serra-da-graciosa\/","name":"Sofia Dyminski - Habitantes da Serra da Graciosa - Solar do Ros\u00e1rio Galeria \\\\\\\\Nova","isPartOf":{"@id":"https:\/\/solardorosario.com.br\/galeria\/#website"},"primaryImageOfPage":{"@id":"https:\/\/solardorosario.com.br\/galeria\/produto\/sofia-dyminski-habitantes-da-serra-da-graciosa\/#primaryimage"},"image":{"@id":"https:\/\/solardorosario.com.br\/galeria\/produto\/sofia-dyminski-habitantes-da-serra-da-graciosa\/#primaryimage"},"thumbnailUrl":"https:\/\/solardorosario.com.br\/galeria\/wp-content\/uploads\/2021\/02\/00333-e1618252102663.jpeg","datePublished":"2021-02-19T18:32:35+00:00","dateModified":"2026-04-20T14:54:48+00:00","breadcrumb":{"@id":"https:\/\/solardorosario.com.br\/galeria\/produto\/sofia-dyminski-habitantes-da-serra-da-graciosa\/#breadcrumb"},"inLanguage":"pt-BR","potentialAction":[{"@type":"ReadAction","target":["https:\/\/solardorosario.com.br\/galeria\/produto\/sofia-dyminski-habitantes-da-serra-da-graciosa\/"]}]},{"@type":"ImageObject","inLanguage":"pt-BR","@id":"https:\/\/solardorosario.com.br\/galeria\/produto\/sofia-dyminski-habitantes-da-serra-da-graciosa\/#primaryimage","url":"https:\/\/solardorosario.com.br\/galeria\/wp-content\/uploads\/2021\/02\/00333-e1618252102663.jpeg","contentUrl":"https:\/\/solardorosario.com.br\/galeria\/wp-content\/uploads\/2021\/02\/00333-e1618252102663.jpeg","width":300,"height":222},{"@type":"BreadcrumbList","@id":"https:\/\/solardorosario.com.br\/galeria\/produto\/sofia-dyminski-habitantes-da-serra-da-graciosa\/#breadcrumb","itemListElement":[{"@type":"ListItem","position":1,"name":"In\u00edcio","item":"https:\/\/solardorosario.com.br\/galeria\/"},{"@type":"ListItem","position":2,"name":"galeria","item":"https:\/\/solardorosario.com.br\/galeria\/galeria\/"},{"@type":"ListItem","position":3,"name":"Sofia Dyminski - Habitantes da Serra da Graciosa"}]},{"@type":"WebSite","@id":"https:\/\/solardorosario.com.br\/galeria\/#website","url":"https:\/\/solardorosario.com.br\/galeria\/","name":"Solar do Ros\u00e1rio Galeria \\\\\\\\Nova","description":"","potentialAction":[{"@type":"SearchAction","target":{"@type":"EntryPoint","urlTemplate":"https:\/\/solardorosario.com.br\/galeria\/?s={search_term_string}"},"query-input":{"@type":"PropertyValueSpecification","valueRequired":true,"valueName":"search_term_string"}}],"inLanguage":"pt-BR"}]}},"_links":{"self":[{"href":"https:\/\/solardorosario.com.br\/galeria\/wp-json\/wp\/v2\/product\/1259","targetHints":{"allow":["GET"]}}],"collection":[{"href":"https:\/\/solardorosario.com.br\/galeria\/wp-json\/wp\/v2\/product"}],"about":[{"href":"https:\/\/solardorosario.com.br\/galeria\/wp-json\/wp\/v2\/types\/product"}],"wp:featuredmedia":[{"embeddable":true,"href":"https:\/\/solardorosario.com.br\/galeria\/wp-json\/wp\/v2\/media\/1258"}],"wp:attachment":[{"href":"https:\/\/solardorosario.com.br\/galeria\/wp-json\/wp\/v2\/media?parent=1259"}],"wp:term":[{"taxonomy":"product_brand","embeddable":true,"href":"https:\/\/solardorosario.com.br\/galeria\/wp-json\/wp\/v2\/product_brand?post=1259"},{"taxonomy":"product_cat","embeddable":true,"href":"https:\/\/solardorosario.com.br\/galeria\/wp-json\/wp\/v2\/product_cat?post=1259"},{"taxonomy":"product_tag","embeddable":true,"href":"https:\/\/solardorosario.com.br\/galeria\/wp-json\/wp\/v2\/product_tag?post=1259"}],"curies":[{"name":"wp","href":"https:\/\/api.w.org\/{rel}","templated":true}]}}